216.73.217.80 - - [25/Apr/2026:13:11:21 -0400] "GET /?w=4675450031140 HTTP/1.1" 500 1053 "-" "Mozilla/5.0 AppleWebKit/537.36 (KHTML, like Gecko; compatible; ClaudeBot/1.0; +claudebot@anthropic.com)"
216.73.217.80 - - [25/Apr/2026:13:11:26 -0400] "GET /?w=27963740051140 HTTP/1.1" 500 1053 "-" "Mozilla/5.0 AppleWebKit/537.36 (KHTML, like Gecko; compatible; ClaudeBot/1.0; +claudebot@anthropic.com)"
216.73.217.80 - - [25/Apr/2026:13:11:31 -0400] "GET /?w=22849029031140 HTTP/1.1" 500 1053 "-" "Mozilla/5.0 AppleWebKit/537.36 (KHTML, like Gecko; compatible; ClaudeBot/1.0; +claudebot@anthropic.com)"
114.119.136.148 - - [25/Apr/2026:13:11:36 -0400] "GET /wp-includes/block-supports/spacing.php HTTP/1.1" 403 1242 "https://ostwalcollegeofpharmacy.com/wp-includes/block-supports/" "Mozilla/5.0 (Linux; Android 7.0;) AppleWebKit/537.36 (HTML, like Gecko) Mobile Safari/537.36 (compatible; PetalBot;+https://webmaster.petalsearch.com/site/petalbot)"
216.73.217.80 - - [25/Apr/2026:13:11:39 -0400] "GET /?w=25016870021140 HTTP/1.1" 500 1053 "-" "Mozilla/5.0 AppleWebKit/537.36 (KHTML, like Gecko; compatible; ClaudeBot/1.0; +claudebot@anthropic.com)"
216.73.217.80 - - [25/Apr/2026:13:11:42 -0400] "GET /?w=5227763081140 HTTP/1.1" 500 1053 "-" "Mozilla/5.0 AppleWebKit/537.36 (KHTML, like Gecko; compatible; ClaudeBot/1.0; +claudebot@anthropic.com)"
216.73.217.80 - - [25/Apr/2026:13:11:47 -0400] "GET /?w=27345740051140 HTTP/1.1" 500 1053 "-" "Mozilla/5.0 AppleWebKit/537.36 (KHTML, like Gecko; compatible; ClaudeBot/1.0; +claudebot@anthropic.com)"
216.73.217.80 - - [25/Apr/2026:13:11:52 -0400] "GET /?w=30869300041140 HTTP/1.1" 500 1053 "-" "Mozilla/5.0 AppleWebKit/537.36 (KHTML, like Gecko; compatible; ClaudeBot/1.0; +claudebot@anthropic.com)"
216.73.217.80 - - [25/Apr/2026:13:11:57 -0400] "GET /?w=30829100021140 HTTP/1.1" 500 1053 "-" "Mozilla/5.0 AppleWebKit/537.36 (KHTML, like Gecko; compatible; ClaudeBot/1.0; +claudebot@anthropic.com)"
216.73.217.80 - - [25/Apr/2026:13:12:02 -0400] "GET /?w=6804595031140 HTTP/1.1" 500 1053 "-" "Mozilla/5.0 AppleWebKit/537.36 (KHTML, like Gecko; compatible; ClaudeBot/1.0; +claudebot@anthropic.com)"
216.73.217.80 - - [25/Apr/2026:13:12:07 -0400] "GET /?w=25869830031140 HTTP/1.1" 500 1053 "-" "Mozilla/5.0 AppleWebKit/537.36 (KHTML, like Gecko; compatible; ClaudeBot/1.0; +claudebot@anthropic.com)"
162.0.209.141 - - [25/Apr/2026:13:12:13 -0400] "POST /wp-cron.php?doing_wp_cron=1777137133.3006079196929931640625 HTTP/1.1" 403 1242 "-" "WordPress/6.4.2; https://ostwalcollegeofpharmacy.com"
216.73.217.80 - - [25/Apr/2026:13:12:13 -0400] "GET /?w=30098510001140 HTTP/1.1" 500 1053 "-" "Mozilla/5.0 AppleWebKit/537.36 (KHTML, like Gecko; compatible; ClaudeBot/1.0; +claudebot@anthropic.com)"
216.73.217.80 - - [25/Apr/2026:13:12:17 -0400] "GET /?w=4164294111140 HTTP/1.1" 500 1053 "-" "Mozilla/5.0 AppleWebKit/537.36 (KHTML, like Gecko; compatible; ClaudeBot/1.0; +claudebot@anthropic.com)"
216.73.217.80 - - [25/Apr/2026:13:12:22 -0400] "GET /?w=26045540061140 HTTP/1.1" 500 1053 "-" "Mozilla/5.0 AppleWebKit/537.36 (KHTML, like Gecko; compatible; ClaudeBot/1.0; +claudebot@anthropic.com)"
216.73.217.80 - - [25/Apr/2026:13:12:27 -0400] "GET /?w=12965622001140 HTTP/1.1" 500 1053 "-" "Mozilla/5.0 AppleWebKit/537.36 (KHTML, like Gecko; compatible; ClaudeBot/1.0; +claudebot@anthropic.com)"
216.73.217.80 - - [25/Apr/2026:13:12:34 -0400] "GET /?w=6380001140 HTTP/1.1" 500 1053 "-" "Mozilla/5.0 AppleWebKit/537.36 (KHTML, like Gecko; compatible; ClaudeBot/1.0; +claudebot@anthropic.com)"
216.73.217.80 - - [25/Apr/2026:13:12:38 -0400] "GET /?w=2237330041140 HTTP/1.1" 500 1053 "-" "Mozilla/5.0 AppleWebKit/537.36 (KHTML, like Gecko; compatible; ClaudeBot/1.0; +claudebot@anthropic.com)"
216.73.217.80 - - [25/Apr/2026:13:12:43 -0400] "GET /?w=28704620071140 HTTP/1.1" 500 1053 "-" "Mozilla/5.0 AppleWebKit/537.36 (KHTML, like Gecko; compatible; ClaudeBot/1.0; +claudebot@anthropic.com)"
216.73.217.80 - - [25/Apr/2026:13:12:48 -0400] "GET /?w=26022020031140 HTTP/1.1" 500 1053 "-" "Mozilla/5.0 AppleWebKit/537.36 (KHTML, like Gecko; compatible; ClaudeBot/1.0; +claudebot@anthropic.com)"
216.73.217.80 - - [25/Apr/2026:13:12:53 -0400] "GET /?w=21886899061140 HTTP/1.1" 500 1053 "-" "Mozilla/5.0 AppleWebKit/537.36 (KHTML, like Gecko; compatible; ClaudeBot/1.0; +claudebot@anthropic.com)"
216.73.217.80 - - [25/Apr/2026:13:12:58 -0400] "GET /?w=28820930121140 HTTP/1.1" 500 1053 "-" "Mozilla/5.0 AppleWebKit/537.36 (KHTML, like Gecko; compatible; ClaudeBot/1.0; +claudebot@anthropic.com)"
216.73.217.80 - - [25/Apr/2026:13:13:03 -0400] "GET /?w=1593677061140 HTTP/1.1" 500 1053 "-" "Mozilla/5.0 AppleWebKit/537.36 (KHTML, like Gecko; compatible; ClaudeBot/1.0; +claudebot@anthropic.com)"
216.73.217.80 - - [25/Apr/2026:13:13:08 -0400] "GET /?w=1454658021140 HTTP/1.1" 500 1053 "-" "Mozilla/5.0 AppleWebKit/537.36 (KHTML, like Gecko; compatible; ClaudeBot/1.0; +claudebot@anthropic.com)"
162.0.209.141 - - [25/Apr/2026:13:13:13 -0400] "POST /wp-cron.php?doing_wp_cron=1777137193.8100841045379638671875 HTTP/1.1" 403 1242 "-" "WordPress/6.4.2; https://ostwalcollegeofpharmacy.com"
216.73.217.80 - - [25/Apr/2026:13:13:13 -0400] "GET /?w=27993170061140 HTTP/1.1" 500 1053 "-" "Mozilla/5.0 AppleWebKit/537.36 (KHTML, like Gecko; compatible; ClaudeBot/1.0; +claudebot@anthropic.com)"
216.73.217.80 - - [25/Apr/2026:13:13:18 -0400] "GET /?w=9494377021140 HTTP/1.1" 500 1053 "-" "Mozilla/5.0 AppleWebKit/537.36 (KHTML, like Gecko; compatible; ClaudeBot/1.0; +claudebot@anthropic.com)"
216.73.217.80 - - [25/Apr/2026:13:13:23 -0400] "GET /?w=2149145081140 HTTP/1.1" 500 1053 "-" "Mozilla/5.0 AppleWebKit/537.36 (KHTML, like Gecko; compatible; ClaudeBot/1.0; +claudebot@anthropic.com)"
216.73.217.80 - - [25/Apr/2026:13:13:29 -0400] "GET /?w=7811149011140 HTTP/1.1" 500 1053 "-" "Mozilla/5.0 AppleWebKit/537.36 (KHTML, like Gecko; compatible; ClaudeBot/1.0; +claudebot@anthropic.com)"
216.73.217.80 - - [25/Apr/2026:13:13:33 -0400] "GET /?w=30567410141140 HTTP/1.1" 500 1053 "-" "Mozilla/5.0 AppleWebKit/537.36 (KHTML, like Gecko; compatible; ClaudeBot/1.0; +claudebot@anthropic.com)"
216.73.217.80 - - [25/Apr/2026:13:13:38 -0400] "GET /?w=29904410001140 HTTP/1.1" 500 1053 "-" "Mozilla/5.0 AppleWebKit/537.36 (KHTML, like Gecko; compatible; ClaudeBot/1.0; +claudebot@anthropic.com)"
216.73.217.80 - - [25/Apr/2026:13:13:43 -0400] "GET /?w=19459719001140 HTTP/1.1" 500 1053 "-" "Mozilla/5.0 AppleWebKit/537.36 (KHTML, like Gecko; compatible; ClaudeBot/1.0; +claudebot@anthropic.com)"
216.73.217.80 - - [25/Apr/2026:13:13:49 -0400] "GET /?w=5653459041140 HTTP/1.1" 500 1053 "-" "Mozilla/5.0 AppleWebKit/537.36 (KHTML, like Gecko; compatible; ClaudeBot/1.0; +claudebot@anthropic.com)"
148.113.130.160 - - [25/Apr/2026:13:13:50 -0400] "GET /wp-content/uploads/2021/06/?SD HTTP/1.1" 200 563 "-" "Mozilla/5.0 (compatible; AhrefsBot/7.0; +http://ahrefs.com/robot/)"
216.73.217.80 - - [25/Apr/2026:13:13:54 -0400] "GET /?w=24559460051140 HTTP/1.1" 500 1053 "-" "Mozilla/5.0 AppleWebKit/537.36 (KHTML, like Gecko; compatible; ClaudeBot/1.0; +claudebot@anthropic.com)"
216.73.217.80 - - [25/Apr/2026:13:13:59 -0400] "GET /?w=8640327051140 HTTP/1.1" 500 1053 "-" "Mozilla/5.0 AppleWebKit/537.36 (KHTML, like Gecko; compatible; ClaudeBot/1.0; +claudebot@anthropic.com)"
216.73.217.80 - - [25/Apr/2026:13:14:04 -0400] "GET /?w=1609946031140 HTTP/1.1" 500 1053 "-" "Mozilla/5.0 AppleWebKit/537.36 (KHTML, like Gecko; compatible; ClaudeBot/1.0; +claudebot@anthropic.com)"
216.73.217.80 - - [25/Apr/2026:13:14:09 -0400] "GET /?w=24938210121140 HTTP/1.1" 500 1053 "-" "Mozilla/5.0 AppleWebKit/537.36 (KHTML, like Gecko; compatible; ClaudeBot/1.0; +claudebot@anthropic.com)"
162.0.209.141 - - [25/Apr/2026:13:14:14 -0400] "POST /wp-cron.php?doing_wp_cron=1777137254.5429170131683349609375 HTTP/1.1" 403 1242 "-" "WordPress/6.4.2; https://ostwalcollegeofpharmacy.com"
216.73.217.80 - - [25/Apr/2026:13:14:14 -0400] "GET /?w=20048439071140 HTTP/1.1" 500 1053 "-" "Mozilla/5.0 AppleWebKit/537.36 (KHTML, like Gecko; compatible; ClaudeBot/1.0; +claudebot@anthropic.com)"
216.73.217.80 - - [25/Apr/2026:13:14:19 -0400] "GET /?w=14818867031140 HTTP/1.1" 500 1053 "-" "Mozilla/5.0 AppleWebKit/537.36 (KHTML, like Gecko; compatible; ClaudeBot/1.0; +claudebot@anthropic.com)"
216.73.217.80 - - [25/Apr/2026:13:14:24 -0400] "GET /?w=20167359011140 HTTP/1.1" 500 1053 "-" "Mozilla/5.0 AppleWebKit/537.36 (KHTML, like Gecko; compatible; ClaudeBot/1.0; +claudebot@anthropic.com)"
216.73.217.80 - - [25/Apr/2026:13:14:29 -0400] "GET /?w=9232806011140 HTTP/1.1" 500 1053 "-" "Mozilla/5.0 AppleWebKit/537.36 (KHTML, like Gecko; compatible; ClaudeBot/1.0; +claudebot@anthropic.com)"
216.73.217.80 - - [25/Apr/2026:13:14:34 -0400] "GET /?w=2158955071140 HTTP/1.1" 500 1053 "-" "Mozilla/5.0 AppleWebKit/537.36 (KHTML, like Gecko; compatible; ClaudeBot/1.0; +claudebot@anthropic.com)"
216.73.217.80 - - [25/Apr/2026:13:14:39 -0400] "GET /?w=1840956051140 HTTP/1.1" 500 1053 "-" "Mozilla/5.0 AppleWebKit/537.36 (KHTML, like Gecko; compatible; ClaudeBot/1.0; +claudebot@anthropic.com)"
216.73.217.80 - - [25/Apr/2026:13:14:44 -0400] "GET /?w=7322148131140 HTTP/1.1" 500 1053 "-" "Mozilla/5.0 AppleWebKit/537.36 (KHTML, like Gecko; compatible; ClaudeBot/1.0; +claudebot@anthropic.com)"
216.73.217.80 - - [25/Apr/2026:13:14:49 -0400] "GET /?w=23904399021140 HTTP/1.1" 500 1053 "-" "Mozilla/5.0 AppleWebKit/537.36 (KHTML, like Gecko; compatible; ClaudeBot/1.0; +claudebot@anthropic.com)"
216.73.217.80 - - [25/Apr/2026:13:14:54 -0400] "GET /?w=1840805041140 HTTP/1.1" 500 1053 "-" "Mozilla/5.0 AppleWebKit/537.36 (KHTML, like Gecko; compatible; ClaudeBot/1.0; +claudebot@anthropic.com)"
216.73.217.80 - - [25/Apr/2026:13:14:59 -0400] "GET /?w=27617450031140 HTTP/1.1" 500 1053 "-" "Mozilla/5.0 AppleWebKit/537.36 (KHTML, like Gecko; compatible; ClaudeBot/1.0; +claudebot@anthropic.com)"
216.73.217.80 - - [25/Apr/2026:13:15:08 -0400] "GET /?w=3750448071140 HTTP/1.1" 500 1053 "-" "Mozilla/5.0 AppleWebKit/537.36 (KHTML, like Gecko; compatible; ClaudeBot/1.0; +claudebot@anthropic.com)"
216.73.217.80 - - [25/Apr/2026:13:15:09 -0400] "GET /?w=28376900091140 HTTP/1.1" 500 1053 "-" "Mozilla/5.0 AppleWebKit/537.36 (KHTML, like Gecko; compatible; ClaudeBot/1.0; +claudebot@anthropic.com)"
162.0.209.141 - - [25/Apr/2026:13:15:14 -0400] "POST /wp-cron.php?doing_wp_cron=1777137314.9301590919494628906250 HTTP/1.1" 403 1242 "-" "WordPress/6.4.2; https://ostwalcollegeofpharmacy.com"
216.73.217.80 - - [25/Apr/2026:13:15:14 -0400] "GET /?w=30725000021140 HTTP/1.1" 500 1053 "-" "Mozilla/5.0 AppleWebKit/537.36 (KHTML, like Gecko; compatible; ClaudeBot/1.0; +claudebot@anthropic.com)"
216.73.217.80 - - [25/Apr/2026:13:15:19 -0400] "GET /?w=5744523071140 HTTP/1.1" 500 1053 "-" "Mozilla/5.0 AppleWebKit/537.36 (KHTML, like Gecko; compatible; ClaudeBot/1.0; +claudebot@anthropic.com)"
216.73.217.80 - - [25/Apr/2026:13:15:24 -0400] "GET /?w=9170856031140 HTTP/1.1" 500 1053 "-" "Mozilla/5.0 AppleWebKit/537.36 (KHTML, like Gecko; compatible; ClaudeBot/1.0; +claudebot@anthropic.com)"
216.73.217.80 - - [25/Apr/2026:13:15:29 -0400] "GET /?w=22898049061140 HTTP/1.1" 500 1053 "-" "Mozilla/5.0 AppleWebKit/537.36 (KHTML, like Gecko; compatible; ClaudeBot/1.0; +claudebot@anthropic.com)"
216.73.217.80 - - [25/Apr/2026:13:15:35 -0400] "GET /?w=13575115021140 HTTP/1.1" 500 1053 "-" "Mozilla/5.0 AppleWebKit/537.36 (KHTML, like Gecko; compatible; ClaudeBot/1.0; +claudebot@anthropic.com)"
216.73.217.80 - - [25/Apr/2026:13:15:39 -0400] "GET /?w=9015978031140 HTTP/1.1" 500 1053 "-" "Mozilla/5.0 AppleWebKit/537.36 (KHTML, like Gecko; compatible; ClaudeBot/1.0; +claudebot@anthropic.com)"
114.119.149.137 - - [25/Apr/2026:13:15:42 -0400] "GET /wp-includes/block-supports/layout.php HTTP/1.1" 403 1242 "https://ostwalcollegeofpharmacy.com/wp-includes/block-supports/" "Mozilla/5.0 (Linux; Android 7.0;) AppleWebKit/537.36 (HTML, like Gecko) Mobile Safari/537.36 (compatible; PetalBot;+https://webmaster.petalsearch.com/site/petalbot)"
216.73.217.80 - - [25/Apr/2026:13:15:44 -0400] "GET /?w=32391487001140 HTTP/1.1" 500 1053 "-" "Mozilla/5.0 AppleWebKit/537.36 (KHTML, like Gecko; compatible; ClaudeBot/1.0; +claudebot@anthropic.com)"
216.73.217.80 - - [25/Apr/2026:13:15:49 -0400] "GET /?w=4007697001140 HTTP/1.1" 500 1053 "-" "Mozilla/5.0 AppleWebKit/537.36 (KHTML, like Gecko; compatible; ClaudeBot/1.0; +claudebot@anthropic.com)"
216.73.217.80 - - [25/Apr/2026:13:15:54 -0400] "GET /?w=32390317041140 HTTP/1.1" 500 1053 "-" "Mozilla/5.0 AppleWebKit/537.36 (KHTML, like Gecko; compatible; ClaudeBot/1.0; +claudebot@anthropic.com)"
216.73.217.80 - - [25/Apr/2026:13:15:59 -0400] "GET /?w=24179510001140 HTTP/1.1" 500 1053 "-" "Mozilla/5.0 AppleWebKit/537.36 (KHTML, like Gecko; compatible; ClaudeBot/1.0; +claudebot@anthropic.com)"
216.73.217.80 - - [25/Apr/2026:13:16:04 -0400] "GET /?w=27987710031140 HTTP/1.1" 500 1053 "-" "Mozilla/5.0 AppleWebKit/537.36 (KHTML, like Gecko; compatible; ClaudeBot/1.0; +claudebot@anthropic.com)"
216.73.217.80 - - [25/Apr/2026:13:16:09 -0400] "GET /?w=28169420111140 HTTP/1.1" 500 1053 "-" "Mozilla/5.0 AppleWebKit/537.36 (KHTML, like Gecko; compatible; ClaudeBot/1.0; +claudebot@anthropic.com)"
162.0.209.141 - - [25/Apr/2026:13:16:15 -0400] "POST /wp-cron.php?doing_wp_cron=1777137375.2167470455169677734375 HTTP/1.1" 403 1242 "-" "WordPress/6.4.2; https://ostwalcollegeofpharmacy.com"
216.73.217.80 - - [25/Apr/2026:13:16:14 -0400] "GET /?w=14940078031140 HTTP/1.1" 500 1053 "-" "Mozilla/5.0 AppleWebKit/537.36 (KHTML, like Gecko; compatible; ClaudeBot/1.0; +claudebot@anthropic.com)"
216.73.217.80 - - [25/Apr/2026:13:16:19 -0400] "GET /?w=2214332051140 HTTP/1.1" 500 1053 "-" "Mozilla/5.0 AppleWebKit/537.36 (KHTML, like Gecko; compatible; ClaudeBot/1.0; +claudebot@anthropic.com)"
216.73.217.80 - - [25/Apr/2026:13:16:24 -0400] "GET /?w=22048719021140 HTTP/1.1" 500 1053 "-" "Mozilla/5.0 AppleWebKit/537.36 (KHTML, like Gecko; compatible; ClaudeBot/1.0; +claudebot@anthropic.com)"
216.73.217.80 - - [25/Apr/2026:13:16:29 -0400] "GET /?w=14880401011140 HTTP/1.1" 500 1053 "-" "Mozilla/5.0 AppleWebKit/537.36 (KHTML, like Gecko; compatible; ClaudeBot/1.0; +claudebot@anthropic.com)"
216.73.217.80 - - [25/Apr/2026:13:16:34 -0400] "GET /?w=882892021140 HTTP/1.1" 500 1053 "-" "Mozilla/5.0 AppleWebKit/537.36 (KHTML, like Gecko; compatible; ClaudeBot/1.0; +claudebot@anthropic.com)"
216.73.217.80 - - [25/Apr/2026:13:16:39 -0400] "GET /?w=4833474051140 HTTP/1.1" 500 1053 "-" "Mozilla/5.0 AppleWebKit/537.36 (KHTML, like Gecko; compatible; ClaudeBot/1.0; +claudebot@anthropic.com)"
216.73.217.80 - - [25/Apr/2026:13:16:44 -0400] "GET /?w=17808129081140 HTTP/1.1" 500 1053 "-" "Mozilla/5.0 AppleWebKit/537.36 (KHTML, like Gecko; compatible; ClaudeBot/1.0; +claudebot@anthropic.com)"
216.73.217.80 - - [25/Apr/2026:13:16:49 -0400] "GET /?w=5493336001140 HTTP/1.1" 500 1053 "-" "Mozilla/5.0 AppleWebKit/537.36 (KHTML, like Gecko; compatible; ClaudeBot/1.0; +claudebot@anthropic.com)"
216.73.217.80 - - [25/Apr/2026:13:16:54 -0400] "GET /?w=31549158021140 HTTP/1.1" 500 1053 "-" "Mozilla/5.0 AppleWebKit/537.36 (KHTML, like Gecko; compatible; ClaudeBot/1.0; +claudebot@anthropic.com)"
216.73.217.80 - - [25/Apr/2026:13:16:59 -0400] "GET /?w=25673180061140 HTTP/1.1" 500 1053 "-" "Mozilla/5.0 AppleWebKit/537.36 (KHTML, like Gecko; compatible; ClaudeBot/1.0; +claudebot@anthropic.com)"
216.73.217.80 - - [25/Apr/2026:13:17:04 -0400] "GET /?w=22360659041140 HTTP/1.1" 500 1053 "-" "Mozilla/5.0 AppleWebKit/537.36 (KHTML, like Gecko; compatible; ClaudeBot/1.0; +claudebot@anthropic.com)"
216.73.217.80 - - [25/Apr/2026:13:17:12 -0400] "GET /?w=25417310041140 HTTP/1.1" 500 1053 "-" "Mozilla/5.0 AppleWebKit/537.36 (KHTML, like Gecko; compatible; ClaudeBot/1.0; +claudebot@anthropic.com)"
162.0.209.141 - - [25/Apr/2026:13:17:15 -0400] "POST /wp-cron.php?doing_wp_cron=1777137435.6929850578308105468750 HTTP/1.1" 403 1242 "-" "WordPress/6.4.2; https://ostwalcollegeofpharmacy.com"
216.73.217.80 - - [25/Apr/2026:13:17:15 -0400] "GET /?w=28382870031140 HTTP/1.1" 500 1053 "-" "Mozilla/5.0 AppleWebKit/537.36 (KHTML, like Gecko; compatible; ClaudeBot/1.0; +claudebot@anthropic.com)"
216.73.217.80 - - [25/Apr/2026:13:17:20 -0400] "GET /?w=3607581071140 HTTP/1.1" 500 1053 "-" "Mozilla/5.0 AppleWebKit/537.36 (KHTML, like Gecko; compatible; ClaudeBot/1.0; +claudebot@anthropic.com)"
216.73.217.80 - - [25/Apr/2026:13:17:25 -0400] "GET /?w=2108397071140 HTTP/1.1" 500 1053 "-" "Mozilla/5.0 AppleWebKit/537.36 (KHTML, like Gecko; compatible; ClaudeBot/1.0; +claudebot@anthropic.com)"
216.73.217.80 - - [25/Apr/2026:13:17:30 -0400] "GET /?w=4909547001140 HTTP/1.1" 500 1053 "-" "Mozilla/5.0 AppleWebKit/537.36 (KHTML, like Gecko; compatible; ClaudeBot/1.0; +claudebot@anthropic.com)"
216.73.217.80 - - [25/Apr/2026:13:17:35 -0400] "GET /?w=5845660021140 HTTP/1.1" 500 1053 "-" "Mozilla/5.0 AppleWebKit/537.36 (KHTML, like Gecko; compatible; ClaudeBot/1.0; +claudebot@anthropic.com)"
216.73.217.80 - - [25/Apr/2026:13:17:40 -0400] "GET /?w=9568583061140 HTTP/1.1" 500 1053 "-" "Mozilla/5.0 AppleWebKit/537.36 (KHTML, like Gecko; compatible; ClaudeBot/1.0; +claudebot@anthropic.com)"
216.73.217.80 - - [25/Apr/2026:13:17:45 -0400] "GET /?w=22887429001140 HTTP/1.1" 500 1053 "-" "Mozilla/5.0 AppleWebKit/537.36 (KHTML, like Gecko; compatible; ClaudeBot/1.0; +claudebot@anthropic.com)"
216.73.217.80 - - [25/Apr/2026:13:17:50 -0400] "GET /?w=9994356041140 HTTP/1.1" 500 1053 "-" "Mozilla/5.0 AppleWebKit/537.36 (KHTML, like Gecko; compatible; ClaudeBot/1.0; +claudebot@anthropic.com)"
216.73.217.80 - - [25/Apr/2026:13:17:55 -0400] "GET /?w=26860760141140 HTTP/1.1" 500 1053 "-" "Mozilla/5.0 AppleWebKit/537.36 (KHTML, like Gecko; compatible; ClaudeBot/1.0; +claudebot@anthropic.com)"
216.73.217.80 - - [25/Apr/2026:13:18:00 -0400] "GET /?w=23217279021140 HTTP/1.1" 500 1053 "-" "Mozilla/5.0 AppleWebKit/537.36 (KHTML, like Gecko; compatible; ClaudeBot/1.0; +claudebot@anthropic.com)"
216.73.217.80 - - [25/Apr/2026:13:18:05 -0400] "GET /?w=1768107021140 HTTP/1.1" 500 1053 "-" "Mozilla/5.0 AppleWebKit/537.36 (KHTML, like Gecko; compatible; ClaudeBot/1.0; +claudebot@anthropic.com)"
216.73.217.80 - - [25/Apr/2026:13:18:10 -0400] "GET /?w=32432407071140 HTTP/1.1" 500 1053 "-" "Mozilla/5.0 AppleWebKit/537.36 (KHTML, like Gecko; compatible; ClaudeBot/1.0; +claudebot@anthropic.com)"
216.73.217.80 - - [25/Apr/2026:13:18:15 -0400] "GET /?w=945534001140 HTTP/1.1" 500 1053 "-" "Mozilla/5.0 AppleWebKit/537.36 (KHTML, like Gecko; compatible; ClaudeBot/1.0; +claudebot@anthropic.com)"
162.0.209.141 - - [25/Apr/2026:13:18:20 -0400] "POST /wp-cron.php?doing_wp_cron=1777137500.4526569843292236328125 HTTP/1.1" 403 1242 "-" "WordPress/6.4.2; https://ostwalcollegeofpharmacy.com"
216.73.217.80 - - [25/Apr/2026:13:18:20 -0400] "GET /?w=942142011140 HTTP/1.1" 500 1053 "-" "Mozilla/5.0 AppleWebKit/537.36 (KHTML, like Gecko; compatible; ClaudeBot/1.0; +claudebot@anthropic.com)"
216.73.217.80 - - [25/Apr/2026:13:18:25 -0400] "GET /?w=16743669021140 HTTP/1.1" 500 1053 "-" "Mozilla/5.0 AppleWebKit/537.36 (KHTML, like Gecko; compatible; ClaudeBot/1.0; +claudebot@anthropic.com)"
216.73.217.80 - - [25/Apr/2026:13:18:30 -0400] "GET /?w=17341209101140 HTTP/1.1" 500 1053 "-" "Mozilla/5.0 AppleWebKit/537.36 (KHTML, like Gecko; compatible; ClaudeBot/1.0; +claudebot@anthropic.com)"
216.73.217.80 - - [25/Apr/2026:13:18:35 -0400] "GET /?w=3909915031140 HTTP/1.1" 500 1053 "-" "Mozilla/5.0 AppleWebKit/537.36 (KHTML, like Gecko; compatible; ClaudeBot/1.0; +claudebot@anthropic.com)"
216.73.217.80 - - [25/Apr/2026:13:18:40 -0400] "GET /?w=2622021081140 HTTP/1.1" 500 1053 "-" "Mozilla/5.0 AppleWebKit/537.36 (KHTML, like Gecko; compatible; ClaudeBot/1.0; +claudebot@anthropic.com)"
216.73.217.80 - - [25/Apr/2026:13:18:45 -0400] "GET /?w=23853969031140 HTTP/1.1" 500 1053 "-" "Mozilla/5.0 AppleWebKit/537.36 (KHTML, like Gecko; compatible; ClaudeBot/1.0; +claudebot@anthropic.com)"
216.73.217.80 - - [25/Apr/2026:13:18:50 -0400] "GET /?w=8448072021140 HTTP/1.1" 500 1053 "-" "Mozilla/5.0 AppleWebKit/537.36 (KHTML, like Gecko; compatible; ClaudeBot/1.0; +claudebot@anthropic.com)"
51.222.168.159 - - [25/Apr/2026:13:18:51 -0400] "GET /wp-content/uploads/2021/06/?MD HTTP/1.1" 200 563 "-" "Mozilla/5.0 (compatible; AhrefsBot/7.0; +http://ahrefs.com/robot/)"
216.73.217.80 - - [25/Apr/2026:13:18:55 -0400] "GET /?w=23287749021140 HTTP/1.1" 500 1053 "-" "Mozilla/5.0 AppleWebKit/537.36 (KHTML, like Gecko; compatible; ClaudeBot/1.0; +claudebot@anthropic.com)"
216.73.217.80 - - [25/Apr/2026:13:19:00 -0400] "GET /?w=2011049051140 HTTP/1.1" 500 1053 "-" "Mozilla/5.0 AppleWebKit/537.36 (KHTML, like Gecko; compatible; ClaudeBot/1.0; +claudebot@anthropic.com)"
216.73.217.80 - - [25/Apr/2026:13:19:07 -0400] "GET /?w=11226985001140 HTTP/1.1" 500 1053 "-" "Mozilla/5.0 AppleWebKit/537.36 (KHTML, like Gecko; compatible; ClaudeBot/1.0; +claudebot@anthropic.com)"
216.73.217.80 - - [25/Apr/2026:13:19:10 -0400] "GET /?w=10921531081140 HTTP/1.1" 500 1053 "-" "Mozilla/5.0 AppleWebKit/537.36 (KHTML, like Gecko; compatible; ClaudeBot/1.0; +claudebot@anthropic.com)"
216.73.217.80 - - [25/Apr/2026:13:19:15 -0400] "GET /?w=10636192031140 HTTP/1.1" 500 1053 "-" "Mozilla/5.0 AppleWebKit/537.36 (KHTML, like Gecko; compatible; ClaudeBot/1.0; +claudebot@anthropic.com)"
162.0.209.141 - - [25/Apr/2026:13:19:20 -0400] "POST /wp-cron.php?doing_wp_cron=1777137560.9445030689239501953125 HTTP/1.1" 403 1242 "-" "WordPress/6.4.2; https://ostwalcollegeofpharmacy.com"
216.73.217.80 - - [25/Apr/2026:13:19:20 -0400] "GET /?w=20346999021140 HTTP/1.1" 500 1053 "-" "Mozilla/5.0 AppleWebKit/537.36 (KHTML, like Gecko; compatible; ClaudeBot/1.0; +claudebot@anthropic.com)"
216.73.217.80 - - [25/Apr/2026:13:19:25 -0400] "GET /?w=20193039031140 HTTP/1.1" 500 1053 "-" "Mozilla/5.0 AppleWebKit/537.36 (KHTML, like Gecko; compatible; ClaudeBot/1.0; +claudebot@anthropic.com)"
216.73.217.80 - - [25/Apr/2026:13:19:30 -0400] "GET /?w=17829219031140 HTTP/1.1" 500 1053 "-" "Mozilla/5.0 AppleWebKit/537.36 (KHTML, like Gecko; compatible; ClaudeBot/1.0; +claudebot@anthropic.com)"
216.73.217.80 - - [25/Apr/2026:13:19:35 -0400] "GET /?w=14349698051140 HTTP/1.1" 500 1053 "-" "Mozilla/5.0 AppleWebKit/537.36 (KHTML, like Gecko; compatible; ClaudeBot/1.0; +claudebot@anthropic.com)"
216.73.217.80 - - [25/Apr/2026:13:19:40 -0400] "GET /?w=6613501031140 HTTP/1.1" 500 1053 "-" "Mozilla/5.0 AppleWebKit/537.36 (KHTML, like Gecko; compatible; ClaudeBot/1.0; +claudebot@anthropic.com)"
114.119.136.148 - - [25/Apr/2026:13:19:44 -0400] "GET /wp-includes/block-supports/custom-classname.php HTTP/1.1" 403 1242 "https://ostwalcollegeofpharmacy.com/wp-includes/block-supports/" "Mozilla/5.0 (Linux; Android 7.0;) AppleWebKit/537.36 (HTML, like Gecko) Mobile Safari/537.36 (compatible; PetalBot;+https://webmaster.petalsearch.com/site/petalbot)"
216.73.217.80 - - [25/Apr/2026:13:19:45 -0400] "GET /?w=14093826001140 HTTP/1.1" 500 1053 "-" "Mozilla/5.0 AppleWebKit/537.36 (KHTML, like Gecko; compatible; ClaudeBot/1.0; +claudebot@anthropic.com)"
216.73.217.80 - - [25/Apr/2026:13:19:50 -0400] "GET /?w=10634222001140 HTTP/1.1" 500 1053 "-" "Mozilla/5.0 AppleWebKit/537.36 (KHTML, like Gecko; compatible; ClaudeBot/1.0; +claudebot@anthropic.com)"
216.73.217.80 - - [25/Apr/2026:13:19:55 -0400] "GET /?w=1037353041140 HTTP/1.1" 500 1053 "-" "Mozilla/5.0 AppleWebKit/537.36 (KHTML, like Gecko; compatible; ClaudeBot/1.0; +claudebot@anthropic.com)"
216.73.217.80 - - [25/Apr/2026:13:20:00 -0400] "GET /?w=31890517001140 HTTP/1.1" 500 1053 "-" "Mozilla/5.0 AppleWebKit/537.36 (KHTML, like Gecko; compatible; ClaudeBot/1.0; +claudebot@anthropic.com)"
216.73.217.80 - - [25/Apr/2026:13:20:05 -0400] "GET /?w=13177162021140 HTTP/1.1" 500 1053 "-" "Mozilla/5.0 AppleWebKit/537.36 (KHTML, like Gecko; compatible; ClaudeBot/1.0; +claudebot@anthropic.com)"
216.73.217.80 - - [25/Apr/2026:13:20:10 -0400] "GET /?w=11006433001140 HTTP/1.1" 500 1053 "-" "Mozilla/5.0 AppleWebKit/537.36 (KHTML, like Gecko; compatible; ClaudeBot/1.0; +claudebot@anthropic.com)"
216.73.217.80 - - [25/Apr/2026:13:20:15 -0400] "GET /?w=19193289011140 HTTP/1.1" 500 1053 "-" "Mozilla/5.0 AppleWebKit/537.36 (KHTML, like Gecko; compatible; ClaudeBot/1.0; +claudebot@anthropic.com)"
216.73.217.80 - - [25/Apr/2026:13:20:20 -0400] "GET /?w=15180766001140 HTTP/1.1" 500 1053 "-" "Mozilla/5.0 AppleWebKit/537.36 (KHTML, like Gecko; compatible; ClaudeBot/1.0; +claudebot@anthropic.com)"
162.0.209.141 - - [25/Apr/2026:13:20:25 -0400] "POST /wp-cron.php?doing_wp_cron=1777137625.6067719459533691406250 HTTP/1.1" 403 1242 "-" "WordPress/6.4.2; https://ostwalcollegeofpharmacy.com"
216.73.217.80 - - [25/Apr/2026:13:20:25 -0400] "GET /?w=8278180001140 HTTP/1.1" 500 1053 "-" "Mozilla/5.0 AppleWebKit/537.36 (KHTML, like Gecko; compatible; ClaudeBot/1.0; +claudebot@anthropic.com)"
216.73.217.80 - - [25/Apr/2026:13:20:30 -0400] "GET /?w=20601819091140 HTTP/1.1" 500 1053 "-" "Mozilla/5.0 AppleWebKit/537.36 (KHTML, like Gecko; compatible; ClaudeBot/1.0; +claudebot@anthropic.com)"
216.73.217.80 - - [25/Apr/2026:13:20:35 -0400] "GET /?w=10015522051140 HTTP/1.1" 500 1053 "-" "Mozilla/5.0 AppleWebKit/537.36 (KHTML, like Gecko; compatible; ClaudeBot/1.0; +claudebot@anthropic.com)"
216.73.217.80 - - [25/Apr/2026:13:20:40 -0400] "GET /?w=18119829001140 HTTP/1.1" 500 1053 "-" "Mozilla/5.0 AppleWebKit/537.36 (KHTML, like Gecko; compatible; ClaudeBot/1.0; +claudebot@anthropic.com)"
216.73.217.80 - - [25/Apr/2026:13:20:45 -0400] "GET /?w=11391667011140 HTTP/1.1" 500 1053 "-" "Mozilla/5.0 AppleWebKit/537.36 (KHTML, like Gecko; compatible; ClaudeBot/1.0; +claudebot@anthropic.com)"
216.73.217.80 - - [25/Apr/2026:13:20:50 -0400] "GET /?w=1754181041140 HTTP/1.1" 500 1053 "-" "Mozilla/5.0 AppleWebKit/537.36 (KHTML, like Gecko; compatible; ClaudeBot/1.0; +claudebot@anthropic.com)"
216.73.217.80 - - [25/Apr/2026:13:20:55 -0400] "GET /?w=17225589021140 HTTP/1.1" 500 1053 "-" "Mozilla/5.0 AppleWebKit/537.36 (KHTML, like Gecko; compatible; ClaudeBot/1.0; +claudebot@anthropic.com)"
216.73.217.80 - - [25/Apr/2026:13:21:00 -0400] "GET /?w=24168470001140 HTTP/1.1" 500 1053 "-" "Mozilla/5.0 AppleWebKit/537.36 (KHTML, like Gecko; compatible; ClaudeBot/1.0; +claudebot@anthropic.com)"
216.73.217.80 - - [25/Apr/2026:13:21:05 -0400] "GET /?w=6171549041140 HTTP/1.1" 500 1053 "-" "Mozilla/5.0 AppleWebKit/537.36 (KHTML, like Gecko; compatible; ClaudeBot/1.0; +claudebot@anthropic.com)"
172.173.121.77 - - [25/Apr/2026:13:21:10 -0400] "GET /wp-content/plugins/fix/up.php HTTP/1.1" 500 1238 "-" "Mozilla/5.0 (Windows NT 10.0; Win64; x64) AppleWebKit/537.36 (KHTML, like Gecko) Chrome/85.0.4183.102 Safari/537.36"
216.73.217.80 - - [25/Apr/2026:13:21:10 -0400] "GET /?w=32294313091140 HTTP/1.1" 500 1053 "-" "Mozilla/5.0 AppleWebKit/537.36 (KHTML, like Gecko; compatible; ClaudeBot/1.0; +claudebot@anthropic.com)"
216.73.217.80 - - [25/Apr/2026:13:21:15 -0400] "GET /?w=3504169001140 HTTP/1.1" 500 1053 "-" "Mozilla/5.0 AppleWebKit/537.36 (KHTML, like Gecko; compatible; ClaudeBot/1.0; +claudebot@anthropic.com)"
216.73.217.80 - - [25/Apr/2026:13:21:20 -0400] "GET /?w=25773470041140 HTTP/1.1" 500 1053 "-" "Mozilla/5.0 AppleWebKit/537.36 (KHTML, like Gecko; compatible; ClaudeBot/1.0; +claudebot@anthropic.com)"
162.0.209.141 - - [25/Apr/2026:13:21:26 -0400] "POST /wp-cron.php?doing_wp_cron=1777137686.1297879219055175781250 HTTP/1.1" 403 1242 "-" "WordPress/6.4.2; https://ostwalcollegeofpharmacy.com"
216.73.217.80 - - [25/Apr/2026:13:21:25 -0400] "GET /?w=11673415011140 HTTP/1.1" 500 1053 "-" "Mozilla/5.0 AppleWebKit/537.36 (KHTML, like Gecko; compatible; ClaudeBot/1.0; +claudebot@anthropic.com)"
216.73.217.80 - - [25/Apr/2026:13:21:30 -0400] "GET /?w=18567219051140 HTTP/1.1" 500 1053 "-" "Mozilla/5.0 AppleWebKit/537.36 (KHTML, like Gecko; compatible; ClaudeBot/1.0; +claudebot@anthropic.com)"
216.73.217.80 - - [25/Apr/2026:13:21:35 -0400] "GET /?w=15226226011140 HTTP/1.1" 500 1053 "-" "Mozilla/5.0 AppleWebKit/537.36 (KHTML, like Gecko; compatible; ClaudeBot/1.0; +claudebot@anthropic.com)"
216.73.217.80 - - [25/Apr/2026:13:21:40 -0400] "GET /?w=23525289051140 HTTP/1.1" 500 1053 "-" "Mozilla/5.0 AppleWebKit/537.36 (KHTML, like Gecko; compatible; ClaudeBot/1.0; +claudebot@anthropic.com)"
216.73.217.80 - - [25/Apr/2026:13:21:45 -0400] "GET /?w=14263517021140 HTTP/1.1" 500 1053 "-" "Mozilla/5.0 AppleWebKit/537.36 (KHTML, like Gecko; compatible; ClaudeBot/1.0; +claudebot@anthropic.com)"
216.73.217.80 - - [25/Apr/2026:13:21:50 -0400] "GET /?w=32420317051140 HTTP/1.1" 500 1053 "-" "Mozilla/5.0 AppleWebKit/537.36 (KHTML, like Gecko; compatible; ClaudeBot/1.0; +claudebot@anthropic.com)"
216.73.217.80 - - [25/Apr/2026:13:21:55 -0400] "GET /?w=12384899031140 HTTP/1.1" 500 1053 "-" "Mozilla/5.0 AppleWebKit/537.36 (KHTML, like Gecko; compatible; ClaudeBot/1.0; +claudebot@anthropic.com)"
216.73.217.80 - - [25/Apr/2026:13:22:00 -0400] "GET /?w=14491455091140 HTTP/1.1" 500 1053 "-" "Mozilla/5.0 AppleWebKit/537.36 (KHTML, like Gecko; compatible; ClaudeBot/1.0; +claudebot@anthropic.com)"
216.73.217.80 - - [25/Apr/2026:13:22:05 -0400] "GET /?w=13261812081140 HTTP/1.1" 500 1053 "-" "Mozilla/5.0 AppleWebKit/537.36 (KHTML, like Gecko; compatible; ClaudeBot/1.0; +claudebot@anthropic.com)"
216.73.217.80 - - [25/Apr/2026:13:22:10 -0400] "GET /?w=18811209031140 HTTP/1.1" 500 1053 "-" "Mozilla/5.0 AppleWebKit/537.36 (KHTML, like Gecko; compatible; ClaudeBot/1.0; +claudebot@anthropic.com)"
216.73.217.80 - - [25/Apr/2026:13:22:15 -0400] "GET /?w=12165831061140 HTTP/1.1" 500 1053 "-" "Mozilla/5.0 AppleWebKit/537.36 (KHTML, like Gecko; compatible; ClaudeBot/1.0; +claudebot@anthropic.com)"
216.73.217.80 - - [25/Apr/2026:13:22:20 -0400] "GET /?w=1770307071140 HTTP/1.1" 500 1053 "-" "Mozilla/5.0 AppleWebKit/537.36 (KHTML, like Gecko; compatible; ClaudeBot/1.0; +claudebot@anthropic.com)"
162.0.209.141 - - [25/Apr/2026:13:22:26 -0400] "POST /wp-cron.php?doing_wp_cron=1777137746.1763370037078857421875 HTTP/1.1" 403 1242 "-" "WordPress/6.4.2; https://ostwalcollegeofpharmacy.com"
216.73.217.80 - - [25/Apr/2026:13:22:25 -0400] "GET /?w=1157268001140 HTTP/1.1" 500 1053 "-" "Mozilla/5.0 AppleWebKit/537.36 (KHTML, like Gecko; compatible; ClaudeBot/1.0; +claudebot@anthropic.com)"
216.73.217.80 - - [25/Apr/2026:13:22:30 -0400] "GET /?w=21875349051140 HTTP/1.1" 500 1053 "-" "Mozilla/5.0 AppleWebKit/537.36 (KHTML, like Gecko; compatible; ClaudeBot/1.0; +claudebot@anthropic.com)"
216.73.217.80 - - [25/Apr/2026:13:22:35 -0400] "GET /?w=10083211001140 HTTP/1.1" 500 1053 "-" "Mozilla/5.0 AppleWebKit/537.36 (KHTML, like Gecko; compatible; ClaudeBot/1.0; +claudebot@anthropic.com)"
216.73.217.80 - - [25/Apr/2026:13:22:40 -0400] "GET /?w=21815349011140 HTTP/1.1" 500 1053 "-" "Mozilla/5.0 AppleWebKit/537.36 (KHTML, like Gecko; compatible; ClaudeBot/1.0; +claudebot@anthropic.com)"
216.73.217.80 - - [25/Apr/2026:13:22:45 -0400] "GET /?w=13131149081140 HTTP/1.1" 500 1053 "-" "Mozilla/5.0 AppleWebKit/537.36 (KHTML, like Gecko; compatible; ClaudeBot/1.0; +claudebot@anthropic.com)"
216.73.217.80 - - [25/Apr/2026:13:22:50 -0400] "GET /?w=26950430021140 HTTP/1.1" 500 1053 "-" "Mozilla/5.0 AppleWebKit/537.36 (KHTML, like Gecko; compatible; ClaudeBot/1.0; +claudebot@anthropic.com)"
51.222.168.93 - - [25/Apr/2026:13:22:51 -0400] "GET /wp-content/uploads/2019/10/?SD HTTP/1.1" 200 1606 "-" "Mozilla/5.0 (compatible; AhrefsBot/7.0; +http://ahrefs.com/robot/)"
216.73.217.80 - - [25/Apr/2026:13:22:55 -0400] "GET /?w=17622609001140 HTTP/1.1" 500 1053 "-" "Mozilla/5.0 AppleWebKit/537.36 (KHTML, like Gecko; compatible; ClaudeBot/1.0; +claudebot@anthropic.com)"
216.73.217.80 - - [25/Apr/2026:13:23:00 -0400] "GET /?w=7031693001140 HTTP/1.1" 500 1053 "-" "Mozilla/5.0 AppleWebKit/537.36 (KHTML, like Gecko; compatible; ClaudeBot/1.0; +claudebot@anthropic.com)"
216.73.217.80 - - [25/Apr/2026:13:23:05 -0400] "GET /?w=11774652071140 HTTP/1.1" 500 1053 "-" "Mozilla/5.0 AppleWebKit/537.36 (KHTML, like Gecko; compatible; ClaudeBot/1.0; +claudebot@anthropic.com)"
216.73.217.80 - - [25/Apr/2026:13:23:10 -0400] "GET /?w=15316412001140 HTTP/1.1" 500 1053 "-" "Mozilla/5.0 AppleWebKit/537.36 (KHTML, like Gecko; compatible; ClaudeBot/1.0; +claudebot@anthropic.com)"
216.73.217.80 - - [25/Apr/2026:13:23:15 -0400] "GET /?w=8009689031140 HTTP/1.1" 500 1053 "-" "Mozilla/5.0 AppleWebKit/537.36 (KHTML, like Gecko; compatible; ClaudeBot/1.0; +claudebot@anthropic.com)"
216.73.217.80 - - [25/Apr/2026:13:23:20 -0400] "GET /?w=11669289051140 HTTP/1.1" 500 1053 "-" "Mozilla/5.0 AppleWebKit/537.36 (KHTML, like Gecko; compatible; ClaudeBot/1.0; +claudebot@anthropic.com)"
162.0.209.141 - - [25/Apr/2026:13:23:27 -0400] "POST /wp-cron.php?doing_wp_cron=1777137807.0388600826263427734375 HTTP/1.1" 403 1242 "-" "WordPress/6.4.2; https://ostwalcollegeofpharmacy.com"
216.73.217.80 - - [25/Apr/2026:13:23:26 -0400] "GET /?w=22079859031140 HTTP/1.1" 500 1053 "-" "Mozilla/5.0 AppleWebKit/537.36 (KHTML, like Gecko; compatible; ClaudeBot/1.0; +claudebot@anthropic.com)"
216.73.217.80 - - [25/Apr/2026:13:23:31 -0400] "GET /?w=1749881061140 HTTP/1.1" 500 1053 "-" "Mozilla/5.0 AppleWebKit/537.36 (KHTML, like Gecko; compatible; ClaudeBot/1.0; +claudebot@anthropic.com)"
216.73.217.80 - - [25/Apr/2026:13:23:36 -0400] "GET /?w=12241999061140 HTTP/1.1" 500 1053 "-" "Mozilla/5.0 AppleWebKit/537.36 (KHTML, like Gecko; compatible; ClaudeBot/1.0; +claudebot@anthropic.com)"
216.73.217.80 - - [25/Apr/2026:13:23:41 -0400] "GET /?w=16624479051140 HTTP/1.1" 500 1053 "-" "Mozilla/5.0 AppleWebKit/537.36 (KHTML, like Gecko; compatible; ClaudeBot/1.0; +claudebot@anthropic.com)"
216.73.217.80 - - [25/Apr/2026:13:23:46 -0400] "GET /?w=25946660061140 HTTP/1.1" 500 1053 "-" "Mozilla/5.0 AppleWebKit/537.36 (KHTML, like Gecko; compatible; ClaudeBot/1.0; +claudebot@anthropic.com)"
114.119.136.34 - - [25/Apr/2026:13:23:50 -0400] "GET /wp-includes/IXR/class-IXR-error.php HTTP/1.1" 403 1242 "https://ostwalcollegeofpharmacy.com/wp-includes/IXR/?MD" "Mozilla/5.0 (Linux; Android 7.0;) AppleWebKit/537.36 (HTML, like Gecko) Mobile Safari/537.36 (compatible; PetalBot;+https://webmaster.petalsearch.com/site/petalbot)"
216.73.217.80 - - [25/Apr/2026:13:23:51 -0400] "GET /?w=32294103031140 HTTP/1.1" 500 1053 "-" "Mozilla/5.0 AppleWebKit/537.36 (KHTML, like Gecko; compatible; ClaudeBot/1.0; +claudebot@anthropic.com)"
216.73.217.80 - - [25/Apr/2026:13:23:56 -0400] "GET /?w=12720307061140 HTTP/1.1" 500 1053 "-" "Mozilla/5.0 AppleWebKit/537.36 (KHTML, like Gecko; compatible; ClaudeBot/1.0; +claudebot@anthropic.com)"
216.73.217.80 - - [25/Apr/2026:13:24:01 -0400] "GET /?w=29135480001140 HTTP/1.1" 500 1053 "-" "Mozilla/5.0 AppleWebKit/537.36 (KHTML, like Gecko; compatible; ClaudeBot/1.0; +claudebot@anthropic.com)"
216.73.217.80 - - [25/Apr/2026:13:24:06 -0400] "GET /?w=28661630011140 HTTP/1.1" 500 1053 "-" "Mozilla/5.0 AppleWebKit/537.36 (KHTML, like Gecko; compatible; ClaudeBot/1.0; +claudebot@anthropic.com)"
216.73.217.80 - - [25/Apr/2026:13:24:11 -0400] "GET /?w=31876687041140 HTTP/1.1" 500 1053 "-" "Mozilla/5.0 AppleWebKit/537.36 (KHTML, like Gecko; compatible; ClaudeBot/1.0; +claudebot@anthropic.com)"
216.73.217.80 - - [25/Apr/2026:13:24:16 -0400] "GET /?w=13856269001140 HTTP/1.1" 500 1053 "-" "Mozilla/5.0 AppleWebKit/537.36 (KHTML, like Gecko; compatible; ClaudeBot/1.0; +claudebot@anthropic.com)"
216.73.217.80 - - [25/Apr/2026:13:24:21 -0400] "GET /?w=29838260091140 HTTP/1.1" 500 1053 "-" "Mozilla/5.0 AppleWebKit/537.36 (KHTML, like Gecko; compatible; ClaudeBot/1.0; +claudebot@anthropic.com)"
216.73.217.80 - - [25/Apr/2026:13:24:26 -0400] "GET /?w=1437238061140 HTTP/1.1" 500 1053 "-" "Mozilla/5.0 AppleWebKit/537.36 (KHTML, like Gecko; compatible; ClaudeBot/1.0; +claudebot@anthropic.com)"
162.0.209.141 - - [25/Apr/2026:13:24:31 -0400] "POST /wp-cron.php?doing_wp_cron=1777137871.9005589485168457031250 HTTP/1.1" 403 1242 "-" "WordPress/6.4.2; https://ostwalcollegeofpharmacy.com"
216.73.217.80 - - [25/Apr/2026:13:24:31 -0400] "GET /?w=12783539051140 HTTP/1.1" 500 1053 "-" "Mozilla/5.0 AppleWebKit/537.36 (KHTML, like Gecko; compatible; ClaudeBot/1.0; +claudebot@anthropic.com)"
216.73.217.80 - - [25/Apr/2026:13:24:36 -0400] "GET /?w=17142729011140 HTTP/1.1" 500 1053 "-" "Mozilla/5.0 AppleWebKit/537.36 (KHTML, like Gecko; compatible; ClaudeBot/1.0; +claudebot@anthropic.com)"
216.73.217.80 - - [25/Apr/2026:13:24:41 -0400] "GET /?w=21438609041140 HTTP/1.1" 500 1053 "-" "Mozilla/5.0 AppleWebKit/537.36 (KHTML, like Gecko; compatible; ClaudeBot/1.0; +claudebot@anthropic.com)"
216.73.217.80 - - [25/Apr/2026:13:24:46 -0400] "GET /?w=13185309031140 HTTP/1.1" 500 1053 "-" "Mozilla/5.0 AppleWebKit/537.36 (KHTML, like Gecko; compatible; ClaudeBot/1.0; +claudebot@anthropic.com)"
216.73.217.80 - - [25/Apr/2026:13:24:51 -0400] "GET /?w=11922323031140 HTTP/1.1" 500 1053 "-" "Mozilla/5.0 AppleWebKit/537.36 (KHTML, like Gecko; compatible; ClaudeBot/1.0; +claudebot@anthropic.com)"
216.73.217.80 - - [25/Apr/2026:13:24:56 -0400] "GET /?w=12193222081140 HTTP/1.1" 500 1053 "-" "Mozilla/5.0 AppleWebKit/537.36 (KHTML, like Gecko; compatible; ClaudeBot/1.0; +claudebot@anthropic.com)"
216.73.217.80 - - [25/Apr/2026:13:25:01 -0400] "GET /?w=13572194071140 HTTP/1.1" 500 1053 "-" "Mozilla/5.0 AppleWebKit/537.36 (KHTML, like Gecko; compatible; ClaudeBot/1.0; +claudebot@anthropic.com)"
216.73.217.80 - - [25/Apr/2026:13:25:06 -0400] "GET /?w=21504069001140 HTTP/1.1" 500 1053 "-" "Mozilla/5.0 AppleWebKit/537.36 (KHTML, like Gecko; compatible; ClaudeBot/1.0; +claudebot@anthropic.com)"
216.73.217.80 - - [25/Apr/2026:13:25:11 -0400] "GET /?w=19432269051140 HTTP/1.1" 500 1053 "-" "Mozilla/5.0 AppleWebKit/537.36 (KHTML, like Gecko; compatible; ClaudeBot/1.0; +claudebot@anthropic.com)"
216.73.217.80 - - [25/Apr/2026:13:25:16 -0400] "GET /?w=27622070031140 HTTP/1.1" 500 1053 "-" "Mozilla/5.0 AppleWebKit/537.36 (KHTML, like Gecko; compatible; ClaudeBot/1.0; +claudebot@anthropic.com)"
216.73.217.80 - - [25/Apr/2026:13:25:21 -0400] "GET /?w=27181640041140 HTTP/1.1" 500 1053 "-" "Mozilla/5.0 AppleWebKit/537.36 (KHTML, like Gecko; compatible; ClaudeBot/1.0; +claudebot@anthropic.com)"
216.73.217.80 - - [25/Apr/2026:13:25:26 -0400] "GET /?w=12291071021140 HTTP/1.1" 500 1053 "-" "Mozilla/5.0 AppleWebKit/537.36 (KHTML, like Gecko; compatible; ClaudeBot/1.0; +claudebot@anthropic.com)"
162.0.209.141 - - [25/Apr/2026:13:25:32 -0400] "POST /wp-cron.php?doing_wp_cron=1777137932.1768500804901123046875 HTTP/1.1" 403 1242 "-" "WordPress/6.4.2; https://ostwalcollegeofpharmacy.com"
216.73.217.80 - - [25/Apr/2026:13:25:31 -0400] "GET /?w=16135959031140 HTTP/1.1" 500 1053 "-" "Mozilla/5.0 AppleWebKit/537.36 (KHTML, like Gecko; compatible; ClaudeBot/1.0; +claudebot@anthropic.com)"
216.73.217.80 - - [25/Apr/2026:13:25:36 -0400] "GET /?w=13800341071140 HTTP/1.1" 500 1053 "-" "Mozilla/5.0 AppleWebKit/537.36 (KHTML, like Gecko; compatible; ClaudeBot/1.0; +claudebot@anthropic.com)"
216.73.217.80 - - [25/Apr/2026:13:25:41 -0400] "GET /?w=11870840031140 HTTP/1.1" 500 1053 "-" "Mozilla/5.0 AppleWebKit/537.36 (KHTML, like Gecko; compatible; ClaudeBot/1.0; +claudebot@anthropic.com)"
216.73.217.80 - - [25/Apr/2026:13:25:46 -0400] "GET /?w=15129755001140 HTTP/1.1" 500 1053 "-" "Mozilla/5.0 AppleWebKit/537.36 (KHTML, like Gecko; compatible; ClaudeBot/1.0; +claudebot@anthropic.com)"
216.73.217.80 - - [25/Apr/2026:13:25:51 -0400] "GET /?w=20694009031140 HTTP/1.1" 500 1053 "-" "Mozilla/5.0 AppleWebKit/537.36 (KHTML, like Gecko; compatible; ClaudeBot/1.0; +claudebot@anthropic.com)"
216.73.217.80 - - [25/Apr/2026:13:25:56 -0400] "GET /?w=18293649061140 HTTP/1.1" 500 1053 "-" "Mozilla/5.0 AppleWebKit/537.36 (KHTML, like Gecko; compatible; ClaudeBot/1.0; +claudebot@anthropic.com)"
216.73.217.80 - - [25/Apr/2026:13:26:01 -0400] "GET /?w=15291555001140 HTTP/1.1" 500 1053 "-" "Mozilla/5.0 AppleWebKit/537.36 (KHTML, like Gecko; compatible; ClaudeBot/1.0; +claudebot@anthropic.com)"
216.73.217.80 - - [25/Apr/2026:13:26:06 -0400] "GET /?w=7662735081140 HTTP/1.1" 500 1053 "-" "Mozilla/5.0 AppleWebKit/537.36 (KHTML, like Gecko; compatible; ClaudeBot/1.0; +claudebot@anthropic.com)"
216.73.217.80 - - [25/Apr/2026:13:26:11 -0400] "GET /?w=23258829051140 HTTP/1.1" 500 1053 "-" "Mozilla/5.0 AppleWebKit/537.36 (KHTML, like Gecko; compatible; ClaudeBot/1.0; +claudebot@anthropic.com)"
216.73.217.80 - - [25/Apr/2026:13:26:16 -0400] "GET /?w=24870770001140 HTTP/1.1" 500 1053 "-" "Mozilla/5.0 AppleWebKit/537.36 (KHTML, like Gecko; compatible; ClaudeBot/1.0; +claudebot@anthropic.com)"
216.73.217.80 - - [25/Apr/2026:13:26:21 -0400] "GET /?w=27877130011140 HTTP/1.1" 500 1053 "-" "Mozilla/5.0 AppleWebKit/537.36 (KHTML, like Gecko; compatible; ClaudeBot/1.0; +claudebot@anthropic.com)"
216.73.217.80 - - [25/Apr/2026:13:26:26 -0400] "GET /?w=13012594001140 HTTP/1.1" 500 1053 "-" "Mozilla/5.0 AppleWebKit/537.36 (KHTML, like Gecko; compatible; ClaudeBot/1.0; +claudebot@anthropic.com)"
216.73.217.80 - - [25/Apr/2026:13:26:31 -0400] "GET /?w=15462759001140 HTTP/1.1" 500 1053 "-" "Mozilla/5.0 AppleWebKit/537.36 (KHTML, like Gecko; compatible; ClaudeBot/1.0; +claudebot@anthropic.com)"
162.0.209.141 - - [25/Apr/2026:13:26:37 -0400] "POST /wp-cron.php?doing_wp_cron=1777137997.0190079212188720703125 HTTP/1.1" 403 1242 "-" "WordPress/6.4.2; https://ostwalcollegeofpharmacy.com"
216.73.217.80 - - [25/Apr/2026:13:26:36 -0400] "GET /?w=32179405091140 HTTP/1.1" 500 1053 "-" "Mozilla/5.0 AppleWebKit/537.36 (KHTML, like Gecko; compatible; ClaudeBot/1.0; +claudebot@anthropic.com)"
216.73.217.80 - - [25/Apr/2026:13:26:41 -0400] "GET /?w=17888559011140 HTTP/1.1" 500 1053 "-" "Mozilla/5.0 AppleWebKit/537.36 (KHTML, like Gecko; compatible; ClaudeBot/1.0; +claudebot@anthropic.com)"
142.44.225.247 - - [25/Apr/2026:13:26:44 -0400] "GET /wp-content/uploads/2020/02/?SD HTTP/1.1" 200 1241 "-" "Mozilla/5.0 (compatible; AhrefsBot/7.0; +http://ahrefs.com/robot/)"
216.73.217.80 - - [25/Apr/2026:13:26:46 -0400] "GET /?w=19654239001140 HTTP/1.1" 500 1053 "-" "Mozilla/5.0 AppleWebKit/537.36 (KHTML, like Gecko; compatible; ClaudeBot/1.0; +claudebot@anthropic.com)"
216.73.217.80 - - [25/Apr/2026:13:26:51 -0400] "GET /?w=26985530061140 HTTP/1.1" 500 1053 "-" "Mozilla/5.0 AppleWebKit/537.36 (KHTML, like Gecko; compatible; ClaudeBot/1.0; +claudebot@anthropic.com)"
216.73.217.80 - - [25/Apr/2026:13:26:56 -0400] "GET /?w=4002727001140 HTTP/1.1" 500 1053 "-" "Mozilla/5.0 AppleWebKit/537.36 (KHTML, like Gecko; compatible; ClaudeBot/1.0; +claudebot@anthropic.com)"
216.73.217.80 - - [25/Apr/2026:13:27:01 -0400] "GET /?w=8896941041140 HTTP/1.1" 500 1053 "-" "Mozilla/5.0 AppleWebKit/537.36 (KHTML, like Gecko; compatible; ClaudeBot/1.0; +claudebot@anthropic.com)"
216.73.217.80 - - [25/Apr/2026:13:27:06 -0400] "GET /?w=16719759001140 HTTP/1.1" 500 1053 "-" "Mozilla/5.0 AppleWebKit/537.36 (KHTML, like Gecko; compatible; ClaudeBot/1.0; +claudebot@anthropic.com)"
216.73.217.80 - - [25/Apr/2026:13:27:11 -0400] "GET /?w=19142769051140 HTTP/1.1" 500 1053 "-" "Mozilla/5.0 AppleWebKit/537.36 (KHTML, like Gecko; compatible; ClaudeBot/1.0; +claudebot@anthropic.com)"
216.73.217.80 - - [25/Apr/2026:13:27:16 -0400] "GET /?w=11953172021140 HTTP/1.1" 500 1053 "-" "Mozilla/5.0 AppleWebKit/537.36 (KHTML, like Gecko; compatible; ClaudeBot/1.0; +claudebot@anthropic.com)"
216.73.217.80 - - [25/Apr/2026:13:27:21 -0400] "GET /?w=11331026031140 HTTP/1.1" 500 1053 "-" "Mozilla/5.0 AppleWebKit/537.36 (KHTML, like Gecko; compatible; ClaudeBot/1.0; +claudebot@anthropic.com)"
216.73.217.80 - - [25/Apr/2026:13:27:26 -0400] "GET /?w=18191919041140 HTTP/1.1" 500 1053 "-" "Mozilla/5.0 AppleWebKit/537.36 (KHTML, like Gecko; compatible; ClaudeBot/1.0; +claudebot@anthropic.com)"
216.73.217.80 - - [25/Apr/2026:13:27:33 -0400] "GET /?w=25723880041140 HTTP/1.1" 500 1053 "-" "Mozilla/5.0 AppleWebKit/537.36 (KHTML, like Gecko; compatible; ClaudeBot/1.0; +claudebot@anthropic.com)"
216.73.217.80 - - [25/Apr/2026:13:27:33 -0400] "GET /?w=22468269081140 HTTP/1.1" 500 1053 "-" "Mozilla/5.0 AppleWebKit/537.36 (KHTML, like Gecko; compatible; ClaudeBot/1.0; +claudebot@anthropic.com)"
162.0.209.141 - - [25/Apr/2026:13:27:37 -0400] "POST /wp-cron.php?doing_wp_cron=1777138057.5123651027679443359375 HTTP/1.1" 403 1242 "-" "WordPress/6.4.2; https://ostwalcollegeofpharmacy.com"
216.73.217.80 - - [25/Apr/2026:13:27:37 -0400] "GET /?w=11988634001140 HTTP/1.1" 500 1053 "-" "Mozilla/5.0 AppleWebKit/537.36 (KHTML, like Gecko; compatible; ClaudeBot/1.0; +claudebot@anthropic.com)"
216.73.217.80 - - [25/Apr/2026:13:27:42 -0400] "GET /?w=22970679011140 HTTP/1.1" 500 1053 "-" "Mozilla/5.0 AppleWebKit/537.36 (KHTML, like Gecko; compatible; ClaudeBot/1.0; +claudebot@anthropic.com)"
216.73.217.80 - - [25/Apr/2026:13:27:47 -0400] "GET /?w=10740602141140 HTTP/1.1" 500 1053 "-" "Mozilla/5.0 AppleWebKit/537.36 (KHTML, like Gecko; compatible; ClaudeBot/1.0; +claudebot@anthropic.com)"
216.73.217.80 - - [25/Apr/2026:13:27:52 -0400] "GET /?w=25664210091140 HTTP/1.1" 500 1053 "-" "Mozilla/5.0 AppleWebKit/537.36 (KHTML, like Gecko; compatible; ClaudeBot/1.0; +claudebot@anthropic.com)"
114.119.141.133 - - [25/Apr/2026:13:27:57 -0400] "GET /wp-includes/ID3/module.audio.flac.php HTTP/1.1" 403 1242 "https://ostwalcollegeofpharmacy.com/wp-includes/ID3/?MD" "Mozilla/5.0 (Linux; Android 7.0;) AppleWebKit/537.36 (HTML, like Gecko) Mobile Safari/537.36 (compatible; PetalBot;+https://webmaster.petalsearch.com/site/petalbot)"
216.73.217.80 - - [25/Apr/2026:13:27:57 -0400] "GET /?w=12210748051140 HTTP/1.1" 500 1053 "-" "Mozilla/5.0 AppleWebKit/537.36 (KHTML, like Gecko; compatible; ClaudeBot/1.0; +claudebot@anthropic.com)"
216.73.217.80 - - [25/Apr/2026:13:28:01 -0400] "GET /?w=3039276031140 HTTP/1.1" 500 1053 "-" "Mozilla/5.0 AppleWebKit/537.36 (KHTML, like Gecko; compatible; ClaudeBot/1.0; +claudebot@anthropic.com)"
216.73.217.80 - - [25/Apr/2026:13:28:06 -0400] "GET /?w=10515933051140 HTTP/1.1" 500 1053 "-" "Mozilla/5.0 AppleWebKit/537.36 (KHTML, like Gecko; compatible; ClaudeBot/1.0; +claudebot@anthropic.com)"
216.73.217.80 - - [25/Apr/2026:13:28:11 -0400] "GET /?w=621824051140 HTTP/1.1" 500 1053 "-" "Mozilla/5.0 AppleWebKit/537.36 (KHTML, like Gecko; compatible; ClaudeBot/1.0; +claudebot@anthropic.com)"
216.73.217.80 - - [25/Apr/2026:13:28:16 -0400] "GET /?w=12537300001140 HTTP/1.1" 500 1053 "-" "Mozilla/5.0 AppleWebKit/537.36 (KHTML, like Gecko; compatible; ClaudeBot/1.0; +claudebot@anthropic.com)"
216.73.217.80 - - [25/Apr/2026:13:28:21 -0400] "GET /?w=26119400081140 HTTP/1.1" 500 1053 "-" "Mozilla/5.0 AppleWebKit/537.36 (KHTML, like Gecko; compatible; ClaudeBot/1.0; +claudebot@anthropic.com)"
216.73.217.80 - - [25/Apr/2026:13:28:26 -0400] "GET /?w=14772461051140 HTTP/1.1" 500 1053 "-" "Mozilla/5.0 AppleWebKit/537.36 (KHTML, like Gecko; compatible; ClaudeBot/1.0; +claudebot@anthropic.com)"
216.73.217.80 - - [25/Apr/2026:13:28:31 -0400] "GET /?w=10390473031140 HTTP/1.1" 500 1053 "-" "Mozilla/5.0 AppleWebKit/537.36 (KHTML, like Gecko; compatible; ClaudeBot/1.0; +claudebot@anthropic.com)"
216.73.217.80 - - [25/Apr/2026:13:28:36 -0400] "GET /?w=5999303121140 HTTP/1.1" 500 1053 "-" "Mozilla/5.0 AppleWebKit/537.36 (KHTML, like Gecko; compatible; ClaudeBot/1.0; +claudebot@anthropic.com)"
162.0.209.141 - - [25/Apr/2026:13:28:42 -0400] "POST /wp-cron.php?doing_wp_cron=1777138122.1417410373687744140625 HTTP/1.1" 403 1242 "-" "WordPress/6.4.2; https://ostwalcollegeofpharmacy.com"
216.73.217.80 - - [25/Apr/2026:13:28:41 -0400] "GET /?w=10750260021140 HTTP/1.1" 500 1053 "-" "Mozilla/5.0 AppleWebKit/537.36 (KHTML, like Gecko; compatible; ClaudeBot/1.0; +claudebot@anthropic.com)"
216.73.217.80 - - [25/Apr/2026:13:28:46 -0400] "GET /?w=19994529051140 HTTP/1.1" 500 1053 "-" "Mozilla/5.0 AppleWebKit/537.36 (KHTML, like Gecko; compatible; ClaudeBot/1.0; +claudebot@anthropic.com)"
216.73.217.80 - - [25/Apr/2026:13:28:51 -0400] "GET /?w=18127659031140 HTTP/1.1" 500 1053 "-" "Mozilla/5.0 AppleWebKit/537.36 (KHTML, like Gecko; compatible; ClaudeBot/1.0; +claudebot@anthropic.com)"
216.73.217.80 - - [25/Apr/2026:13:28:56 -0400] "GET /?w=21356319121140 HTTP/1.1" 500 1053 "-" "Mozilla/5.0 AppleWebKit/537.36 (KHTML, like Gecko; compatible; ClaudeBot/1.0; +claudebot@anthropic.com)"
216.73.217.80 - - [25/Apr/2026:13:29:01 -0400] "GET /?w=16060479051140 HTTP/1.1" 500 1053 "-" "Mozilla/5.0 AppleWebKit/537.36 (KHTML, like Gecko; compatible; ClaudeBot/1.0; +claudebot@anthropic.com)"
216.73.217.80 - - [25/Apr/2026:13:29:06 -0400] "GET /?w=12680253001140 HTTP/1.1" 500 1053 "-" "Mozilla/5.0 AppleWebKit/537.36 (KHTML, like Gecko; compatible; ClaudeBot/1.0; +claudebot@anthropic.com)"
216.73.217.80 - - [25/Apr/2026:13:29:11 -0400] "GET /?w=11369109001140 HTTP/1.1" 500 1053 "-" "Mozilla/5.0 AppleWebKit/537.36 (KHTML, like Gecko; compatible; ClaudeBot/1.0; +claudebot@anthropic.com)"
216.73.217.80 - - [25/Apr/2026:13:29:16 -0400] "GET /?w=27153500011140 HTTP/1.1" 500 1053 "-" "Mozilla/5.0 AppleWebKit/537.36 (KHTML, like Gecko; compatible; ClaudeBot/1.0; +claudebot@anthropic.com)"
216.73.217.80 - - [25/Apr/2026:13:29:21 -0400] "GET /?w=18739269001140 HTTP/1.1" 500 1053 "-" "Mozilla/5.0 AppleWebKit/537.36 (KHTML, like Gecko; compatible; ClaudeBot/1.0; +claudebot@anthropic.com)"
216.73.217.80 - - [25/Apr/2026:13:29:26 -0400] "GET /?w=8812514031140 HTTP/1.1" 500 1053 "-" "Mozilla/5.0 AppleWebKit/537.36 (KHTML, like Gecko; compatible; ClaudeBot/1.0; +claudebot@anthropic.com)"
216.73.217.80 - - [25/Apr/2026:13:29:31 -0400] "GET /?w=31711884051140 HTTP/1.1" 500 1053 "-" "Mozilla/5.0 AppleWebKit/537.36 (KHTML, like Gecko; compatible; ClaudeBot/1.0; +claudebot@anthropic.com)"
216.73.217.80 - - [25/Apr/2026:13:29:36 -0400] "GET /?w=16373199001140 HTTP/1.1" 500 1053 "-" "Mozilla/5.0 AppleWebKit/537.36 (KHTML, like Gecko; compatible; ClaudeBot/1.0; +claudebot@anthropic.com)"
