216.73.217.80 - - [25/Apr/2026:10:43:28 -0400] "GET /?w=13021392031140 HTTP/1.1" 500 1053 "-" "Mozilla/5.0 AppleWebKit/537.36 (KHTML, like Gecko; compatible; ClaudeBot/1.0; +claudebot@anthropic.com)"
216.73.217.80 - - [25/Apr/2026:10:43:33 -0400] "GET /?w=6092810051140 HTTP/1.1" 500 1053 "-" "Mozilla/5.0 AppleWebKit/537.36 (KHTML, like Gecko; compatible; ClaudeBot/1.0; +claudebot@anthropic.com)"
216.73.217.80 - - [25/Apr/2026:10:43:38 -0400] "GET /?w=6564564021140 HTTP/1.1" 500 1053 "-" "Mozilla/5.0 AppleWebKit/537.36 (KHTML, like Gecko; compatible; ClaudeBot/1.0; +claudebot@anthropic.com)"
162.0.209.141 - - [25/Apr/2026:10:43:44 -0400] "POST /wp-cron.php?doing_wp_cron=1777128224.0260469913482666015625 HTTP/1.1" 403 1242 "-" "WordPress/6.4.2; https://ostwalcollegeofpharmacy.com"
216.73.217.80 - - [25/Apr/2026:10:43:43 -0400] "GET /?w=24255530001140 HTTP/1.1" 500 1053 "-" "Mozilla/5.0 AppleWebKit/537.36 (KHTML, like Gecko; compatible; ClaudeBot/1.0; +claudebot@anthropic.com)"
216.73.217.80 - - [25/Apr/2026:10:43:48 -0400] "GET /?w=6795595041140 HTTP/1.1" 500 1053 "-" "Mozilla/5.0 AppleWebKit/537.36 (KHTML, like Gecko; compatible; ClaudeBot/1.0; +claudebot@anthropic.com)"
216.73.217.80 - - [25/Apr/2026:10:43:51 -0400] "GET /?w=9747820121140 HTTP/1.1" 500 1053 "-" "Mozilla/5.0 AppleWebKit/537.36 (KHTML, like Gecko; compatible; ClaudeBot/1.0; +claudebot@anthropic.com)"
216.73.217.80 - - [25/Apr/2026:10:43:56 -0400] "GET /?w=5493336051140 HTTP/1.1" 500 1053 "-" "Mozilla/5.0 AppleWebKit/537.36 (KHTML, like Gecko; compatible; ClaudeBot/1.0; +claudebot@anthropic.com)"
216.73.217.80 - - [25/Apr/2026:10:44:01 -0400] "GET /?w=462748051140 HTTP/1.1" 500 1053 "-" "Mozilla/5.0 AppleWebKit/537.36 (KHTML, like Gecko; compatible; ClaudeBot/1.0; +claudebot@anthropic.com)"
216.73.217.80 - - [25/Apr/2026:10:44:06 -0400] "GET /?w=18210819081140 HTTP/1.1" 500 1053 "-" "Mozilla/5.0 AppleWebKit/537.36 (KHTML, like Gecko; compatible; ClaudeBot/1.0; +claudebot@anthropic.com)"
216.73.217.80 - - [25/Apr/2026:10:44:11 -0400] "GET /?w=13021392071140 HTTP/1.1" 500 1053 "-" "Mozilla/5.0 AppleWebKit/537.36 (KHTML, like Gecko; compatible; ClaudeBot/1.0; +claudebot@anthropic.com)"
114.119.150.239 - - [25/Apr/2026:10:44:16 -0400] "GET /wp-includes/js/tinymce/plugins/compat3x/?ND HTTP/1.1" 403 1242 "https://ostwalcollegeofpharmacy.com/wp-includes/js/tinymce/plugins/compat3x" "Mozilla/5.0 (Linux; Android 7.0;) AppleWebKit/537.36 (HTML, like Gecko) Mobile Safari/537.36 (compatible; PetalBot;+https://webmaster.petalsearch.com/site/petalbot)"
216.73.217.80 - - [25/Apr/2026:10:44:16 -0400] "GET /?w=8991960001140 HTTP/1.1" 500 1053 "-" "Mozilla/5.0 AppleWebKit/537.36 (KHTML, like Gecko; compatible; ClaudeBot/1.0; +claudebot@anthropic.com)"
216.73.217.80 - - [25/Apr/2026:10:44:21 -0400] "GET /?w=7996590051140 HTTP/1.1" 500 1053 "-" "Mozilla/5.0 AppleWebKit/537.36 (KHTML, like Gecko; compatible; ClaudeBot/1.0; +claudebot@anthropic.com)"
216.73.217.80 - - [25/Apr/2026:10:44:26 -0400] "GET /?w=9117728051140 HTTP/1.1" 500 1053 "-" "Mozilla/5.0 AppleWebKit/537.36 (KHTML, like Gecko; compatible; ClaudeBot/1.0; +claudebot@anthropic.com)"
216.73.217.80 - - [25/Apr/2026:10:44:32 -0400] "GET /?w=2188655021140 HTTP/1.1" 500 1053 "-" "Mozilla/5.0 AppleWebKit/537.36 (KHTML, like Gecko; compatible; ClaudeBot/1.0; +claudebot@anthropic.com)"
216.73.217.80 - - [25/Apr/2026:10:44:37 -0400] "GET /?w=208243111140 HTTP/1.1" 500 1053 "-" "Mozilla/5.0 AppleWebKit/537.36 (KHTML, like Gecko; compatible; ClaudeBot/1.0; +claudebot@anthropic.com)"
216.73.217.80 - - [25/Apr/2026:10:44:41 -0400] "GET /?w=18436149021140 HTTP/1.1" 500 1053 "-" "Mozilla/5.0 AppleWebKit/537.36 (KHTML, like Gecko; compatible; ClaudeBot/1.0; +claudebot@anthropic.com)"
162.0.209.141 - - [25/Apr/2026:10:44:46 -0400] "POST /wp-cron.php?doing_wp_cron=1777128286.8978440761566162109375 HTTP/1.1" 403 1242 "-" "WordPress/6.4.2; https://ostwalcollegeofpharmacy.com"
216.73.217.80 - - [25/Apr/2026:10:44:46 -0400] "GET /?w=19087749031140 HTTP/1.1" 500 1053 "-" "Mozilla/5.0 AppleWebKit/537.36 (KHTML, like Gecko; compatible; ClaudeBot/1.0; +claudebot@anthropic.com)"
216.73.217.80 - - [25/Apr/2026:10:44:51 -0400] "GET /?w=3671936021140 HTTP/1.1" 500 1053 "-" "Mozilla/5.0 AppleWebKit/537.36 (KHTML, like Gecko; compatible; ClaudeBot/1.0; +claudebot@anthropic.com)"
216.73.217.80 - - [25/Apr/2026:10:44:56 -0400] "GET /?w=1011483021140 HTTP/1.1" 500 1053 "-" "Mozilla/5.0 AppleWebKit/537.36 (KHTML, like Gecko; compatible; ClaudeBot/1.0; +claudebot@anthropic.com)"
216.73.217.80 - - [25/Apr/2026:10:45:01 -0400] "GET /?w=16517469011140 HTTP/1.1" 500 1053 "-" "Mozilla/5.0 AppleWebKit/537.36 (KHTML, like Gecko; compatible; ClaudeBot/1.0; +claudebot@anthropic.com)"
216.73.217.80 - - [25/Apr/2026:10:45:06 -0400] "GET /?w=908548111140 HTTP/1.1" 500 1053 "-" "Mozilla/5.0 AppleWebKit/537.36 (KHTML, like Gecko; compatible; ClaudeBot/1.0; +claudebot@anthropic.com)"
216.73.217.80 - - [25/Apr/2026:10:45:12 -0400] "GET /?w=4538694021140 HTTP/1.1" 500 1053 "-" "Mozilla/5.0 AppleWebKit/537.36 (KHTML, like Gecko; compatible; ClaudeBot/1.0; +claudebot@anthropic.com)"
216.73.217.80 - - [25/Apr/2026:10:45:17 -0400] "GET /?w=19072419081140 HTTP/1.1" 500 1053 "-" "Mozilla/5.0 AppleWebKit/537.36 (KHTML, like Gecko; compatible; ClaudeBot/1.0; +claudebot@anthropic.com)"
216.73.217.80 - - [25/Apr/2026:10:45:22 -0400] "GET /?w=12945616011140 HTTP/1.1" 500 1053 "-" "Mozilla/5.0 AppleWebKit/537.36 (KHTML, like Gecko; compatible; ClaudeBot/1.0; +claudebot@anthropic.com)"
216.73.217.80 - - [25/Apr/2026:10:45:27 -0400] "GET /?w=156560121140 HTTP/1.1" 500 1053 "-" "Mozilla/5.0 AppleWebKit/537.36 (KHTML, like Gecko; compatible; ClaudeBot/1.0; +claudebot@anthropic.com)"
216.73.217.80 - - [25/Apr/2026:10:45:32 -0400] "GET /?w=20417319081140 HTTP/1.1" 500 1053 "-" "Mozilla/5.0 AppleWebKit/537.36 (KHTML, like Gecko; compatible; ClaudeBot/1.0; +claudebot@anthropic.com)"
216.73.217.80 - - [25/Apr/2026:10:45:37 -0400] "GET /?w=19304319081140 HTTP/1.1" 500 1053 "-" "Mozilla/5.0 AppleWebKit/537.36 (KHTML, like Gecko; compatible; ClaudeBot/1.0; +claudebot@anthropic.com)"
216.73.217.80 - - [25/Apr/2026:10:45:42 -0400] "GET /?w=6794554101140 HTTP/1.1" 500 1053 "-" "Mozilla/5.0 AppleWebKit/537.36 (KHTML, like Gecko; compatible; ClaudeBot/1.0; +claudebot@anthropic.com)"
162.0.209.141 - - [25/Apr/2026:10:45:47 -0400] "POST /wp-cron.php?doing_wp_cron=1777128347.8306438922882080078125 HTTP/1.1" 403 1242 "-" "WordPress/6.4.2; https://ostwalcollegeofpharmacy.com"
216.73.217.80 - - [25/Apr/2026:10:45:47 -0400] "GET /?w=30456410021140 HTTP/1.1" 500 1053 "-" "Mozilla/5.0 AppleWebKit/537.36 (KHTML, like Gecko; compatible; ClaudeBot/1.0; +claudebot@anthropic.com)"
216.73.217.80 - - [25/Apr/2026:10:45:50 -0400] "GET /?w=5777577091140 HTTP/1.1" 500 1053 "-" "Mozilla/5.0 AppleWebKit/537.36 (KHTML, like Gecko; compatible; ClaudeBot/1.0; +claudebot@anthropic.com)"
216.73.217.80 - - [25/Apr/2026:10:45:55 -0400] "GET /?w=4547904021140 HTTP/1.1" 500 1053 "-" "Mozilla/5.0 AppleWebKit/537.36 (KHTML, like Gecko; compatible; ClaudeBot/1.0; +claudebot@anthropic.com)"
216.73.217.80 - - [25/Apr/2026:10:45:58 -0400] "GET /?w=8207955021140 HTTP/1.1" 500 1053 "-" "Mozilla/5.0 AppleWebKit/537.36 (KHTML, like Gecko; compatible; ClaudeBot/1.0; +claudebot@anthropic.com)"
216.73.217.80 - - [25/Apr/2026:10:46:03 -0400] "GET /?w=5545803021140 HTTP/1.1" 500 1053 "-" "Mozilla/5.0 AppleWebKit/537.36 (KHTML, like Gecko; compatible; ClaudeBot/1.0; +claudebot@anthropic.com)"
216.73.217.80 - - [25/Apr/2026:10:46:08 -0400] "GET /?w=26319200041140 HTTP/1.1" 500 1053 "-" "Mozilla/5.0 AppleWebKit/537.36 (KHTML, like Gecko; compatible; ClaudeBot/1.0; +claudebot@anthropic.com)"
216.73.217.80 - - [25/Apr/2026:10:46:13 -0400] "GET /?w=6132366021140 HTTP/1.1" 500 1053 "-" "Mozilla/5.0 AppleWebKit/537.36 (KHTML, like Gecko; compatible; ClaudeBot/1.0; +claudebot@anthropic.com)"
216.73.217.80 - - [25/Apr/2026:10:46:18 -0400] "GET /?w=22622319081140 HTTP/1.1" 500 1053 "-" "Mozilla/5.0 AppleWebKit/537.36 (KHTML, like Gecko; compatible; ClaudeBot/1.0; +claudebot@anthropic.com)"
216.244.66.232 - - [25/Apr/2026:10:46:22 -0400] "GET /robots.txt HTTP/1.1" 200 81 "-" "Mozilla/5.0 (compatible; DotBot/1.2; +https://opensiteexplorer.org/dotbot; help@moz.com)"
216.73.217.80 - - [25/Apr/2026:10:46:23 -0400] "GET /?w=28080950061140 HTTP/1.1" 500 1053 "-" "Mozilla/5.0 AppleWebKit/537.36 (KHTML, like Gecko; compatible; ClaudeBot/1.0; +claudebot@anthropic.com)"
216.73.217.80 - - [25/Apr/2026:10:46:30 -0400] "GET /?w=31707054021140 HTTP/1.1" 500 1053 "-" "Mozilla/5.0 AppleWebKit/537.36 (KHTML, like Gecko; compatible; ClaudeBot/1.0; +claudebot@anthropic.com)"
216.73.217.80 - - [25/Apr/2026:10:46:35 -0400] "GET /?w=25545920021140 HTTP/1.1" 500 1053 "-" "Mozilla/5.0 AppleWebKit/537.36 (KHTML, like Gecko; compatible; ClaudeBot/1.0; +claudebot@anthropic.com)"
216.73.217.80 - - [25/Apr/2026:10:46:40 -0400] "GET /?w=18924159001140 HTTP/1.1" 500 1053 "-" "Mozilla/5.0 AppleWebKit/537.36 (KHTML, like Gecko; compatible; ClaudeBot/1.0; +claudebot@anthropic.com)"
216.73.217.80 - - [25/Apr/2026:10:46:45 -0400] "GET /?w=5961888001140 HTTP/1.1" 500 1053 "-" "Mozilla/5.0 AppleWebKit/537.36 (KHTML, like Gecko; compatible; ClaudeBot/1.0; +claudebot@anthropic.com)"
162.0.209.141 - - [25/Apr/2026:10:46:50 -0400] "POST /wp-cron.php?doing_wp_cron=1777128410.9627580642700195312500 HTTP/1.1" 403 1242 "-" "WordPress/6.4.2; https://ostwalcollegeofpharmacy.com"
216.73.217.80 - - [25/Apr/2026:10:46:50 -0400] "GET /?w=15768249101140 HTTP/1.1" 500 1053 "-" "Mozilla/5.0 AppleWebKit/537.36 (KHTML, like Gecko; compatible; ClaudeBot/1.0; +claudebot@anthropic.com)"
216.73.217.80 - - [25/Apr/2026:10:46:56 -0400] "GET /?w=4100980031140 HTTP/1.1" 500 1053 "-" "Mozilla/5.0 AppleWebKit/537.36 (KHTML, like Gecko; compatible; ClaudeBot/1.0; +claudebot@anthropic.com)"
216.73.217.80 - - [25/Apr/2026:10:47:01 -0400] "GET /?w=19035969011140 HTTP/1.1" 500 1053 "-" "Mozilla/5.0 AppleWebKit/537.36 (KHTML, like Gecko; compatible; ClaudeBot/1.0; +claudebot@anthropic.com)"
216.73.217.80 - - [25/Apr/2026:10:47:04 -0400] "GET /?w=2575670011140 HTTP/1.1" 500 1053 "-" "Mozilla/5.0 AppleWebKit/537.36 (KHTML, like Gecko; compatible; ClaudeBot/1.0; +claudebot@anthropic.com)"
216.73.217.80 - - [25/Apr/2026:10:47:09 -0400] "GET /?w=27543740101140 HTTP/1.1" 500 1053 "-" "Mozilla/5.0 AppleWebKit/537.36 (KHTML, like Gecko; compatible; ClaudeBot/1.0; +claudebot@anthropic.com)"
216.73.217.80 - - [25/Apr/2026:10:47:12 -0400] "GET /?w=28849970051140 HTTP/1.1" 500 1053 "-" "Mozilla/5.0 AppleWebKit/537.36 (KHTML, like Gecko; compatible; ClaudeBot/1.0; +claudebot@anthropic.com)"
216.73.217.80 - - [25/Apr/2026:10:47:17 -0400] "GET /?w=2989404021140 HTTP/1.1" 500 1053 "-" "Mozilla/5.0 AppleWebKit/537.36 (KHTML, like Gecko; compatible; ClaudeBot/1.0; +claudebot@anthropic.com)"
216.73.217.80 - - [25/Apr/2026:10:47:22 -0400] "GET /?w=32136895051140 HTTP/1.1" 500 1053 "-" "Mozilla/5.0 AppleWebKit/537.36 (KHTML, like Gecko; compatible; ClaudeBot/1.0; +claudebot@anthropic.com)"
216.73.217.80 - - [25/Apr/2026:10:47:27 -0400] "GET /?w=4100830041140 HTTP/1.1" 500 1053 "-" "Mozilla/5.0 AppleWebKit/537.36 (KHTML, like Gecko; compatible; ClaudeBot/1.0; +claudebot@anthropic.com)"
216.73.217.80 - - [25/Apr/2026:10:47:32 -0400] "GET /?w=29132990051140 HTTP/1.1" 500 1053 "-" "Mozilla/5.0 AppleWebKit/537.36 (KHTML, like Gecko; compatible; ClaudeBot/1.0; +claudebot@anthropic.com)"
216.73.217.80 - - [25/Apr/2026:10:47:38 -0400] "GET /?w=15768249071140 HTTP/1.1" 500 1053 "-" "Mozilla/5.0 AppleWebKit/537.36 (KHTML, like Gecko; compatible; ClaudeBot/1.0; +claudebot@anthropic.com)"
54.39.6.56 - - [25/Apr/2026:10:47:39 -0400] "GET /wp-content/uploads/2021/09/?MA HTTP/1.1" 200 561 "-" "Mozilla/5.0 (compatible; AhrefsBot/7.0; +http://ahrefs.com/robot/)"
216.73.217.80 - - [25/Apr/2026:10:47:43 -0400] "GET /?w=24676310011140 HTTP/1.1" 500 1053 "-" "Mozilla/5.0 AppleWebKit/537.36 (KHTML, like Gecko; compatible; ClaudeBot/1.0; +claudebot@anthropic.com)"
216.73.217.80 - - [25/Apr/2026:10:47:48 -0400] "GET /?w=8528960061140 HTTP/1.1" 500 1053 "-" "Mozilla/5.0 AppleWebKit/537.36 (KHTML, like Gecko; compatible; ClaudeBot/1.0; +claudebot@anthropic.com)"
162.0.209.141 - - [25/Apr/2026:10:47:53 -0400] "POST /wp-cron.php?doing_wp_cron=1777128473.4371960163116455078125 HTTP/1.1" 403 1242 "-" "WordPress/6.4.2; https://ostwalcollegeofpharmacy.com"
216.73.217.80 - - [25/Apr/2026:10:47:53 -0400] "GET /?w=16524819081140 HTTP/1.1" 500 1053 "-" "Mozilla/5.0 AppleWebKit/537.36 (KHTML, like Gecko; compatible; ClaudeBot/1.0; +claudebot@anthropic.com)"
216.73.217.80 - - [25/Apr/2026:10:47:58 -0400] "GET /?w=30459920041140 HTTP/1.1" 500 1053 "-" "Mozilla/5.0 AppleWebKit/537.36 (KHTML, like Gecko; compatible; ClaudeBot/1.0; +claudebot@anthropic.com)"
216.73.217.80 - - [25/Apr/2026:10:48:03 -0400] "GET /?w=891780081140 HTTP/1.1" 500 1053 "-" "Mozilla/5.0 AppleWebKit/537.36 (KHTML, like Gecko; compatible; ClaudeBot/1.0; +claudebot@anthropic.com)"
216.73.217.80 - - [25/Apr/2026:10:48:08 -0400] "GET /?w=801474021140 HTTP/1.1" 500 1053 "-" "Mozilla/5.0 AppleWebKit/537.36 (KHTML, like Gecko; compatible; ClaudeBot/1.0; +claudebot@anthropic.com)"
216.73.217.80 - - [25/Apr/2026:10:48:13 -0400] "GET /?w=953930051140 HTTP/1.1" 500 1053 "-" "Mozilla/5.0 AppleWebKit/537.36 (KHTML, like Gecko; compatible; ClaudeBot/1.0; +claudebot@anthropic.com)"
216.73.217.80 - - [25/Apr/2026:10:48:18 -0400] "GET /?w=31995204021140 HTTP/1.1" 500 1053 "-" "Mozilla/5.0 AppleWebKit/537.36 (KHTML, like Gecko; compatible; ClaudeBot/1.0; +claudebot@anthropic.com)"
114.119.131.166 - - [25/Apr/2026:10:48:24 -0400] "GET /wp-includes/js/plupload/license.txt HTTP/1.1" 200 7457 "https://ostwalcollegeofpharmacy.com/wp-includes/js/plupload/" "Mozilla/5.0 (Linux; Android 7.0;) AppleWebKit/537.36 (HTML, like Gecko) Mobile Safari/537.36 (compatible; PetalBot;+https://webmaster.petalsearch.com/site/petalbot)"
216.73.217.80 - - [25/Apr/2026:10:48:23 -0400] "GET /?w=3962320021140 HTTP/1.1" 500 1053 "-" "Mozilla/5.0 AppleWebKit/537.36 (KHTML, like Gecko; compatible; ClaudeBot/1.0; +claudebot@anthropic.com)"
216.73.217.80 - - [25/Apr/2026:10:48:28 -0400] "GET /?w=11276809021140 HTTP/1.1" 500 1053 "-" "Mozilla/5.0 AppleWebKit/537.36 (KHTML, like Gecko; compatible; ClaudeBot/1.0; +claudebot@anthropic.com)"
216.73.217.80 - - [25/Apr/2026:10:48:33 -0400] "GET /?w=6735913021140 HTTP/1.1" 500 1053 "-" "Mozilla/5.0 AppleWebKit/537.36 (KHTML, like Gecko; compatible; ClaudeBot/1.0; +claudebot@anthropic.com)"
162.0.209.141 - - [25/Apr/2026:10:49:00 -0400] "POST /wp-cron.php?doing_wp_cron=1777128540.9532699584960937500000 HTTP/1.1" 403 1242 "-" "WordPress/6.4.2; https://ostwalcollegeofpharmacy.com"
216.73.217.80 - - [25/Apr/2026:10:49:00 -0400] "GET /?w=2115894021140 HTTP/1.1" 500 1053 "-" "Mozilla/5.0 AppleWebKit/537.36 (KHTML, like Gecko; compatible; ClaudeBot/1.0; +claudebot@anthropic.com)"
216.73.217.80 - - [25/Apr/2026:10:49:05 -0400] "GET /?w=31767537051140 HTTP/1.1" 500 1053 "-" "Mozilla/5.0 AppleWebKit/537.36 (KHTML, like Gecko; compatible; ClaudeBot/1.0; +claudebot@anthropic.com)"
216.73.217.80 - - [25/Apr/2026:10:49:10 -0400] "GET /?w=2304331031140 HTTP/1.1" 500 1053 "-" "Mozilla/5.0 AppleWebKit/537.36 (KHTML, like Gecko; compatible; ClaudeBot/1.0; +claudebot@anthropic.com)"
216.73.217.80 - - [25/Apr/2026:10:49:15 -0400] "GET /?w=2943661001140 HTTP/1.1" 500 1053 "-" "Mozilla/5.0 AppleWebKit/537.36 (KHTML, like Gecko; compatible; ClaudeBot/1.0; +claudebot@anthropic.com)"
216.73.217.80 - - [25/Apr/2026:10:49:20 -0400] "GET /?w=2882575001140 HTTP/1.1" 500 1053 "-" "Mozilla/5.0 AppleWebKit/537.36 (KHTML, like Gecko; compatible; ClaudeBot/1.0; +claudebot@anthropic.com)"
216.73.217.80 - - [25/Apr/2026:10:49:25 -0400] "GET /?w=1830694021140 HTTP/1.1" 500 1053 "-" "Mozilla/5.0 AppleWebKit/537.36 (KHTML, like Gecko; compatible; ClaudeBot/1.0; +claudebot@anthropic.com)"
216.73.217.80 - - [25/Apr/2026:10:49:30 -0400] "GET /?w=1107199111140 HTTP/1.1" 500 1053 "-" "Mozilla/5.0 AppleWebKit/537.36 (KHTML, like Gecko; compatible; ClaudeBot/1.0; +claudebot@anthropic.com)"
216.73.217.80 - - [25/Apr/2026:10:49:36 -0400] "GET /?w=21163809111140 HTTP/1.1" 500 1053 "-" "Mozilla/5.0 AppleWebKit/537.36 (KHTML, like Gecko; compatible; ClaudeBot/1.0; +claudebot@anthropic.com)"
216.73.217.80 - - [25/Apr/2026:10:49:41 -0400] "GET /?w=11081704021140 HTTP/1.1" 500 1053 "-" "Mozilla/5.0 AppleWebKit/537.36 (KHTML, like Gecko; compatible; ClaudeBot/1.0; +claudebot@anthropic.com)"
216.73.217.80 - - [25/Apr/2026:10:49:46 -0400] "GET /?w=894520051140 HTTP/1.1" 500 1053 "-" "Mozilla/5.0 AppleWebKit/537.36 (KHTML, like Gecko; compatible; ClaudeBot/1.0; +claudebot@anthropic.com)"
216.73.217.80 - - [25/Apr/2026:10:49:51 -0400] "GET /?w=32068504021140 HTTP/1.1" 500 1053 "-" "Mozilla/5.0 AppleWebKit/537.36 (KHTML, like Gecko; compatible; ClaudeBot/1.0; +claudebot@anthropic.com)"
216.73.217.80 - - [25/Apr/2026:10:49:56 -0400] "GET /?w=22611219081140 HTTP/1.1" 500 1053 "-" "Mozilla/5.0 AppleWebKit/537.36 (KHTML, like Gecko; compatible; ClaudeBot/1.0; +claudebot@anthropic.com)"
162.0.209.141 - - [25/Apr/2026:10:50:01 -0400] "POST /wp-cron.php?doing_wp_cron=1777128601.8167219161987304687500 HTTP/1.1" 403 1242 "-" "WordPress/6.4.2; https://ostwalcollegeofpharmacy.com"
216.73.217.80 - - [25/Apr/2026:10:50:01 -0400] "GET /?w=15768249061140 HTTP/1.1" 500 1053 "-" "Mozilla/5.0 AppleWebKit/537.36 (KHTML, like Gecko; compatible; ClaudeBot/1.0; +claudebot@anthropic.com)"
216.73.217.80 - - [25/Apr/2026:10:50:06 -0400] "GET /?w=431520021140 HTTP/1.1" 500 1053 "-" "Mozilla/5.0 AppleWebKit/537.36 (KHTML, like Gecko; compatible; ClaudeBot/1.0; +claudebot@anthropic.com)"
216.73.217.80 - - [25/Apr/2026:10:50:11 -0400] "GET /?w=8985404021140 HTTP/1.1" 500 1053 "-" "Mozilla/5.0 AppleWebKit/537.36 (KHTML, like Gecko; compatible; ClaudeBot/1.0; +claudebot@anthropic.com)"
216.73.217.80 - - [25/Apr/2026:10:50:16 -0400] "GET /?w=8561536051140 HTTP/1.1" 500 1053 "-" "Mozilla/5.0 AppleWebKit/537.36 (KHTML, like Gecko; compatible; ClaudeBot/1.0; +claudebot@anthropic.com)"
216.73.217.80 - - [25/Apr/2026:10:50:21 -0400] "GET /?w=8046825051140 HTTP/1.1" 500 1053 "-" "Mozilla/5.0 AppleWebKit/537.36 (KHTML, like Gecko; compatible; ClaudeBot/1.0; +claudebot@anthropic.com)"
216.73.217.80 - - [25/Apr/2026:10:50:26 -0400] "GET /?w=1019913051140 HTTP/1.1" 500 1053 "-" "Mozilla/5.0 AppleWebKit/537.36 (KHTML, like Gecko; compatible; ClaudeBot/1.0; +claudebot@anthropic.com)"
216.73.217.80 - - [25/Apr/2026:10:50:31 -0400] "GET /?w=2701834021140 HTTP/1.1" 500 1053 "-" "Mozilla/5.0 AppleWebKit/537.36 (KHTML, like Gecko; compatible; ClaudeBot/1.0; +claudebot@anthropic.com)"
216.73.217.80 - - [25/Apr/2026:10:50:36 -0400] "GET /?w=32167795021140 HTTP/1.1" 500 1053 "-" "Mozilla/5.0 AppleWebKit/537.36 (KHTML, like Gecko; compatible; ClaudeBot/1.0; +claudebot@anthropic.com)"
216.73.217.80 - - [25/Apr/2026:10:50:41 -0400] "GET /?w=1789334021140 HTTP/1.1" 500 1053 "-" "Mozilla/5.0 AppleWebKit/537.36 (KHTML, like Gecko; compatible; ClaudeBot/1.0; +claudebot@anthropic.com)"
216.73.217.80 - - [25/Apr/2026:10:50:55 -0400] "GET /?w=6415594021140 HTTP/1.1" 500 1053 "-" "Mozilla/5.0 AppleWebKit/537.36 (KHTML, like Gecko; compatible; ClaudeBot/1.0; +claudebot@anthropic.com)"
216.73.217.80 - - [25/Apr/2026:10:50:59 -0400] "GET /?w=16488129011140 HTTP/1.1" 500 1053 "-" "Mozilla/5.0 AppleWebKit/537.36 (KHTML, like Gecko; compatible; ClaudeBot/1.0; +claudebot@anthropic.com)"
162.0.209.141 - - [25/Apr/2026:10:51:04 -0400] "POST /wp-cron.php?doing_wp_cron=1777128664.3975930213928222656250 HTTP/1.1" 403 1242 "-" "WordPress/6.4.2; https://ostwalcollegeofpharmacy.com"
216.73.217.80 - - [25/Apr/2026:10:51:04 -0400] "GET /?w=27720110021140 HTTP/1.1" 500 1053 "-" "Mozilla/5.0 AppleWebKit/537.36 (KHTML, like Gecko; compatible; ClaudeBot/1.0; +claudebot@anthropic.com)"
216.73.217.80 - - [25/Apr/2026:10:51:09 -0400] "GET /?w=723898021140 HTTP/1.1" 500 1053 "-" "Mozilla/5.0 AppleWebKit/537.36 (KHTML, like Gecko; compatible; ClaudeBot/1.0; +claudebot@anthropic.com)"
216.73.217.80 - - [25/Apr/2026:10:51:14 -0400] "GET /?w=12952964021140 HTTP/1.1" 500 1053 "-" "Mozilla/5.0 AppleWebKit/537.36 (KHTML, like Gecko; compatible; ClaudeBot/1.0; +claudebot@anthropic.com)"
216.73.217.80 - - [25/Apr/2026:10:51:19 -0400] "GET /?w=170170091140 HTTP/1.1" 500 1053 "-" "Mozilla/5.0 AppleWebKit/537.36 (KHTML, like Gecko; compatible; ClaudeBot/1.0; +claudebot@anthropic.com)"
216.73.217.80 - - [25/Apr/2026:10:51:24 -0400] "GET /?w=303352091140 HTTP/1.1" 500 1053 "-" "Mozilla/5.0 AppleWebKit/537.36 (KHTML, like Gecko; compatible; ClaudeBot/1.0; +claudebot@anthropic.com)"
216.73.217.80 - - [25/Apr/2026:10:51:29 -0400] "GET /?w=2207205021140 HTTP/1.1" 500 1053 "-" "Mozilla/5.0 AppleWebKit/537.36 (KHTML, like Gecko; compatible; ClaudeBot/1.0; +claudebot@anthropic.com)"
216.73.217.80 - - [25/Apr/2026:10:51:34 -0400] "GET /?w=7584516031140 HTTP/1.1" 500 1053 "-" "Mozilla/5.0 AppleWebKit/537.36 (KHTML, like Gecko; compatible; ClaudeBot/1.0; +claudebot@anthropic.com)"
216.73.217.80 - - [25/Apr/2026:10:51:39 -0400] "GET /?w=28533350061140 HTTP/1.1" 500 1053 "-" "Mozilla/5.0 AppleWebKit/537.36 (KHTML, like Gecko; compatible; ClaudeBot/1.0; +claudebot@anthropic.com)"
216.73.217.80 - - [25/Apr/2026:10:51:44 -0400] "GET /?w=23965239091140 HTTP/1.1" 500 1053 "-" "Mozilla/5.0 AppleWebKit/537.36 (KHTML, like Gecko; compatible; ClaudeBot/1.0; +claudebot@anthropic.com)"
216.73.217.80 - - [25/Apr/2026:10:51:49 -0400] "GET /?w=13363832051140 HTTP/1.1" 500 1053 "-" "Mozilla/5.0 AppleWebKit/537.36 (KHTML, like Gecko; compatible; ClaudeBot/1.0; +claudebot@anthropic.com)"
216.73.217.80 - - [25/Apr/2026:10:51:54 -0400] "GET /?w=7931580051140 HTTP/1.1" 500 1053 "-" "Mozilla/5.0 AppleWebKit/537.36 (KHTML, like Gecko; compatible; ClaudeBot/1.0; +claudebot@anthropic.com)"
15.235.27.39 - - [25/Apr/2026:10:51:57 -0400] "GET /wp-content/uploads/2021/09/?SA HTTP/1.1" 200 562 "-" "Mozilla/5.0 (compatible; AhrefsBot/7.0; +http://ahrefs.com/robot/)"
216.73.217.80 - - [25/Apr/2026:10:51:59 -0400] "GET /?w=25664600051140 HTTP/1.1" 500 1053 "-" "Mozilla/5.0 AppleWebKit/537.36 (KHTML, like Gecko; compatible; ClaudeBot/1.0; +claudebot@anthropic.com)"
162.0.209.141 - - [25/Apr/2026:10:52:04 -0400] "POST /wp-cron.php?doing_wp_cron=1777128724.4339380264282226562500 HTTP/1.1" 403 1242 "-" "WordPress/6.4.2; https://ostwalcollegeofpharmacy.com"
216.73.217.80 - - [25/Apr/2026:10:52:04 -0400] "GET /?w=28112960061140 HTTP/1.1" 500 1053 "-" "Mozilla/5.0 AppleWebKit/537.36 (KHTML, like Gecko; compatible; ClaudeBot/1.0; +claudebot@anthropic.com)"
216.73.217.80 - - [25/Apr/2026:10:52:09 -0400] "GET /?w=28075220141140 HTTP/1.1" 500 1053 "-" "Mozilla/5.0 AppleWebKit/537.36 (KHTML, like Gecko; compatible; ClaudeBot/1.0; +claudebot@anthropic.com)"
216.73.217.80 - - [25/Apr/2026:10:52:14 -0400] "GET /?w=1904577011140 HTTP/1.1" 500 1053 "-" "Mozilla/5.0 AppleWebKit/537.36 (KHTML, like Gecko; compatible; ClaudeBot/1.0; +claudebot@anthropic.com)"
216.73.217.80 - - [25/Apr/2026:10:52:19 -0400] "GET /?w=32016144061140 HTTP/1.1" 500 1053 "-" "Mozilla/5.0 AppleWebKit/537.36 (KHTML, like Gecko; compatible; ClaudeBot/1.0; +claudebot@anthropic.com)"
216.73.217.80 - - [25/Apr/2026:10:52:24 -0400] "GET /?w=7843037051140 HTTP/1.1" 500 1053 "-" "Mozilla/5.0 AppleWebKit/537.36 (KHTML, like Gecko; compatible; ClaudeBot/1.0; +claudebot@anthropic.com)"
114.119.141.133 - - [25/Apr/2026:10:52:26 -0400] "GET /wp-includes/pomo/po.php HTTP/1.1" 403 1242 "https://ostwalcollegeofpharmacy.com/wp-includes/pomo/?SD" "Mozilla/5.0 (Linux; Android 7.0;) AppleWebKit/537.36 (HTML, like Gecko) Mobile Safari/537.36 (compatible; PetalBot;+https://webmaster.petalsearch.com/site/petalbot)"
216.73.217.80 - - [25/Apr/2026:10:52:29 -0400] "GET /?w=14908720021140 HTTP/1.1" 500 1053 "-" "Mozilla/5.0 AppleWebKit/537.36 (KHTML, like Gecko; compatible; ClaudeBot/1.0; +claudebot@anthropic.com)"
216.73.217.80 - - [25/Apr/2026:10:52:34 -0400] "GET /?w=2356662031140 HTTP/1.1" 500 1053 "-" "Mozilla/5.0 AppleWebKit/537.36 (KHTML, like Gecko; compatible; ClaudeBot/1.0; +claudebot@anthropic.com)"
216.244.66.232 - - [25/Apr/2026:10:52:35 -0400] "GET /wp-content/uploads/2021/04/?SD HTTP/1.1" 200 1404 "-" "Mozilla/5.0 (compatible; DotBot/1.2; +https://opensiteexplorer.org/dotbot; help@moz.com)"
216.73.217.80 - - [25/Apr/2026:10:52:39 -0400] "GET /?w=25855520031140 HTTP/1.1" 500 1053 "-" "Mozilla/5.0 AppleWebKit/537.36 (KHTML, like Gecko; compatible; ClaudeBot/1.0; +claudebot@anthropic.com)"
216.73.217.80 - - [25/Apr/2026:10:52:44 -0400] "GET /?w=24253610061140 HTTP/1.1" 500 1053 "-" "Mozilla/5.0 AppleWebKit/537.36 (KHTML, like Gecko; compatible; ClaudeBot/1.0; +claudebot@anthropic.com)"
216.73.217.80 - - [25/Apr/2026:10:52:49 -0400] "GET /?w=1906440041140 HTTP/1.1" 500 1053 "-" "Mozilla/5.0 AppleWebKit/537.36 (KHTML, like Gecko; compatible; ClaudeBot/1.0; +claudebot@anthropic.com)"
216.73.217.80 - - [25/Apr/2026:10:52:54 -0400] "GET /?w=6183036111140 HTTP/1.1" 500 1053 "-" "Mozilla/5.0 AppleWebKit/537.36 (KHTML, like Gecko; compatible; ClaudeBot/1.0; +claudebot@anthropic.com)"
216.73.217.80 - - [25/Apr/2026:10:52:59 -0400] "GET /?w=7860464021140 HTTP/1.1" 500 1053 "-" "Mozilla/5.0 AppleWebKit/537.36 (KHTML, like Gecko; compatible; ClaudeBot/1.0; +claudebot@anthropic.com)"
162.0.209.141 - - [25/Apr/2026:10:53:05 -0400] "POST /wp-cron.php?doing_wp_cron=1777128785.2285149097442626953125 HTTP/1.1" 403 1242 "-" "WordPress/6.4.2; https://ostwalcollegeofpharmacy.com"
216.73.217.80 - - [25/Apr/2026:10:53:04 -0400] "GET /?w=28453310001140 HTTP/1.1" 500 1053 "-" "Mozilla/5.0 AppleWebKit/537.36 (KHTML, like Gecko; compatible; ClaudeBot/1.0; +claudebot@anthropic.com)"
216.73.217.80 - - [25/Apr/2026:10:53:09 -0400] "GET /?w=31718934021140 HTTP/1.1" 500 1053 "-" "Mozilla/5.0 AppleWebKit/537.36 (KHTML, like Gecko; compatible; ClaudeBot/1.0; +claudebot@anthropic.com)"
216.73.217.80 - - [25/Apr/2026:10:53:14 -0400] "GET /?w=31711794021140 HTTP/1.1" 500 1053 "-" "Mozilla/5.0 AppleWebKit/537.36 (KHTML, like Gecko; compatible; ClaudeBot/1.0; +claudebot@anthropic.com)"
216.73.217.80 - - [25/Apr/2026:10:53:19 -0400] "GET /?w=22672149021140 HTTP/1.1" 500 1053 "-" "Mozilla/5.0 AppleWebKit/537.36 (KHTML, like Gecko; compatible; ClaudeBot/1.0; +claudebot@anthropic.com)"
216.73.217.80 - - [25/Apr/2026:10:53:24 -0400] "GET /?w=310582021140 HTTP/1.1" 500 1053 "-" "Mozilla/5.0 AppleWebKit/537.36 (KHTML, like Gecko; compatible; ClaudeBot/1.0; +claudebot@anthropic.com)"
216.73.217.80 - - [25/Apr/2026:10:53:29 -0400] "GET /?w=29230700111140 HTTP/1.1" 500 1053 "-" "Mozilla/5.0 AppleWebKit/537.36 (KHTML, like Gecko; compatible; ClaudeBot/1.0; +claudebot@anthropic.com)"
216.73.217.80 - - [25/Apr/2026:10:53:34 -0400] "GET /?w=30851810091140 HTTP/1.1" 500 1053 "-" "Mozilla/5.0 AppleWebKit/537.36 (KHTML, like Gecko; compatible; ClaudeBot/1.0; +claudebot@anthropic.com)"
216.73.217.80 - - [25/Apr/2026:10:53:39 -0400] "GET /?w=14110051140 HTTP/1.1" 500 1053 "-" "Mozilla/5.0 AppleWebKit/537.36 (KHTML, like Gecko; compatible; ClaudeBot/1.0; +claudebot@anthropic.com)"
216.73.217.80 - - [25/Apr/2026:10:53:44 -0400] "GET /?w=31471486021140 HTTP/1.1" 500 1053 "-" "Mozilla/5.0 AppleWebKit/537.36 (KHTML, like Gecko; compatible; ClaudeBot/1.0; +claudebot@anthropic.com)"
216.73.217.80 - - [25/Apr/2026:10:53:50 -0400] "GET /?w=13780056021140 HTTP/1.1" 500 1053 "-" "Mozilla/5.0 AppleWebKit/537.36 (KHTML, like Gecko; compatible; ClaudeBot/1.0; +claudebot@anthropic.com)"
216.73.217.80 - - [25/Apr/2026:10:53:50 -0400] "GET /?w=26951540051140 HTTP/1.1" 500 1053 "-" "Mozilla/5.0 AppleWebKit/537.36 (KHTML, like Gecko; compatible; ClaudeBot/1.0; +claudebot@anthropic.com)"
216.244.66.232 - - [25/Apr/2026:10:53:51 -0400] "GET /wp-content/uploads/2022/08/?SA HTTP/1.1" 200 1403 "-" "Mozilla/5.0 (compatible; DotBot/1.2; +https://opensiteexplorer.org/dotbot; help@moz.com)"
216.73.217.80 - - [25/Apr/2026:10:53:55 -0400] "GET /?w=1243871111140 HTTP/1.1" 500 1053 "-" "Mozilla/5.0 AppleWebKit/537.36 (KHTML, like Gecko; compatible; ClaudeBot/1.0; +claudebot@anthropic.com)"
216.73.217.80 - - [25/Apr/2026:10:54:00 -0400] "GET /?w=7906895101140 HTTP/1.1" 500 1053 "-" "Mozilla/5.0 AppleWebKit/537.36 (KHTML, like Gecko; compatible; ClaudeBot/1.0; +claudebot@anthropic.com)"
162.0.209.141 - - [25/Apr/2026:10:54:05 -0400] "POST /wp-cron.php?doing_wp_cron=1777128845.9593949317932128906250 HTTP/1.1" 403 1242 "-" "WordPress/6.4.2; https://ostwalcollegeofpharmacy.com"
216.73.217.80 - - [25/Apr/2026:10:54:05 -0400] "GET /?w=22845609031140 HTTP/1.1" 500 1053 "-" "Mozilla/5.0 AppleWebKit/537.36 (KHTML, like Gecko; compatible; ClaudeBot/1.0; +claudebot@anthropic.com)"
216.73.217.80 - - [25/Apr/2026:10:54:10 -0400] "GET /?w=29926550061140 HTTP/1.1" 500 1053 "-" "Mozilla/5.0 AppleWebKit/537.36 (KHTML, like Gecko; compatible; ClaudeBot/1.0; +claudebot@anthropic.com)"
216.73.217.80 - - [25/Apr/2026:10:54:15 -0400] "GET /?w=66250051140 HTTP/1.1" 500 1053 "-" "Mozilla/5.0 AppleWebKit/537.36 (KHTML, like Gecko; compatible; ClaudeBot/1.0; +claudebot@anthropic.com)"
216.73.217.80 - - [25/Apr/2026:10:54:20 -0400] "GET /?w=1554523021140 HTTP/1.1" 500 1053 "-" "Mozilla/5.0 AppleWebKit/537.36 (KHTML, like Gecko; compatible; ClaudeBot/1.0; +claudebot@anthropic.com)"
216.73.217.80 - - [25/Apr/2026:10:54:25 -0400] "GET /?w=5873023021140 HTTP/1.1" 500 1053 "-" "Mozilla/5.0 AppleWebKit/537.36 (KHTML, like Gecko; compatible; ClaudeBot/1.0; +claudebot@anthropic.com)"
216.73.217.80 - - [25/Apr/2026:10:54:30 -0400] "GET /?w=7835457001140 HTTP/1.1" 500 1053 "-" "Mozilla/5.0 AppleWebKit/537.36 (KHTML, like Gecko; compatible; ClaudeBot/1.0; +claudebot@anthropic.com)"
216.73.217.80 - - [25/Apr/2026:10:54:38 -0400] "GET /?w=25702070051140 HTTP/1.1" 500 1053 "-" "Mozilla/5.0 AppleWebKit/537.36 (KHTML, like Gecko; compatible; ClaudeBot/1.0; +claudebot@anthropic.com)"
216.73.217.80 - - [25/Apr/2026:10:54:42 -0400] "GET /?w=23911629021140 HTTP/1.1" 500 1053 "-" "Mozilla/5.0 AppleWebKit/537.36 (KHTML, like Gecko; compatible; ClaudeBot/1.0; +claudebot@anthropic.com)"
216.73.217.80 - - [25/Apr/2026:10:54:47 -0400] "GET /?w=27949850121140 HTTP/1.1" 500 1053 "-" "Mozilla/5.0 AppleWebKit/537.36 (KHTML, like Gecko; compatible; ClaudeBot/1.0; +claudebot@anthropic.com)"
216.73.217.80 - - [25/Apr/2026:10:54:52 -0400] "GET /?w=19950159021140 HTTP/1.1" 500 1053 "-" "Mozilla/5.0 AppleWebKit/537.36 (KHTML, like Gecko; compatible; ClaudeBot/1.0; +claudebot@anthropic.com)"
216.73.217.80 - - [25/Apr/2026:10:54:57 -0400] "GET /?w=376946011140 HTTP/1.1" 500 1053 "-" "Mozilla/5.0 AppleWebKit/537.36 (KHTML, like Gecko; compatible; ClaudeBot/1.0; +claudebot@anthropic.com)"
216.73.217.80 - - [25/Apr/2026:10:55:02 -0400] "GET /?w=31435305031140 HTTP/1.1" 500 1053 "-" "Mozilla/5.0 AppleWebKit/537.36 (KHTML, like Gecko; compatible; ClaudeBot/1.0; +claudebot@anthropic.com)"
162.0.209.141 - - [25/Apr/2026:10:55:07 -0400] "POST /wp-cron.php?doing_wp_cron=1777128907.7493789196014404296875 HTTP/1.1" 403 1242 "-" "WordPress/6.4.2; https://ostwalcollegeofpharmacy.com"
216.73.217.80 - - [25/Apr/2026:10:55:07 -0400] "GET /?w=1114249011140 HTTP/1.1" 500 1053 "-" "Mozilla/5.0 AppleWebKit/537.36 (KHTML, like Gecko; compatible; ClaudeBot/1.0; +claudebot@anthropic.com)"
216.73.217.80 - - [25/Apr/2026:10:55:12 -0400] "GET /?w=13745738041140 HTTP/1.1" 500 1053 "-" "Mozilla/5.0 AppleWebKit/537.36 (KHTML, like Gecko; compatible; ClaudeBot/1.0; +claudebot@anthropic.com)"
216.73.217.80 - - [25/Apr/2026:10:55:17 -0400] "GET /?w=9109834001140 HTTP/1.1" 500 1053 "-" "Mozilla/5.0 AppleWebKit/537.36 (KHTML, like Gecko; compatible; ClaudeBot/1.0; +claudebot@anthropic.com)"
216.73.217.80 - - [25/Apr/2026:10:55:22 -0400] "GET /?w=22015089001140 HTTP/1.1" 500 1053 "-" "Mozilla/5.0 AppleWebKit/537.36 (KHTML, like Gecko; compatible; ClaudeBot/1.0; +claudebot@anthropic.com)"
216.73.217.80 - - [25/Apr/2026:10:55:27 -0400] "GET /?w=64479001140 HTTP/1.1" 500 1053 "-" "Mozilla/5.0 AppleWebKit/537.36 (KHTML, like Gecko; compatible; ClaudeBot/1.0; +claudebot@anthropic.com)"
216.73.217.80 - - [25/Apr/2026:10:55:33 -0400] "GET /?w=3787347011140 HTTP/1.1" 500 1053 "-" "Mozilla/5.0 AppleWebKit/537.36 (KHTML, like Gecko; compatible; ClaudeBot/1.0; +claudebot@anthropic.com)"
216.73.217.80 - - [25/Apr/2026:10:55:37 -0400] "GET /?w=31336032001140 HTTP/1.1" 500 1053 "-" "Mozilla/5.0 AppleWebKit/537.36 (KHTML, like Gecko; compatible; ClaudeBot/1.0; +claudebot@anthropic.com)"
216.73.217.80 - - [25/Apr/2026:10:55:42 -0400] "GET /?w=8043005001140 HTTP/1.1" 500 1053 "-" "Mozilla/5.0 AppleWebKit/537.36 (KHTML, like Gecko; compatible; ClaudeBot/1.0; +claudebot@anthropic.com)"
216.73.217.80 - - [25/Apr/2026:10:55:47 -0400] "GET /?w=5501766041140 HTTP/1.1" 500 1053 "-" "Mozilla/5.0 AppleWebKit/537.36 (KHTML, like Gecko; compatible; ClaudeBot/1.0; +claudebot@anthropic.com)"
216.73.217.80 - - [25/Apr/2026:10:55:52 -0400] "GET /?w=6546011001140 HTTP/1.1" 500 1053 "-" "Mozilla/5.0 AppleWebKit/537.36 (KHTML, like Gecko; compatible; ClaudeBot/1.0; +claudebot@anthropic.com)"
216.73.217.80 - - [25/Apr/2026:10:55:57 -0400] "GET /?w=6478136041140 HTTP/1.1" 500 1053 "-" "Mozilla/5.0 AppleWebKit/537.36 (KHTML, like Gecko; compatible; ClaudeBot/1.0; +claudebot@anthropic.com)"
216.73.217.80 - - [25/Apr/2026:10:56:02 -0400] "GET /?w=31562298031140 HTTP/1.1" 500 1053 "-" "Mozilla/5.0 AppleWebKit/537.36 (KHTML, like Gecko; compatible; ClaudeBot/1.0; +claudebot@anthropic.com)"
148.113.128.185 - - [25/Apr/2026:10:56:07 -0400] "GET /wp-content/uploads/2021/07/?MA HTTP/1.1" 200 561 "-" "Mozilla/5.0 (compatible; AhrefsBot/7.0; +http://ahrefs.com/robot/)"
162.0.209.141 - - [25/Apr/2026:10:56:08 -0400] "POST /wp-cron.php?doing_wp_cron=1777128968.0264630317687988281250 HTTP/1.1" 403 1242 "-" "WordPress/6.4.2; https://ostwalcollegeofpharmacy.com"
216.73.217.80 - - [25/Apr/2026:10:56:07 -0400] "GET /?w=216788031140 HTTP/1.1" 500 1053 "-" "Mozilla/5.0 AppleWebKit/537.36 (KHTML, like Gecko; compatible; ClaudeBot/1.0; +claudebot@anthropic.com)"
216.73.217.80 - - [25/Apr/2026:10:56:12 -0400] "GET /?w=24089870001140 HTTP/1.1" 500 1053 "-" "Mozilla/5.0 AppleWebKit/537.36 (KHTML, like Gecko; compatible; ClaudeBot/1.0; +claudebot@anthropic.com)"
216.73.217.80 - - [25/Apr/2026:10:56:18 -0400] "GET /?w=32134165021140 HTTP/1.1" 500 1053 "-" "Mozilla/5.0 AppleWebKit/537.36 (KHTML, like Gecko; compatible; ClaudeBot/1.0; +claudebot@anthropic.com)"
216.73.217.80 - - [25/Apr/2026:10:56:23 -0400] "GET /?w=1093085021140 HTTP/1.1" 500 1053 "-" "Mozilla/5.0 AppleWebKit/537.36 (KHTML, like Gecko; compatible; ClaudeBot/1.0; +claudebot@anthropic.com)"
216.73.217.80 - - [25/Apr/2026:10:56:28 -0400] "GET /?w=23503449021140 HTTP/1.1" 500 1053 "-" "Mozilla/5.0 AppleWebKit/537.36 (KHTML, like Gecko; compatible; ClaudeBot/1.0; +claudebot@anthropic.com)"
216.73.217.80 - - [25/Apr/2026:10:56:33 -0400] "GET /?w=21521619091140 HTTP/1.1" 500 1053 "-" "Mozilla/5.0 AppleWebKit/537.36 (KHTML, like Gecko; compatible; ClaudeBot/1.0; +claudebot@anthropic.com)"
114.119.131.166 - - [25/Apr/2026:10:56:37 -0400] "GET /wp-includes/js/plupload/handlers.min.js HTTP/1.1" 200 4149 "https://ostwalcollegeofpharmacy.com/wp-includes/js/plupload/" "Mozilla/5.0 (Linux; Android 7.0;) AppleWebKit/537.36 (HTML, like Gecko) Mobile Safari/537.36 (compatible; PetalBot;+https://webmaster.petalsearch.com/site/petalbot)"
216.73.217.80 - - [25/Apr/2026:10:56:38 -0400] "GET /?w=7664116011140 HTTP/1.1" 500 1053 "-" "Mozilla/5.0 AppleWebKit/537.36 (KHTML, like Gecko; compatible; ClaudeBot/1.0; +claudebot@anthropic.com)"
216.73.217.80 - - [25/Apr/2026:10:56:43 -0400] "GET /?w=17596629021140 HTTP/1.1" 500 1053 "-" "Mozilla/5.0 AppleWebKit/537.36 (KHTML, like Gecko; compatible; ClaudeBot/1.0; +claudebot@anthropic.com)"
216.73.217.80 - - [25/Apr/2026:10:56:48 -0400] "GET /?w=986203001140 HTTP/1.1" 500 1053 "-" "Mozilla/5.0 AppleWebKit/537.36 (KHTML, like Gecko; compatible; ClaudeBot/1.0; +claudebot@anthropic.com)"
216.73.217.80 - - [25/Apr/2026:10:56:53 -0400] "GET /?w=31273580121140 HTTP/1.1" 500 1053 "-" "Mozilla/5.0 AppleWebKit/537.36 (KHTML, like Gecko; compatible; ClaudeBot/1.0; +claudebot@anthropic.com)"
216.73.217.80 - - [25/Apr/2026:10:56:58 -0400] "GET /?w=12542593051140 HTTP/1.1" 500 1053 "-" "Mozilla/5.0 AppleWebKit/537.36 (KHTML, like Gecko; compatible; ClaudeBot/1.0; +claudebot@anthropic.com)"
216.73.217.80 - - [25/Apr/2026:10:57:03 -0400] "GET /?w=25490420071140 HTTP/1.1" 500 1053 "-" "Mozilla/5.0 AppleWebKit/537.36 (KHTML, like Gecko; compatible; ClaudeBot/1.0; +claudebot@anthropic.com)"
162.0.209.141 - - [25/Apr/2026:10:57:08 -0400] "POST /wp-cron.php?doing_wp_cron=1777129028.5656659603118896484375 HTTP/1.1" 403 1242 "-" "WordPress/6.4.2; https://ostwalcollegeofpharmacy.com"
216.73.217.80 - - [25/Apr/2026:10:57:08 -0400] "GET /?w=12010987091140 HTTP/1.1" 500 1053 "-" "Mozilla/5.0 AppleWebKit/537.36 (KHTML, like Gecko; compatible; ClaudeBot/1.0; +claudebot@anthropic.com)"
216.73.217.80 - - [25/Apr/2026:10:57:13 -0400] "GET /?w=27440450031140 HTTP/1.1" 500 1053 "-" "Mozilla/5.0 AppleWebKit/537.36 (KHTML, like Gecko; compatible; ClaudeBot/1.0; +claudebot@anthropic.com)"
216.73.217.80 - - [25/Apr/2026:10:57:18 -0400] "GET /?w=26934620031140 HTTP/1.1" 500 1053 "-" "Mozilla/5.0 AppleWebKit/537.36 (KHTML, like Gecko; compatible; ClaudeBot/1.0; +claudebot@anthropic.com)"
216.73.217.80 - - [25/Apr/2026:10:57:23 -0400] "GET /?w=8138277021140 HTTP/1.1" 500 1053 "-" "Mozilla/5.0 AppleWebKit/537.36 (KHTML, like Gecko; compatible; ClaudeBot/1.0; +claudebot@anthropic.com)"
216.73.217.80 - - [25/Apr/2026:10:57:28 -0400] "GET /?w=9718149081140 HTTP/1.1" 500 1053 "-" "Mozilla/5.0 AppleWebKit/537.36 (KHTML, like Gecko; compatible; ClaudeBot/1.0; +claudebot@anthropic.com)"
216.73.217.80 - - [25/Apr/2026:10:57:33 -0400] "GET /?w=9619332031140 HTTP/1.1" 500 1053 "-" "Mozilla/5.0 AppleWebKit/537.36 (KHTML, like Gecko; compatible; ClaudeBot/1.0; +claudebot@anthropic.com)"
216.73.217.80 - - [25/Apr/2026:10:57:38 -0400] "GET /?w=7941667041140 HTTP/1.1" 500 1053 "-" "Mozilla/5.0 AppleWebKit/537.36 (KHTML, like Gecko; compatible; ClaudeBot/1.0; +claudebot@anthropic.com)"
216.73.217.80 - - [25/Apr/2026:10:57:43 -0400] "GET /?w=7323228041140 HTTP/1.1" 500 1053 "-" "Mozilla/5.0 AppleWebKit/537.36 (KHTML, like Gecko; compatible; ClaudeBot/1.0; +claudebot@anthropic.com)"
216.73.217.80 - - [25/Apr/2026:10:57:48 -0400] "GET /?w=14990128031140 HTTP/1.1" 500 1053 "-" "Mozilla/5.0 AppleWebKit/537.36 (KHTML, like Gecko; compatible; ClaudeBot/1.0; +claudebot@anthropic.com)"
216.73.217.80 - - [25/Apr/2026:10:57:53 -0400] "GET /?w=8586549071140 HTTP/1.1" 500 1053 "-" "Mozilla/5.0 AppleWebKit/537.36 (KHTML, like Gecko; compatible; ClaudeBot/1.0; +claudebot@anthropic.com)"
216.73.217.80 - - [25/Apr/2026:10:57:58 -0400] "GET /?w=28110620001140 HTTP/1.1" 500 1053 "-" "Mozilla/5.0 AppleWebKit/537.36 (KHTML, like Gecko; compatible; ClaudeBot/1.0; +claudebot@anthropic.com)"
216.73.217.80 - - [25/Apr/2026:10:58:03 -0400] "GET /?w=9069801021140 HTTP/1.1" 500 1053 "-" "Mozilla/5.0 AppleWebKit/537.36 (KHTML, like Gecko; compatible; ClaudeBot/1.0; +claudebot@anthropic.com)"
162.0.209.141 - - [25/Apr/2026:10:58:09 -0400] "POST /wp-cron.php?doing_wp_cron=1777129089.0222489833831787109375 HTTP/1.1" 403 1242 "-" "WordPress/6.4.2; https://ostwalcollegeofpharmacy.com"
216.73.217.80 - - [25/Apr/2026:10:58:08 -0400] "GET /?w=9934862041140 HTTP/1.1" 500 1053 "-" "Mozilla/5.0 AppleWebKit/537.36 (KHTML, like Gecko; compatible; ClaudeBot/1.0; +claudebot@anthropic.com)"
216.73.217.80 - - [25/Apr/2026:10:58:13 -0400] "GET /?w=1757091021140 HTTP/1.1" 500 1053 "-" "Mozilla/5.0 AppleWebKit/537.36 (KHTML, like Gecko; compatible; ClaudeBot/1.0; +claudebot@anthropic.com)"
216.73.217.80 - - [25/Apr/2026:10:58:18 -0400] "GET /?w=1004233061140 HTTP/1.1" 500 1053 "-" "Mozilla/5.0 AppleWebKit/537.36 (KHTML, like Gecko; compatible; ClaudeBot/1.0; +claudebot@anthropic.com)"
216.73.217.80 - - [25/Apr/2026:10:58:23 -0400] "GET /?w=25735640051140 HTTP/1.1" 500 1053 "-" "Mozilla/5.0 AppleWebKit/537.36 (KHTML, like Gecko; compatible; ClaudeBot/1.0; +claudebot@anthropic.com)"
216.73.217.80 - - [25/Apr/2026:10:58:28 -0400] "GET /?w=13388090021140 HTTP/1.1" 500 1053 "-" "Mozilla/5.0 AppleWebKit/537.36 (KHTML, like Gecko; compatible; ClaudeBot/1.0; +claudebot@anthropic.com)"
216.73.217.80 - - [25/Apr/2026:10:58:33 -0400] "GET /?w=6084412021140 HTTP/1.1" 500 1053 "-" "Mozilla/5.0 AppleWebKit/537.36 (KHTML, like Gecko; compatible; ClaudeBot/1.0; +claudebot@anthropic.com)"
216.73.217.80 - - [25/Apr/2026:10:58:38 -0400] "GET /?w=7026549091140 HTTP/1.1" 500 1053 "-" "Mozilla/5.0 AppleWebKit/537.36 (KHTML, like Gecko; compatible; ClaudeBot/1.0; +claudebot@anthropic.com)"
216.73.217.80 - - [25/Apr/2026:10:59:07 -0400] "GET /?w=347739041140 HTTP/1.1" 500 1053 "-" "Mozilla/5.0 AppleWebKit/537.36 (KHTML, like Gecko; compatible; ClaudeBot/1.0; +claudebot@anthropic.com)"
162.0.209.141 - - [25/Apr/2026:10:59:13 -0400] "POST /wp-cron.php?doing_wp_cron=1777129152.9942600727081298828125 HTTP/1.1" 403 1242 "-" "WordPress/6.4.2; https://ostwalcollegeofpharmacy.com"
216.73.217.80 - - [25/Apr/2026:10:59:12 -0400] "GET /?w=11038095041140 HTTP/1.1" 500 1053 "-" "Mozilla/5.0 AppleWebKit/537.36 (KHTML, like Gecko; compatible; ClaudeBot/1.0; +claudebot@anthropic.com)"
216.73.217.80 - - [25/Apr/2026:10:59:17 -0400] "GET /?w=19099179051140 HTTP/1.1" 500 1053 "-" "Mozilla/5.0 AppleWebKit/537.36 (KHTML, like Gecko; compatible; ClaudeBot/1.0; +claudebot@anthropic.com)"
216.73.217.80 - - [25/Apr/2026:10:59:22 -0400] "GET /?w=26471360001140 HTTP/1.1" 500 1053 "-" "Mozilla/5.0 AppleWebKit/537.36 (KHTML, like Gecko; compatible; ClaudeBot/1.0; +claudebot@anthropic.com)"
216.73.217.80 - - [25/Apr/2026:10:59:27 -0400] "GET /?w=12853239011140 HTTP/1.1" 500 1053 "-" "Mozilla/5.0 AppleWebKit/537.36 (KHTML, like Gecko; compatible; ClaudeBot/1.0; +claudebot@anthropic.com)"
216.73.217.80 - - [25/Apr/2026:10:59:32 -0400] "GET /?w=25645280021140 HTTP/1.1" 500 1053 "-" "Mozilla/5.0 AppleWebKit/537.36 (KHTML, like Gecko; compatible; ClaudeBot/1.0; +claudebot@anthropic.com)"
216.73.217.80 - - [25/Apr/2026:10:59:37 -0400] "GET /?w=25482170051140 HTTP/1.1" 500 1053 "-" "Mozilla/5.0 AppleWebKit/537.36 (KHTML, like Gecko; compatible; ClaudeBot/1.0; +claudebot@anthropic.com)"
52.167.144.177 - - [25/Apr/2026:10:59:37 -0400] "GET /sitemap-12.xml HTTP/1.1" 200 9629 "-" "Mozilla/5.0 AppleWebKit/537.36 (KHTML, like Gecko; compatible; bingbot/2.0; +http://www.bing.com/bingbot.htm) Chrome/116.0.1938.76 Safari/537.36"
216.73.217.80 - - [25/Apr/2026:10:59:42 -0400] "GET /?w=27410180041140 HTTP/1.1" 500 1053 "-" "Mozilla/5.0 AppleWebKit/537.36 (KHTML, like Gecko; compatible; ClaudeBot/1.0; +claudebot@anthropic.com)"
216.73.217.80 - - [25/Apr/2026:10:59:47 -0400] "GET /?w=24946760091140 HTTP/1.1" 500 1053 "-" "Mozilla/5.0 AppleWebKit/537.36 (KHTML, like Gecko; compatible; ClaudeBot/1.0; +claudebot@anthropic.com)"
216.73.217.80 - - [25/Apr/2026:10:59:52 -0400] "GET /?w=11733005021140 HTTP/1.1" 500 1053 "-" "Mozilla/5.0 AppleWebKit/537.36 (KHTML, like Gecko; compatible; ClaudeBot/1.0; +claudebot@anthropic.com)"
54.39.203.23 - - [25/Apr/2026:10:59:56 -0400] "GET /wp-content/uploads/2021/07/?SA HTTP/1.1" 200 562 "-" "Mozilla/5.0 (compatible; AhrefsBot/7.0; +http://ahrefs.com/robot/)"
216.73.217.80 - - [25/Apr/2026:10:59:57 -0400] "GET /?w=20087229091140 HTTP/1.1" 500 1053 "-" "Mozilla/5.0 AppleWebKit/537.36 (KHTML, like Gecko; compatible; ClaudeBot/1.0; +claudebot@anthropic.com)"
216.73.217.80 - - [25/Apr/2026:11:00:02 -0400] "GET /?w=29686310031140 HTTP/1.1" 500 1053 "-" "Mozilla/5.0 AppleWebKit/537.36 (KHTML, like Gecko; compatible; ClaudeBot/1.0; +claudebot@anthropic.com)"
216.73.217.80 - - [25/Apr/2026:11:00:07 -0400] "GET /?w=12426016071140 HTTP/1.1" 500 1053 "-" "Mozilla/5.0 AppleWebKit/537.36 (KHTML, like Gecko; compatible; ClaudeBot/1.0; +claudebot@anthropic.com)"
162.0.209.141 - - [25/Apr/2026:11:00:13 -0400] "POST /wp-cron.php?doing_wp_cron=1777129213.2946739196777343750000 HTTP/1.1" 403 1242 "-" "WordPress/6.4.2; https://ostwalcollegeofpharmacy.com"
216.73.217.80 - - [25/Apr/2026:11:00:12 -0400] "GET /?w=3519199071140 HTTP/1.1" 500 1053 "-" "Mozilla/5.0 AppleWebKit/537.36 (KHTML, like Gecko; compatible; ClaudeBot/1.0; +claudebot@anthropic.com)"
216.73.217.80 - - [25/Apr/2026:11:00:17 -0400] "GET /?w=7749742021140 HTTP/1.1" 500 1053 "-" "Mozilla/5.0 AppleWebKit/537.36 (KHTML, like Gecko; compatible; ClaudeBot/1.0; +claudebot@anthropic.com)"
216.73.217.80 - - [25/Apr/2026:11:00:22 -0400] "GET /?w=24868760021140 HTTP/1.1" 500 1053 "-" "Mozilla/5.0 AppleWebKit/537.36 (KHTML, like Gecko; compatible; ClaudeBot/1.0; +claudebot@anthropic.com)"
216.73.217.80 - - [25/Apr/2026:11:00:27 -0400] "GET /?w=2896525031140 HTTP/1.1" 500 1053 "-" "Mozilla/5.0 AppleWebKit/537.36 (KHTML, like Gecko; compatible; ClaudeBot/1.0; +claudebot@anthropic.com)"
216.73.217.80 - - [25/Apr/2026:11:00:32 -0400] "GET /?w=3300973051140 HTTP/1.1" 500 1053 "-" "Mozilla/5.0 AppleWebKit/537.36 (KHTML, like Gecko; compatible; ClaudeBot/1.0; +claudebot@anthropic.com)"
216.73.217.80 - - [25/Apr/2026:11:00:37 -0400] "GET /?w=27894380021140 HTTP/1.1" 500 1053 "-" "Mozilla/5.0 AppleWebKit/537.36 (KHTML, like Gecko; compatible; ClaudeBot/1.0; +claudebot@anthropic.com)"
114.119.150.239 - - [25/Apr/2026:11:00:42 -0400] "GET /wp-includes/css/dist/customize-widgets/style-rtl.min.css HTTP/1.1" 200 1633 "https://ostwalcollegeofpharmacy.com/wp-includes/css/dist/customize-widgets?SD" "Mozilla/5.0 (Linux; Android 7.0;) AppleWebKit/537.36 (HTML, like Gecko) Mobile Safari/537.36 (compatible; PetalBot;+https://webmaster.petalsearch.com/site/petalbot)"
216.73.217.80 - - [25/Apr/2026:11:00:42 -0400] "GET /?w=12147346011140 HTTP/1.1" 500 1053 "-" "Mozilla/5.0 AppleWebKit/537.36 (KHTML, like Gecko; compatible; ClaudeBot/1.0; +claudebot@anthropic.com)"
216.73.217.80 - - [25/Apr/2026:11:00:47 -0400] "GET /?w=24944930001140 HTTP/1.1" 500 1053 "-" "Mozilla/5.0 AppleWebKit/537.36 (KHTML, like Gecko; compatible; ClaudeBot/1.0; +claudebot@anthropic.com)"
216.73.217.80 - - [25/Apr/2026:11:00:52 -0400] "GET /?w=9199483071140 HTTP/1.1" 500 1053 "-" "Mozilla/5.0 AppleWebKit/537.36 (KHTML, like Gecko; compatible; ClaudeBot/1.0; +claudebot@anthropic.com)"
216.73.217.80 - - [25/Apr/2026:11:00:57 -0400] "GET /?w=22631529021140 HTTP/1.1" 500 1053 "-" "Mozilla/5.0 AppleWebKit/537.36 (KHTML, like Gecko; compatible; ClaudeBot/1.0; +claudebot@anthropic.com)"
216.73.217.80 - - [25/Apr/2026:11:01:02 -0400] "GET /?w=26655890091140 HTTP/1.1" 500 1053 "-" "Mozilla/5.0 AppleWebKit/537.36 (KHTML, like Gecko; compatible; ClaudeBot/1.0; +claudebot@anthropic.com)"
216.73.217.80 - - [25/Apr/2026:11:01:08 -0400] "GET /?w=14291715021140 HTTP/1.1" 500 1053 "-" "Mozilla/5.0 AppleWebKit/537.36 (KHTML, like Gecko; compatible; ClaudeBot/1.0; +claudebot@anthropic.com)"
162.0.209.141 - - [25/Apr/2026:11:01:13 -0400] "POST /wp-cron.php?doing_wp_cron=1777129273.7036890983581542968750 HTTP/1.1" 403 1242 "-" "WordPress/6.4.2; https://ostwalcollegeofpharmacy.com"
216.73.217.80 - - [25/Apr/2026:11:01:13 -0400] "GET /?w=32220015041140 HTTP/1.1" 500 1053 "-" "Mozilla/5.0 AppleWebKit/537.36 (KHTML, like Gecko; compatible; ClaudeBot/1.0; +claudebot@anthropic.com)"
216.73.217.80 - - [25/Apr/2026:11:01:18 -0400] "GET /?w=21673299041140 HTTP/1.1" 500 1053 "-" "Mozilla/5.0 AppleWebKit/537.36 (KHTML, like Gecko; compatible; ClaudeBot/1.0; +claudebot@anthropic.com)"
216.73.217.80 - - [25/Apr/2026:11:01:23 -0400] "GET /?w=16974789041140 HTTP/1.1" 500 1053 "-" "Mozilla/5.0 AppleWebKit/537.36 (KHTML, like Gecko; compatible; ClaudeBot/1.0; +claudebot@anthropic.com)"
216.73.217.80 - - [25/Apr/2026:11:01:28 -0400] "GET /?w=8220699041140 HTTP/1.1" 500 1053 "-" "Mozilla/5.0 AppleWebKit/537.36 (KHTML, like Gecko; compatible; ClaudeBot/1.0; +claudebot@anthropic.com)"
216.73.217.80 - - [25/Apr/2026:11:01:33 -0400] "GET /?w=995893071140 HTTP/1.1" 500 1053 "-" "Mozilla/5.0 AppleWebKit/537.36 (KHTML, like Gecko; compatible; ClaudeBot/1.0; +claudebot@anthropic.com)"
216.73.217.80 - - [25/Apr/2026:11:01:38 -0400] "GET /?w=29092640001140 HTTP/1.1" 500 1053 "-" "Mozilla/5.0 AppleWebKit/537.36 (KHTML, like Gecko; compatible; ClaudeBot/1.0; +claudebot@anthropic.com)"
216.73.217.80 - - [25/Apr/2026:11:01:43 -0400] "GET /?w=29458730031140 HTTP/1.1" 500 1053 "-" "Mozilla/5.0 AppleWebKit/537.36 (KHTML, like Gecko; compatible; ClaudeBot/1.0; +claudebot@anthropic.com)"
216.73.217.80 - - [25/Apr/2026:11:01:48 -0400] "GET /?w=4111440091140 HTTP/1.1" 500 1053 "-" "Mozilla/5.0 AppleWebKit/537.36 (KHTML, like Gecko; compatible; ClaudeBot/1.0; +claudebot@anthropic.com)"
216.73.217.80 - - [25/Apr/2026:11:01:53 -0400] "GET /?w=3150042051140 HTTP/1.1" 500 1053 "-" "Mozilla/5.0 AppleWebKit/537.36 (KHTML, like Gecko; compatible; ClaudeBot/1.0; +claudebot@anthropic.com)"
216.73.217.80 - - [25/Apr/2026:11:01:58 -0400] "GET /?w=18633189021140 HTTP/1.1" 500 1053 "-" "Mozilla/5.0 AppleWebKit/537.36 (KHTML, like Gecko; compatible; ClaudeBot/1.0; +claudebot@anthropic.com)"
216.73.217.80 - - [25/Apr/2026:11:02:03 -0400] "GET /?w=20994429061140 HTTP/1.1" 500 1053 "-" "Mozilla/5.0 AppleWebKit/537.36 (KHTML, like Gecko; compatible; ClaudeBot/1.0; +claudebot@anthropic.com)"
216.73.217.80 - - [25/Apr/2026:11:02:08 -0400] "GET /?w=9468012021140 HTTP/1.1" 500 1053 "-" "Mozilla/5.0 AppleWebKit/537.36 (KHTML, like Gecko; compatible; ClaudeBot/1.0; +claudebot@anthropic.com)"
216.73.217.80 - - [25/Apr/2026:11:02:13 -0400] "GET /?w=8863734031140 HTTP/1.1" 500 1053 "-" "Mozilla/5.0 AppleWebKit/537.36 (KHTML, like Gecko; compatible; ClaudeBot/1.0; +claudebot@anthropic.com)"
162.0.209.141 - - [25/Apr/2026:11:02:18 -0400] "POST /wp-cron.php?doing_wp_cron=1777129338.4622159004211425781250 HTTP/1.1" 403 1242 "-" "WordPress/6.4.2; https://ostwalcollegeofpharmacy.com"
