216.73.217.80 - - [25/Apr/2026:11:02:18 -0400] "GET /?w=21142479011140 HTTP/1.1" 500 1053 "-" "Mozilla/5.0 AppleWebKit/537.36 (KHTML, like Gecko; compatible; ClaudeBot/1.0; +claudebot@anthropic.com)"
216.73.217.80 - - [25/Apr/2026:11:02:23 -0400] "GET /?w=32173435021140 HTTP/1.1" 500 1053 "-" "Mozilla/5.0 AppleWebKit/537.36 (KHTML, like Gecko; compatible; ClaudeBot/1.0; +claudebot@anthropic.com)"
216.73.217.80 - - [25/Apr/2026:11:02:28 -0400] "GET /?w=8761845131140 HTTP/1.1" 500 1053 "-" "Mozilla/5.0 AppleWebKit/537.36 (KHTML, like Gecko; compatible; ClaudeBot/1.0; +claudebot@anthropic.com)"
216.73.217.80 - - [25/Apr/2026:11:02:33 -0400] "GET /?w=5205912071140 HTTP/1.1" 500 1053 "-" "Mozilla/5.0 AppleWebKit/537.36 (KHTML, like Gecko; compatible; ClaudeBot/1.0; +claudebot@anthropic.com)"
216.73.217.80 - - [25/Apr/2026:11:02:38 -0400] "GET /?w=2643991011140 HTTP/1.1" 500 1053 "-" "Mozilla/5.0 AppleWebKit/537.36 (KHTML, like Gecko; compatible; ClaudeBot/1.0; +claudebot@anthropic.com)"
216.73.217.80 - - [25/Apr/2026:11:02:43 -0400] "GET /?w=25148990071140 HTTP/1.1" 500 1053 "-" "Mozilla/5.0 AppleWebKit/537.36 (KHTML, like Gecko; compatible; ClaudeBot/1.0; +claudebot@anthropic.com)"
216.73.217.80 - - [25/Apr/2026:11:02:48 -0400] "GET /?w=11069394061140 HTTP/1.1" 500 1053 "-" "Mozilla/5.0 AppleWebKit/537.36 (KHTML, like Gecko; compatible; ClaudeBot/1.0; +claudebot@anthropic.com)"
216.73.217.80 - - [25/Apr/2026:11:02:53 -0400] "GET /?w=18894909041140 HTTP/1.1" 500 1053 "-" "Mozilla/5.0 AppleWebKit/537.36 (KHTML, like Gecko; compatible; ClaudeBot/1.0; +claudebot@anthropic.com)"
216.73.217.80 - - [25/Apr/2026:11:02:58 -0400] "GET /?w=9017280001140 HTTP/1.1" 500 1053 "-" "Mozilla/5.0 AppleWebKit/537.36 (KHTML, like Gecko; compatible; ClaudeBot/1.0; +claudebot@anthropic.com)"
216.73.217.80 - - [25/Apr/2026:11:03:03 -0400] "GET /?w=22306359031140 HTTP/1.1" 500 1053 "-" "Mozilla/5.0 AppleWebKit/537.36 (KHTML, like Gecko; compatible; ClaudeBot/1.0; +claudebot@anthropic.com)"
216.73.217.80 - - [25/Apr/2026:11:03:08 -0400] "GET /?w=30606410011140 HTTP/1.1" 500 1053 "-" "Mozilla/5.0 AppleWebKit/537.36 (KHTML, like Gecko; compatible; ClaudeBot/1.0; +claudebot@anthropic.com)"
216.73.217.80 - - [25/Apr/2026:11:03:13 -0400] "GET /?w=8811754031140 HTTP/1.1" 500 1053 "-" "Mozilla/5.0 AppleWebKit/537.36 (KHTML, like Gecko; compatible; ClaudeBot/1.0; +claudebot@anthropic.com)"
162.0.209.141 - - [25/Apr/2026:11:03:18 -0400] "POST /wp-cron.php?doing_wp_cron=1777129398.8831570148468017578125 HTTP/1.1" 403 1242 "-" "WordPress/6.4.2; https://ostwalcollegeofpharmacy.com"
216.73.217.80 - - [25/Apr/2026:11:03:18 -0400] "GET /?w=23529669071140 HTTP/1.1" 500 1053 "-" "Mozilla/5.0 AppleWebKit/537.36 (KHTML, like Gecko; compatible; ClaudeBot/1.0; +claudebot@anthropic.com)"
216.73.217.80 - - [25/Apr/2026:11:03:23 -0400] "GET /?w=8075130001140 HTTP/1.1" 500 1053 "-" "Mozilla/5.0 AppleWebKit/537.36 (KHTML, like Gecko; compatible; ClaudeBot/1.0; +claudebot@anthropic.com)"
216.73.217.80 - - [25/Apr/2026:11:03:28 -0400] "GET /?w=18873549041140 HTTP/1.1" 500 1053 "-" "Mozilla/5.0 AppleWebKit/537.36 (KHTML, like Gecko; compatible; ClaudeBot/1.0; +claudebot@anthropic.com)"
216.73.217.80 - - [25/Apr/2026:11:03:33 -0400] "GET /?w=5760812021140 HTTP/1.1" 500 1053 "-" "Mozilla/5.0 AppleWebKit/537.36 (KHTML, like Gecko; compatible; ClaudeBot/1.0; +claudebot@anthropic.com)"
216.73.217.80 - - [25/Apr/2026:11:03:38 -0400] "GET /?w=19477629021140 HTTP/1.1" 500 1053 "-" "Mozilla/5.0 AppleWebKit/537.36 (KHTML, like Gecko; compatible; ClaudeBot/1.0; +claudebot@anthropic.com)"
216.73.217.80 - - [25/Apr/2026:11:03:43 -0400] "GET /?w=1623006001140 HTTP/1.1" 500 1053 "-" "Mozilla/5.0 AppleWebKit/537.36 (KHTML, like Gecko; compatible; ClaudeBot/1.0; +claudebot@anthropic.com)"
216.73.217.80 - - [25/Apr/2026:11:03:48 -0400] "GET /?w=23397699041140 HTTP/1.1" 500 1053 "-" "Mozilla/5.0 AppleWebKit/537.36 (KHTML, like Gecko; compatible; ClaudeBot/1.0; +claudebot@anthropic.com)"
216.73.217.80 - - [25/Apr/2026:11:03:53 -0400] "GET /?w=25983290051140 HTTP/1.1" 500 1053 "-" "Mozilla/5.0 AppleWebKit/537.36 (KHTML, like Gecko; compatible; ClaudeBot/1.0; +claudebot@anthropic.com)"
15.235.98.75 - - [25/Apr/2026:11:03:57 -0400] "GET /wp-content/uploads/2021/03/?SA HTTP/1.1" 200 562 "-" "Mozilla/5.0 (compatible; AhrefsBot/7.0; +http://ahrefs.com/robot/)"
216.73.217.80 - - [25/Apr/2026:11:03:58 -0400] "GET /?w=11000043021140 HTTP/1.1" 500 1053 "-" "Mozilla/5.0 AppleWebKit/537.36 (KHTML, like Gecko; compatible; ClaudeBot/1.0; +claudebot@anthropic.com)"
216.73.217.80 - - [25/Apr/2026:11:04:03 -0400] "GET /?w=30236360001140 HTTP/1.1" 500 1053 "-" "Mozilla/5.0 AppleWebKit/537.36 (KHTML, like Gecko; compatible; ClaudeBot/1.0; +claudebot@anthropic.com)"
216.73.217.80 - - [25/Apr/2026:11:04:08 -0400] "GET /?w=3512659081140 HTTP/1.1" 500 1053 "-" "Mozilla/5.0 AppleWebKit/537.36 (KHTML, like Gecko; compatible; ClaudeBot/1.0; +claudebot@anthropic.com)"
216.73.217.80 - - [25/Apr/2026:11:04:13 -0400] "GET /?w=6839824011140 HTTP/1.1" 500 1053 "-" "Mozilla/5.0 AppleWebKit/537.36 (KHTML, like Gecko; compatible; ClaudeBot/1.0; +claudebot@anthropic.com)"
162.0.209.141 - - [25/Apr/2026:11:04:19 -0400] "POST /wp-cron.php?doing_wp_cron=1777129459.1186819076538085937500 HTTP/1.1" 403 1242 "-" "WordPress/6.4.2; https://ostwalcollegeofpharmacy.com"
216.73.217.80 - - [25/Apr/2026:11:04:18 -0400] "GET /?w=32098435041140 HTTP/1.1" 500 1053 "-" "Mozilla/5.0 AppleWebKit/537.36 (KHTML, like Gecko; compatible; ClaudeBot/1.0; +claudebot@anthropic.com)"
216.73.217.80 - - [25/Apr/2026:11:04:23 -0400] "GET /?w=22597899081140 HTTP/1.1" 500 1053 "-" "Mozilla/5.0 AppleWebKit/537.36 (KHTML, like Gecko; compatible; ClaudeBot/1.0; +claudebot@anthropic.com)"
216.73.217.80 - - [25/Apr/2026:11:04:28 -0400] "GET /?w=11426442011140 HTTP/1.1" 500 1053 "-" "Mozilla/5.0 AppleWebKit/537.36 (KHTML, like Gecko; compatible; ClaudeBot/1.0; +claudebot@anthropic.com)"
216.73.217.80 - - [25/Apr/2026:11:04:33 -0400] "GET /?w=28810460041140 HTTP/1.1" 500 1053 "-" "Mozilla/5.0 AppleWebKit/537.36 (KHTML, like Gecko; compatible; ClaudeBot/1.0; +claudebot@anthropic.com)"
216.73.217.80 - - [25/Apr/2026:11:04:38 -0400] "GET /?w=7715278041140 HTTP/1.1" 500 1053 "-" "Mozilla/5.0 AppleWebKit/537.36 (KHTML, like Gecko; compatible; ClaudeBot/1.0; +claudebot@anthropic.com)"
216.73.217.80 - - [25/Apr/2026:11:04:43 -0400] "GET /?w=13894551031140 HTTP/1.1" 500 1053 "-" "Mozilla/5.0 AppleWebKit/537.36 (KHTML, like Gecko; compatible; ClaudeBot/1.0; +claudebot@anthropic.com)"
114.119.149.137 - - [25/Apr/2026:11:04:48 -0400] "GET /wp-includes/js/plupload/plupload.min.js HTTP/1.1" 200 6011 "https://ostwalcollegeofpharmacy.com/wp-includes/js/plupload/" "Mozilla/5.0 (Linux; Android 7.0;) AppleWebKit/537.36 (HTML, like Gecko) Mobile Safari/537.36 (compatible; PetalBot;+https://webmaster.petalsearch.com/site/petalbot)"
216.73.217.80 - - [25/Apr/2026:11:04:48 -0400] "GET /?w=5907823001140 HTTP/1.1" 500 1053 "-" "Mozilla/5.0 AppleWebKit/537.36 (KHTML, like Gecko; compatible; ClaudeBot/1.0; +claudebot@anthropic.com)"
216.73.217.80 - - [25/Apr/2026:11:04:53 -0400] "GET /?w=28801130041140 HTTP/1.1" 500 1053 "-" "Mozilla/5.0 AppleWebKit/537.36 (KHTML, like Gecko; compatible; ClaudeBot/1.0; +claudebot@anthropic.com)"
216.73.217.80 - - [25/Apr/2026:11:04:58 -0400] "GET /?w=2630621021140 HTTP/1.1" 500 1053 "-" "Mozilla/5.0 AppleWebKit/537.36 (KHTML, like Gecko; compatible; ClaudeBot/1.0; +claudebot@anthropic.com)"
216.73.217.80 - - [25/Apr/2026:11:05:03 -0400] "GET /?w=22517049091140 HTTP/1.1" 500 1053 "-" "Mozilla/5.0 AppleWebKit/537.36 (KHTML, like Gecko; compatible; ClaudeBot/1.0; +claudebot@anthropic.com)"
216.73.217.80 - - [25/Apr/2026:11:05:08 -0400] "GET /?w=30116990021140 HTTP/1.1" 500 1053 "-" "Mozilla/5.0 AppleWebKit/537.36 (KHTML, like Gecko; compatible; ClaudeBot/1.0; +claudebot@anthropic.com)"
216.73.217.80 - - [25/Apr/2026:11:05:13 -0400] "GET /?w=32729893011140 HTTP/1.1" 500 1053 "-" "Mozilla/5.0 AppleWebKit/537.36 (KHTML, like Gecko; compatible; ClaudeBot/1.0; +claudebot@anthropic.com)"
162.0.209.141 - - [25/Apr/2026:11:05:19 -0400] "POST /wp-cron.php?doing_wp_cron=1777129519.1647460460662841796875 HTTP/1.1" 403 1242 "-" "WordPress/6.4.2; https://ostwalcollegeofpharmacy.com"
216.73.217.80 - - [25/Apr/2026:11:05:18 -0400] "GET /?w=30476840041140 HTTP/1.1" 500 1053 "-" "Mozilla/5.0 AppleWebKit/537.36 (KHTML, like Gecko; compatible; ClaudeBot/1.0; +claudebot@anthropic.com)"
216.73.217.80 - - [25/Apr/2026:11:05:23 -0400] "GET /?w=28606880011140 HTTP/1.1" 500 1053 "-" "Mozilla/5.0 AppleWebKit/537.36 (KHTML, like Gecko; compatible; ClaudeBot/1.0; +claudebot@anthropic.com)"
216.73.217.80 - - [25/Apr/2026:11:05:28 -0400] "GET /?w=19672809011140 HTTP/1.1" 500 1053 "-" "Mozilla/5.0 AppleWebKit/537.36 (KHTML, like Gecko; compatible; ClaudeBot/1.0; +claudebot@anthropic.com)"
216.73.217.80 - - [25/Apr/2026:11:05:33 -0400] "GET /?w=25948370081140 HTTP/1.1" 500 1053 "-" "Mozilla/5.0 AppleWebKit/537.36 (KHTML, like Gecko; compatible; ClaudeBot/1.0; +claudebot@anthropic.com)"
216.73.217.80 - - [25/Apr/2026:11:05:39 -0400] "GET /?w=23459229011140 HTTP/1.1" 500 1053 "-" "Mozilla/5.0 AppleWebKit/537.36 (KHTML, like Gecko; compatible; ClaudeBot/1.0; +claudebot@anthropic.com)"
216.73.217.80 - - [25/Apr/2026:11:05:43 -0400] "GET /?w=32407387071140 HTTP/1.1" 500 1053 "-" "Mozilla/5.0 AppleWebKit/537.36 (KHTML, like Gecko; compatible; ClaudeBot/1.0; +claudebot@anthropic.com)"
216.73.217.80 - - [25/Apr/2026:11:05:48 -0400] "GET /?w=27693950111140 HTTP/1.1" 500 1053 "-" "Mozilla/5.0 AppleWebKit/537.36 (KHTML, like Gecko; compatible; ClaudeBot/1.0; +claudebot@anthropic.com)"
216.73.217.80 - - [25/Apr/2026:11:05:53 -0400] "GET /?w=20648739071140 HTTP/1.1" 500 1053 "-" "Mozilla/5.0 AppleWebKit/537.36 (KHTML, like Gecko; compatible; ClaudeBot/1.0; +claudebot@anthropic.com)"
216.73.217.80 - - [25/Apr/2026:11:05:58 -0400] "GET /?w=3791487001140 HTTP/1.1" 500 1053 "-" "Mozilla/5.0 AppleWebKit/537.36 (KHTML, like Gecko; compatible; ClaudeBot/1.0; +claudebot@anthropic.com)"
216.73.217.80 - - [25/Apr/2026:11:06:03 -0400] "GET /?w=21825009081140 HTTP/1.1" 500 1053 "-" "Mozilla/5.0 AppleWebKit/537.36 (KHTML, like Gecko; compatible; ClaudeBot/1.0; +claudebot@anthropic.com)"
216.73.217.80 - - [25/Apr/2026:11:06:08 -0400] "GET /?w=17353929011140 HTTP/1.1" 500 1053 "-" "Mozilla/5.0 AppleWebKit/537.36 (KHTML, like Gecko; compatible; ClaudeBot/1.0; +claudebot@anthropic.com)"
216.73.217.80 - - [25/Apr/2026:11:06:13 -0400] "GET /?w=25576670021140 HTTP/1.1" 500 1053 "-" "Mozilla/5.0 AppleWebKit/537.36 (KHTML, like Gecko; compatible; ClaudeBot/1.0; +claudebot@anthropic.com)"
162.0.209.141 - - [25/Apr/2026:11:06:19 -0400] "POST /wp-cron.php?doing_wp_cron=1777129579.2536330223083496093750 HTTP/1.1" 403 1242 "-" "WordPress/6.4.2; https://ostwalcollegeofpharmacy.com"
216.73.217.80 - - [25/Apr/2026:11:06:18 -0400] "GET /?w=7913382001140 HTTP/1.1" 500 1053 "-" "Mozilla/5.0 AppleWebKit/537.36 (KHTML, like Gecko; compatible; ClaudeBot/1.0; +claudebot@anthropic.com)"
216.73.217.80 - - [25/Apr/2026:11:06:23 -0400] "GET /?w=31220330031140 HTTP/1.1" 500 1053 "-" "Mozilla/5.0 AppleWebKit/537.36 (KHTML, like Gecko; compatible; ClaudeBot/1.0; +claudebot@anthropic.com)"
216.73.217.80 - - [25/Apr/2026:11:06:28 -0400] "GET /?w=10853532061140 HTTP/1.1" 500 1053 "-" "Mozilla/5.0 AppleWebKit/537.36 (KHTML, like Gecko; compatible; ClaudeBot/1.0; +claudebot@anthropic.com)"
216.73.217.80 - - [25/Apr/2026:11:06:33 -0400] "GET /?w=1726995011140 HTTP/1.1" 500 1053 "-" "Mozilla/5.0 AppleWebKit/537.36 (KHTML, like Gecko; compatible; ClaudeBot/1.0; +claudebot@anthropic.com)"
216.73.217.80 - - [25/Apr/2026:11:06:38 -0400] "GET /?w=26962370041140 HTTP/1.1" 500 1053 "-" "Mozilla/5.0 AppleWebKit/537.36 (KHTML, like Gecko; compatible; ClaudeBot/1.0; +claudebot@anthropic.com)"
216.73.217.80 - - [25/Apr/2026:11:06:43 -0400] "GET /?w=11479686021140 HTTP/1.1" 500 1053 "-" "Mozilla/5.0 AppleWebKit/537.36 (KHTML, like Gecko; compatible; ClaudeBot/1.0; +claudebot@anthropic.com)"
216.73.217.80 - - [25/Apr/2026:11:06:48 -0400] "GET /?w=26903570071140 HTTP/1.1" 500 1053 "-" "Mozilla/5.0 AppleWebKit/537.36 (KHTML, like Gecko; compatible; ClaudeBot/1.0; +claudebot@anthropic.com)"
216.73.217.80 - - [25/Apr/2026:11:06:54 -0400] "GET /?w=7013874001140 HTTP/1.1" 500 1053 "-" "Mozilla/5.0 AppleWebKit/537.36 (KHTML, like Gecko; compatible; ClaudeBot/1.0; +claudebot@anthropic.com)"
216.73.217.80 - - [25/Apr/2026:11:06:59 -0400] "GET /?w=8823659021140 HTTP/1.1" 500 1053 "-" "Mozilla/5.0 AppleWebKit/537.36 (KHTML, like Gecko; compatible; ClaudeBot/1.0; +claudebot@anthropic.com)"
216.73.217.80 - - [25/Apr/2026:11:07:04 -0400] "GET /?w=21764709131140 HTTP/1.1" 500 1053 "-" "Mozilla/5.0 AppleWebKit/537.36 (KHTML, like Gecko; compatible; ClaudeBot/1.0; +claudebot@anthropic.com)"
216.73.217.80 - - [25/Apr/2026:11:07:09 -0400] "GET /?w=882082061140 HTTP/1.1" 500 1053 "-" "Mozilla/5.0 AppleWebKit/537.36 (KHTML, like Gecko; compatible; ClaudeBot/1.0; +claudebot@anthropic.com)"
216.73.217.80 - - [25/Apr/2026:11:07:14 -0400] "GET /?w=32581738011140 HTTP/1.1" 500 1053 "-" "Mozilla/5.0 AppleWebKit/537.36 (KHTML, like Gecko; compatible; ClaudeBot/1.0; +claudebot@anthropic.com)"
162.0.209.141 - - [25/Apr/2026:11:07:19 -0400] "POST /wp-cron.php?doing_wp_cron=1777129639.8198280334472656250000 HTTP/1.1" 403 1242 "-" "WordPress/6.4.2; https://ostwalcollegeofpharmacy.com"
216.73.217.80 - - [25/Apr/2026:11:07:19 -0400] "GET /?w=9639133011140 HTTP/1.1" 500 1053 "-" "Mozilla/5.0 AppleWebKit/537.36 (KHTML, like Gecko; compatible; ClaudeBot/1.0; +claudebot@anthropic.com)"
216.73.217.80 - - [25/Apr/2026:11:07:24 -0400] "GET /?w=31268870031140 HTTP/1.1" 500 1053 "-" "Mozilla/5.0 AppleWebKit/537.36 (KHTML, like Gecko; compatible; ClaudeBot/1.0; +claudebot@anthropic.com)"
216.73.217.80 - - [25/Apr/2026:11:07:29 -0400] "GET /?w=27526940061140 HTTP/1.1" 500 1053 "-" "Mozilla/5.0 AppleWebKit/537.36 (KHTML, like Gecko; compatible; ClaudeBot/1.0; +claudebot@anthropic.com)"
216.73.217.80 - - [25/Apr/2026:11:07:34 -0400] "GET /?w=18216879011140 HTTP/1.1" 500 1053 "-" "Mozilla/5.0 AppleWebKit/537.36 (KHTML, like Gecko; compatible; ClaudeBot/1.0; +claudebot@anthropic.com)"
216.73.217.80 - - [25/Apr/2026:11:07:39 -0400] "GET /?w=19273389011140 HTTP/1.1" 500 1053 "-" "Mozilla/5.0 AppleWebKit/537.36 (KHTML, like Gecko; compatible; ClaudeBot/1.0; +claudebot@anthropic.com)"
216.73.217.80 - - [25/Apr/2026:11:07:44 -0400] "GET /?w=7685123031140 HTTP/1.1" 500 1053 "-" "Mozilla/5.0 AppleWebKit/537.36 (KHTML, like Gecko; compatible; ClaudeBot/1.0; +claudebot@anthropic.com)"
216.73.217.80 - - [25/Apr/2026:11:07:49 -0400] "GET /?w=32038324031140 HTTP/1.1" 500 1053 "-" "Mozilla/5.0 AppleWebKit/537.36 (KHTML, like Gecko; compatible; ClaudeBot/1.0; +claudebot@anthropic.com)"
142.44.225.33 - - [25/Apr/2026:11:07:50 -0400] "GET /wp-content/uploads/2019/?MD HTTP/1.1" 200 992 "-" "Mozilla/5.0 (compatible; AhrefsBot/7.0; +http://ahrefs.com/robot/)"
216.73.217.80 - - [25/Apr/2026:11:07:54 -0400] "GET /?w=16888599011140 HTTP/1.1" 500 1053 "-" "Mozilla/5.0 AppleWebKit/537.36 (KHTML, like Gecko; compatible; ClaudeBot/1.0; +claudebot@anthropic.com)"
216.73.217.80 - - [25/Apr/2026:11:07:59 -0400] "GET /?w=16812849061140 HTTP/1.1" 500 1053 "-" "Mozilla/5.0 AppleWebKit/537.36 (KHTML, like Gecko; compatible; ClaudeBot/1.0; +claudebot@anthropic.com)"
216.73.217.80 - - [25/Apr/2026:11:08:04 -0400] "GET /?w=10977686071140 HTTP/1.1" 500 1053 "-" "Mozilla/5.0 AppleWebKit/537.36 (KHTML, like Gecko; compatible; ClaudeBot/1.0; +claudebot@anthropic.com)"
216.73.217.80 - - [25/Apr/2026:11:08:09 -0400] "GET /?w=3782896031140 HTTP/1.1" 500 1053 "-" "Mozilla/5.0 AppleWebKit/537.36 (KHTML, like Gecko; compatible; ClaudeBot/1.0; +claudebot@anthropic.com)"
216.73.217.80 - - [25/Apr/2026:11:08:14 -0400] "GET /?w=26699030041140 HTTP/1.1" 500 1053 "-" "Mozilla/5.0 AppleWebKit/537.36 (KHTML, like Gecko; compatible; ClaudeBot/1.0; +claudebot@anthropic.com)"
162.0.209.141 - - [25/Apr/2026:11:08:19 -0400] "POST /wp-cron.php?doing_wp_cron=1777129699.9584228992462158203125 HTTP/1.1" 403 1242 "-" "WordPress/6.4.2; https://ostwalcollegeofpharmacy.com"
216.73.217.80 - - [25/Apr/2026:11:08:19 -0400] "GET /?w=9626557011140 HTTP/1.1" 500 1053 "-" "Mozilla/5.0 AppleWebKit/537.36 (KHTML, like Gecko; compatible; ClaudeBot/1.0; +claudebot@anthropic.com)"
216.73.217.80 - - [25/Apr/2026:11:08:24 -0400] "GET /?w=13133799011140 HTTP/1.1" 500 1053 "-" "Mozilla/5.0 AppleWebKit/537.36 (KHTML, like Gecko; compatible; ClaudeBot/1.0; +claudebot@anthropic.com)"
216.73.217.80 - - [25/Apr/2026:11:08:29 -0400] "GET /?w=26146550021140 HTTP/1.1" 500 1053 "-" "Mozilla/5.0 AppleWebKit/537.36 (KHTML, like Gecko; compatible; ClaudeBot/1.0; +claudebot@anthropic.com)"
216.73.217.80 - - [25/Apr/2026:11:08:34 -0400] "GET /?w=30018320011140 HTTP/1.1" 500 1053 "-" "Mozilla/5.0 AppleWebKit/537.36 (KHTML, like Gecko; compatible; ClaudeBot/1.0; +claudebot@anthropic.com)"
216.73.217.80 - - [25/Apr/2026:11:08:39 -0400] "GET /?w=30780200001140 HTTP/1.1" 500 1053 "-" "Mozilla/5.0 AppleWebKit/537.36 (KHTML, like Gecko; compatible; ClaudeBot/1.0; +claudebot@anthropic.com)"
216.73.217.80 - - [25/Apr/2026:11:08:44 -0400] "GET /?w=23503839021140 HTTP/1.1" 500 1053 "-" "Mozilla/5.0 AppleWebKit/537.36 (KHTML, like Gecko; compatible; ClaudeBot/1.0; +claudebot@anthropic.com)"
216.73.217.80 - - [25/Apr/2026:11:08:49 -0400] "GET /?w=22093509021140 HTTP/1.1" 500 1053 "-" "Mozilla/5.0 AppleWebKit/537.36 (KHTML, like Gecko; compatible; ClaudeBot/1.0; +claudebot@anthropic.com)"
216.73.217.80 - - [25/Apr/2026:11:08:54 -0400] "GET /?w=10013752001140 HTTP/1.1" 500 1053 "-" "Mozilla/5.0 AppleWebKit/537.36 (KHTML, like Gecko; compatible; ClaudeBot/1.0; +claudebot@anthropic.com)"
216.73.217.80 - - [25/Apr/2026:11:08:59 -0400] "GET /?w=19997919091140 HTTP/1.1" 500 1053 "-" "Mozilla/5.0 AppleWebKit/537.36 (KHTML, like Gecko; compatible; ClaudeBot/1.0; +claudebot@anthropic.com)"
114.119.150.239 - - [25/Apr/2026:11:09:00 -0400] "GET /wp-includes/fonts/dashicons.woff HTTP/1.1" 200 26124 "https://ostwalcollegeofpharmacy.com/wp-includes/fonts/?ND" "Mozilla/5.0 (Linux; Android 7.0;) AppleWebKit/537.36 (HTML, like Gecko) Mobile Safari/537.36 (compatible; PetalBot;+https://webmaster.petalsearch.com/site/petalbot)"
216.73.217.80 - - [25/Apr/2026:11:09:04 -0400] "GET /?w=22690269041140 HTTP/1.1" 500 1053 "-" "Mozilla/5.0 AppleWebKit/537.36 (KHTML, like Gecko; compatible; ClaudeBot/1.0; +claudebot@anthropic.com)"
216.73.217.80 - - [25/Apr/2026:11:09:09 -0400] "GET /?w=11384736071140 HTTP/1.1" 500 1053 "-" "Mozilla/5.0 AppleWebKit/537.36 (KHTML, like Gecko; compatible; ClaudeBot/1.0; +claudebot@anthropic.com)"
216.73.217.80 - - [25/Apr/2026:11:09:14 -0400] "GET /?w=1941058041140 HTTP/1.1" 500 1053 "-" "Mozilla/5.0 AppleWebKit/537.36 (KHTML, like Gecko; compatible; ClaudeBot/1.0; +claudebot@anthropic.com)"
162.0.209.141 - - [25/Apr/2026:11:09:20 -0400] "POST /wp-cron.php?doing_wp_cron=1777129760.0448529720306396484375 HTTP/1.1" 403 1242 "-" "WordPress/6.4.2; https://ostwalcollegeofpharmacy.com"
216.73.217.80 - - [25/Apr/2026:11:09:19 -0400] "GET /?w=12343941011140 HTTP/1.1" 500 1053 "-" "Mozilla/5.0 AppleWebKit/537.36 (KHTML, like Gecko; compatible; ClaudeBot/1.0; +claudebot@anthropic.com)"
216.73.217.80 - - [25/Apr/2026:11:09:24 -0400] "GET /?w=4711768051140 HTTP/1.1" 500 1053 "-" "Mozilla/5.0 AppleWebKit/537.36 (KHTML, like Gecko; compatible; ClaudeBot/1.0; +claudebot@anthropic.com)"
216.73.217.80 - - [25/Apr/2026:11:09:29 -0400] "GET /?w=7263625001140 HTTP/1.1" 500 1053 "-" "Mozilla/5.0 AppleWebKit/537.36 (KHTML, like Gecko; compatible; ClaudeBot/1.0; +claudebot@anthropic.com)"
216.73.217.80 - - [25/Apr/2026:11:09:34 -0400] "GET /?w=12097386011140 HTTP/1.1" 500 1053 "-" "Mozilla/5.0 AppleWebKit/537.36 (KHTML, like Gecko; compatible; ClaudeBot/1.0; +claudebot@anthropic.com)"
216.73.217.80 - - [25/Apr/2026:11:09:39 -0400] "GET /?w=22435869071140 HTTP/1.1" 500 1053 "-" "Mozilla/5.0 AppleWebKit/537.36 (KHTML, like Gecko; compatible; ClaudeBot/1.0; +claudebot@anthropic.com)"
216.73.217.80 - - [25/Apr/2026:11:09:44 -0400] "GET /?w=6514963051140 HTTP/1.1" 500 1053 "-" "Mozilla/5.0 AppleWebKit/537.36 (KHTML, like Gecko; compatible; ClaudeBot/1.0; +claudebot@anthropic.com)"
216.73.217.80 - - [25/Apr/2026:11:09:49 -0400] "GET /?w=13862699021140 HTTP/1.1" 500 1053 "-" "Mozilla/5.0 AppleWebKit/537.36 (KHTML, like Gecko; compatible; ClaudeBot/1.0; +claudebot@anthropic.com)"
216.73.217.80 - - [25/Apr/2026:11:09:55 -0400] "GET /?w=16004499041140 HTTP/1.1" 500 1053 "-" "Mozilla/5.0 AppleWebKit/537.36 (KHTML, like Gecko; compatible; ClaudeBot/1.0; +claudebot@anthropic.com)"
216.73.217.80 - - [25/Apr/2026:11:10:00 -0400] "GET /?w=6371060081140 HTTP/1.1" 500 1053 "-" "Mozilla/5.0 AppleWebKit/537.36 (KHTML, like Gecko; compatible; ClaudeBot/1.0; +claudebot@anthropic.com)"
216.73.217.80 - - [25/Apr/2026:11:10:05 -0400] "GET /?w=26087210051140 HTTP/1.1" 500 1053 "-" "Mozilla/5.0 AppleWebKit/537.36 (KHTML, like Gecko; compatible; ClaudeBot/1.0; +claudebot@anthropic.com)"
216.73.217.80 - - [25/Apr/2026:11:10:10 -0400] "GET /?w=31146050001140 HTTP/1.1" 500 1053 "-" "Mozilla/5.0 AppleWebKit/537.36 (KHTML, like Gecko; compatible; ClaudeBot/1.0; +claudebot@anthropic.com)"
216.73.217.80 - - [25/Apr/2026:11:10:15 -0400] "GET /?w=2054286061140 HTTP/1.1" 500 1053 "-" "Mozilla/5.0 AppleWebKit/537.36 (KHTML, like Gecko; compatible; ClaudeBot/1.0; +claudebot@anthropic.com)"
162.0.209.141 - - [25/Apr/2026:11:10:20 -0400] "POST /wp-cron.php?doing_wp_cron=1777129820.3276510238647460937500 HTTP/1.1" 403 1242 "-" "WordPress/6.4.2; https://ostwalcollegeofpharmacy.com"
216.73.217.80 - - [25/Apr/2026:11:10:20 -0400] "GET /?w=10814478031140 HTTP/1.1" 500 1053 "-" "Mozilla/5.0 AppleWebKit/537.36 (KHTML, like Gecko; compatible; ClaudeBot/1.0; +claudebot@anthropic.com)"
216.73.217.80 - - [25/Apr/2026:11:10:25 -0400] "GET /?w=32437297041140 HTTP/1.1" 500 1053 "-" "Mozilla/5.0 AppleWebKit/537.36 (KHTML, like Gecko; compatible; ClaudeBot/1.0; +claudebot@anthropic.com)"
216.73.217.80 - - [25/Apr/2026:11:10:30 -0400] "GET /?w=14122430021140 HTTP/1.1" 500 1053 "-" "Mozilla/5.0 AppleWebKit/537.36 (KHTML, like Gecko; compatible; ClaudeBot/1.0; +claudebot@anthropic.com)"
216.73.217.80 - - [25/Apr/2026:11:10:35 -0400] "GET /?w=15299723011140 HTTP/1.1" 500 1053 "-" "Mozilla/5.0 AppleWebKit/537.36 (KHTML, like Gecko; compatible; ClaudeBot/1.0; +claudebot@anthropic.com)"
216.73.217.80 - - [25/Apr/2026:11:10:40 -0400] "GET /?w=9031583001140 HTTP/1.1" 500 1053 "-" "Mozilla/5.0 AppleWebKit/537.36 (KHTML, like Gecko; compatible; ClaudeBot/1.0; +claudebot@anthropic.com)"
216.73.217.80 - - [25/Apr/2026:11:10:46 -0400] "GET /?w=20958999001140 HTTP/1.1" 500 1053 "-" "Mozilla/5.0 AppleWebKit/537.36 (KHTML, like Gecko; compatible; ClaudeBot/1.0; +claudebot@anthropic.com)"
216.73.217.80 - - [25/Apr/2026:11:10:50 -0400] "GET /?w=19241919001140 HTTP/1.1" 500 1053 "-" "Mozilla/5.0 AppleWebKit/537.36 (KHTML, like Gecko; compatible; ClaudeBot/1.0; +claudebot@anthropic.com)"
216.73.217.80 - - [25/Apr/2026:11:10:55 -0400] "GET /?w=14378553061140 HTTP/1.1" 500 1053 "-" "Mozilla/5.0 AppleWebKit/537.36 (KHTML, like Gecko; compatible; ClaudeBot/1.0; +claudebot@anthropic.com)"
216.73.217.80 - - [25/Apr/2026:11:11:00 -0400] "GET /?w=4195176001140 HTTP/1.1" 500 1053 "-" "Mozilla/5.0 AppleWebKit/537.36 (KHTML, like Gecko; compatible; ClaudeBot/1.0; +claudebot@anthropic.com)"
216.73.217.80 - - [25/Apr/2026:11:11:05 -0400] "GET /?w=2753679071140 HTTP/1.1" 500 1053 "-" "Mozilla/5.0 AppleWebKit/537.36 (KHTML, like Gecko; compatible; ClaudeBot/1.0; +claudebot@anthropic.com)"
216.73.217.80 - - [25/Apr/2026:11:11:10 -0400] "GET /?w=6263263041140 HTTP/1.1" 500 1053 "-" "Mozilla/5.0 AppleWebKit/537.36 (KHTML, like Gecko; compatible; ClaudeBot/1.0; +claudebot@anthropic.com)"
216.73.217.80 - - [25/Apr/2026:11:11:15 -0400] "GET /?w=7853493011140 HTTP/1.1" 500 1053 "-" "Mozilla/5.0 AppleWebKit/537.36 (KHTML, like Gecko; compatible; ClaudeBot/1.0; +claudebot@anthropic.com)"
162.0.209.141 - - [25/Apr/2026:11:11:20 -0400] "POST /wp-cron.php?doing_wp_cron=1777129880.6321039199829101562500 HTTP/1.1" 403 1242 "-" "WordPress/6.4.2; https://ostwalcollegeofpharmacy.com"
216.73.217.80 - - [25/Apr/2026:11:11:20 -0400] "GET /?w=10843138011140 HTTP/1.1" 500 1053 "-" "Mozilla/5.0 AppleWebKit/537.36 (KHTML, like Gecko; compatible; ClaudeBot/1.0; +claudebot@anthropic.com)"
216.73.217.80 - - [25/Apr/2026:11:11:25 -0400] "GET /?w=24572360011140 HTTP/1.1" 500 1053 "-" "Mozilla/5.0 AppleWebKit/537.36 (KHTML, like Gecko; compatible; ClaudeBot/1.0; +claudebot@anthropic.com)"
216.73.217.80 - - [25/Apr/2026:11:11:30 -0400] "GET /?w=1706185051140 HTTP/1.1" 500 1053 "-" "Mozilla/5.0 AppleWebKit/537.36 (KHTML, like Gecko; compatible; ClaudeBot/1.0; +claudebot@anthropic.com)"
216.73.217.80 - - [25/Apr/2026:11:11:35 -0400] "GET /?w=28268840111140 HTTP/1.1" 500 1053 "-" "Mozilla/5.0 AppleWebKit/537.36 (KHTML, like Gecko; compatible; ClaudeBot/1.0; +claudebot@anthropic.com)"
216.73.217.80 - - [25/Apr/2026:11:11:40 -0400] "GET /?w=14348087001140 HTTP/1.1" 500 1053 "-" "Mozilla/5.0 AppleWebKit/537.36 (KHTML, like Gecko; compatible; ClaudeBot/1.0; +claudebot@anthropic.com)"
216.73.217.80 - - [25/Apr/2026:11:11:45 -0400] "GET /?w=2309591041140 HTTP/1.1" 500 1053 "-" "Mozilla/5.0 AppleWebKit/537.36 (KHTML, like Gecko; compatible; ClaudeBot/1.0; +claudebot@anthropic.com)"
216.73.217.80 - - [25/Apr/2026:11:11:50 -0400] "GET /?w=23235909041140 HTTP/1.1" 500 1053 "-" "Mozilla/5.0 AppleWebKit/537.36 (KHTML, like Gecko; compatible; ClaudeBot/1.0; +claudebot@anthropic.com)"
216.73.217.80 - - [25/Apr/2026:11:11:55 -0400] "GET /?w=8300183001140 HTTP/1.1" 500 1053 "-" "Mozilla/5.0 AppleWebKit/537.36 (KHTML, like Gecko; compatible; ClaudeBot/1.0; +claudebot@anthropic.com)"
216.73.217.80 - - [25/Apr/2026:11:12:00 -0400] "GET /?w=5465905091140 HTTP/1.1" 500 1053 "-" "Mozilla/5.0 AppleWebKit/537.36 (KHTML, like Gecko; compatible; ClaudeBot/1.0; +claudebot@anthropic.com)"
216.73.217.80 - - [25/Apr/2026:11:12:05 -0400] "GET /?w=30923120021140 HTTP/1.1" 500 1053 "-" "Mozilla/5.0 AppleWebKit/537.36 (KHTML, like Gecko; compatible; ClaudeBot/1.0; +claudebot@anthropic.com)"
54.39.210.26 - - [25/Apr/2026:11:12:06 -0400] "GET /wp-content/uploads/2019/?SD HTTP/1.1" 200 984 "-" "Mozilla/5.0 (compatible; AhrefsBot/7.0; +http://ahrefs.com/robot/)"
216.73.217.80 - - [25/Apr/2026:11:12:10 -0400] "GET /?w=30325640031140 HTTP/1.1" 500 1053 "-" "Mozilla/5.0 AppleWebKit/537.36 (KHTML, like Gecko; compatible; ClaudeBot/1.0; +claudebot@anthropic.com)"
216.73.217.80 - - [25/Apr/2026:11:12:15 -0400] "GET /?w=12776947001140 HTTP/1.1" 500 1053 "-" "Mozilla/5.0 AppleWebKit/537.36 (KHTML, like Gecko; compatible; ClaudeBot/1.0; +claudebot@anthropic.com)"
162.0.209.141 - - [25/Apr/2026:11:12:20 -0400] "POST /wp-cron.php?doing_wp_cron=1777129940.6793630123138427734375 HTTP/1.1" 403 1242 "-" "WordPress/6.4.2; https://ostwalcollegeofpharmacy.com"
216.73.217.80 - - [25/Apr/2026:11:12:20 -0400] "GET /?w=31850887021140 HTTP/1.1" 500 1053 "-" "Mozilla/5.0 AppleWebKit/537.36 (KHTML, like Gecko; compatible; ClaudeBot/1.0; +claudebot@anthropic.com)"
216.73.217.80 - - [25/Apr/2026:11:12:25 -0400] "GET /?w=21475299011140 HTTP/1.1" 500 1053 "-" "Mozilla/5.0 AppleWebKit/537.36 (KHTML, like Gecko; compatible; ClaudeBot/1.0; +claudebot@anthropic.com)"
216.73.217.80 - - [25/Apr/2026:11:12:30 -0400] "GET /?w=12545078041140 HTTP/1.1" 500 1053 "-" "Mozilla/5.0 AppleWebKit/537.36 (KHTML, like Gecko; compatible; ClaudeBot/1.0; +claudebot@anthropic.com)"
216.73.217.80 - - [25/Apr/2026:11:12:35 -0400] "GET /?w=32282373141140 HTTP/1.1" 500 1053 "-" "Mozilla/5.0 AppleWebKit/537.36 (KHTML, like Gecko; compatible; ClaudeBot/1.0; +claudebot@anthropic.com)"
216.73.217.80 - - [25/Apr/2026:11:12:40 -0400] "GET /?w=10485575011140 HTTP/1.1" 500 1053 "-" "Mozilla/5.0 AppleWebKit/537.36 (KHTML, like Gecko; compatible; ClaudeBot/1.0; +claudebot@anthropic.com)"
216.73.217.80 - - [25/Apr/2026:11:12:45 -0400] "GET /?w=11182050001140 HTTP/1.1" 500 1053 "-" "Mozilla/5.0 AppleWebKit/537.36 (KHTML, like Gecko; compatible; ClaudeBot/1.0; +claudebot@anthropic.com)"
216.73.217.80 - - [25/Apr/2026:11:12:50 -0400] "GET /?w=6356877031140 HTTP/1.1" 500 1053 "-" "Mozilla/5.0 AppleWebKit/537.36 (KHTML, like Gecko; compatible; ClaudeBot/1.0; +claudebot@anthropic.com)"
114.119.136.148 - - [25/Apr/2026:11:12:54 -0400] "GET /wp-includes/registration-functions.php HTTP/1.1" 403 1242 "https://ostwalcollegeofpharmacy.com/wp-includes/?NA" "Mozilla/5.0 (Linux; Android 7.0;) AppleWebKit/537.36 (HTML, like Gecko) Mobile Safari/537.36 (compatible; PetalBot;+https://webmaster.petalsearch.com/site/petalbot)"
216.73.217.80 - - [25/Apr/2026:11:12:55 -0400] "GET /?w=5766252011140 HTTP/1.1" 500 1053 "-" "Mozilla/5.0 AppleWebKit/537.36 (KHTML, like Gecko; compatible; ClaudeBot/1.0; +claudebot@anthropic.com)"
216.73.217.80 - - [25/Apr/2026:11:13:00 -0400] "GET /?w=22654149121140 HTTP/1.1" 500 1053 "-" "Mozilla/5.0 AppleWebKit/537.36 (KHTML, like Gecko; compatible; ClaudeBot/1.0; +claudebot@anthropic.com)"
216.73.217.80 - - [25/Apr/2026:11:13:05 -0400] "GET /?w=28433300011140 HTTP/1.1" 500 1053 "-" "Mozilla/5.0 AppleWebKit/537.36 (KHTML, like Gecko; compatible; ClaudeBot/1.0; +claudebot@anthropic.com)"
216.73.217.80 - - [25/Apr/2026:11:13:10 -0400] "GET /?w=29377730031140 HTTP/1.1" 500 1053 "-" "Mozilla/5.0 AppleWebKit/537.36 (KHTML, like Gecko; compatible; ClaudeBot/1.0; +claudebot@anthropic.com)"
216.73.217.80 - - [25/Apr/2026:11:13:15 -0400] "GET /?w=1899899121140 HTTP/1.1" 500 1053 "-" "Mozilla/5.0 AppleWebKit/537.36 (KHTML, like Gecko; compatible; ClaudeBot/1.0; +claudebot@anthropic.com)"
162.0.209.141 - - [25/Apr/2026:11:13:21 -0400] "POST /wp-cron.php?doing_wp_cron=1777130001.2419559955596923828125 HTTP/1.1" 403 1242 "-" "WordPress/6.4.2; https://ostwalcollegeofpharmacy.com"
216.73.217.80 - - [25/Apr/2026:11:13:20 -0400] "GET /?w=8238167041140 HTTP/1.1" 500 1053 "-" "Mozilla/5.0 AppleWebKit/537.36 (KHTML, like Gecko; compatible; ClaudeBot/1.0; +claudebot@anthropic.com)"
216.73.217.80 - - [25/Apr/2026:11:13:25 -0400] "GET /?w=24803840021140 HTTP/1.1" 500 1053 "-" "Mozilla/5.0 AppleWebKit/537.36 (KHTML, like Gecko; compatible; ClaudeBot/1.0; +claudebot@anthropic.com)"
216.73.217.80 - - [25/Apr/2026:11:13:30 -0400] "GET /?w=14927922001140 HTTP/1.1" 500 1053 "-" "Mozilla/5.0 AppleWebKit/537.36 (KHTML, like Gecko; compatible; ClaudeBot/1.0; +claudebot@anthropic.com)"
216.73.217.80 - - [25/Apr/2026:11:13:35 -0400] "GET /?w=19936989031140 HTTP/1.1" 500 1053 "-" "Mozilla/5.0 AppleWebKit/537.36 (KHTML, like Gecko; compatible; ClaudeBot/1.0; +claudebot@anthropic.com)"
216.73.217.80 - - [25/Apr/2026:11:13:40 -0400] "GET /?w=21925959051140 HTTP/1.1" 500 1053 "-" "Mozilla/5.0 AppleWebKit/537.36 (KHTML, like Gecko; compatible; ClaudeBot/1.0; +claudebot@anthropic.com)"
216.73.217.80 - - [25/Apr/2026:11:13:45 -0400] "GET /?w=13339426011140 HTTP/1.1" 500 1053 "-" "Mozilla/5.0 AppleWebKit/537.36 (KHTML, like Gecko; compatible; ClaudeBot/1.0; +claudebot@anthropic.com)"
216.73.217.80 - - [25/Apr/2026:11:13:50 -0400] "GET /?w=12164376001140 HTTP/1.1" 500 1053 "-" "Mozilla/5.0 AppleWebKit/537.36 (KHTML, like Gecko; compatible; ClaudeBot/1.0; +claudebot@anthropic.com)"
216.73.217.80 - - [25/Apr/2026:11:13:55 -0400] "GET /?w=10313763001140 HTTP/1.1" 500 1053 "-" "Mozilla/5.0 AppleWebKit/537.36 (KHTML, like Gecko; compatible; ClaudeBot/1.0; +claudebot@anthropic.com)"
216.73.217.80 - - [25/Apr/2026:11:14:00 -0400] "GET /?w=22970589001140 HTTP/1.1" 500 1053 "-" "Mozilla/5.0 AppleWebKit/537.36 (KHTML, like Gecko; compatible; ClaudeBot/1.0; +claudebot@anthropic.com)"
216.73.217.80 - - [25/Apr/2026:11:14:05 -0400] "GET /?w=20485269081140 HTTP/1.1" 500 1053 "-" "Mozilla/5.0 AppleWebKit/537.36 (KHTML, like Gecko; compatible; ClaudeBot/1.0; +claudebot@anthropic.com)"
216.73.217.80 - - [25/Apr/2026:11:14:10 -0400] "GET /?w=2841442041140 HTTP/1.1" 500 1053 "-" "Mozilla/5.0 AppleWebKit/537.36 (KHTML, like Gecko; compatible; ClaudeBot/1.0; +claudebot@anthropic.com)"
216.73.217.80 - - [25/Apr/2026:11:14:15 -0400] "GET /?w=23494179061140 HTTP/1.1" 500 1053 "-" "Mozilla/5.0 AppleWebKit/537.36 (KHTML, like Gecko; compatible; ClaudeBot/1.0; +claudebot@anthropic.com)"
216.73.217.80 - - [25/Apr/2026:11:14:20 -0400] "GET /?w=20747919011140 HTTP/1.1" 500 1053 "-" "Mozilla/5.0 AppleWebKit/537.36 (KHTML, like Gecko; compatible; ClaudeBot/1.0; +claudebot@anthropic.com)"
162.0.209.141 - - [25/Apr/2026:11:14:26 -0400] "POST /wp-cron.php?doing_wp_cron=1777130066.1472470760345458984375 HTTP/1.1" 403 1242 "-" "WordPress/6.4.2; https://ostwalcollegeofpharmacy.com"
216.73.217.80 - - [25/Apr/2026:11:14:25 -0400] "GET /?w=1555843051140 HTTP/1.1" 500 1053 "-" "Mozilla/5.0 AppleWebKit/537.36 (KHTML, like Gecko; compatible; ClaudeBot/1.0; +claudebot@anthropic.com)"
216.73.217.80 - - [25/Apr/2026:11:14:30 -0400] "GET /?w=21789609001140 HTTP/1.1" 500 1053 "-" "Mozilla/5.0 AppleWebKit/537.36 (KHTML, like Gecko; compatible; ClaudeBot/1.0; +claudebot@anthropic.com)"
216.73.217.80 - - [25/Apr/2026:11:14:35 -0400] "GET /?w=19861359031140 HTTP/1.1" 500 1053 "-" "Mozilla/5.0 AppleWebKit/537.36 (KHTML, like Gecko; compatible; ClaudeBot/1.0; +claudebot@anthropic.com)"
216.73.217.80 - - [25/Apr/2026:11:14:41 -0400] "GET /?w=6905695111140 HTTP/1.1" 500 1053 "-" "Mozilla/5.0 AppleWebKit/537.36 (KHTML, like Gecko; compatible; ClaudeBot/1.0; +claudebot@anthropic.com)"
31.40.204.244 - - [25/Apr/2026:11:14:43 -0400] "GET / HTTP/1.1" 301 0 "-" "Mozilla/5.0 (Windows; U; Windows NT 6.1; zh-CN; rv:1.9.0.8) Gecko/2009032609 Firefox/3.0.8 (.NET CLR 3.5.30729)"
31.40.204.244 - - [25/Apr/2026:11:14:45 -0400] "GET / HTTP/1.1" 500 2818 "-" "Mozilla/5.0 (Windows; U; Windows NT 6.1; zh-CN; rv:1.9.0.8) Gecko/2009032609 Firefox/3.0.8 (.NET CLR 3.5.30729)"
216.73.217.80 - - [25/Apr/2026:11:14:46 -0400] "GET /?w=7452022001140 HTTP/1.1" 500 1053 "-" "Mozilla/5.0 AppleWebKit/537.36 (KHTML, like Gecko; compatible; ClaudeBot/1.0; +claudebot@anthropic.com)"
31.40.204.244 - - [25/Apr/2026:11:14:46 -0400] "GET / HTTP/1.1" 301 0 "-" "Mozilla/5.0 (Windows; U; Windows NT 6.1; zh-CN; rv:1.9.0.8) Gecko/2009032609 Firefox/3.0.8 (.NET CLR 3.5.30729)"
31.40.204.244 - - [25/Apr/2026:11:14:47 -0400] "GET / HTTP/1.1" 500 2818 "-" "Mozilla/5.0 (Windows; U; Windows NT 6.1; zh-CN; rv:1.9.0.8) Gecko/2009032609 Firefox/3.0.8 (.NET CLR 3.5.30729)"
216.73.217.80 - - [25/Apr/2026:11:14:51 -0400] "GET /?w=24223040071140 HTTP/1.1" 500 1053 "-" "Mozilla/5.0 AppleWebKit/537.36 (KHTML, like Gecko; compatible; ClaudeBot/1.0; +claudebot@anthropic.com)"
216.73.217.80 - - [25/Apr/2026:11:14:56 -0400] "GET /?w=16672089001140 HTTP/1.1" 500 1053 "-" "Mozilla/5.0 AppleWebKit/537.36 (KHTML, like Gecko; compatible; ClaudeBot/1.0; +claudebot@anthropic.com)"
216.73.217.80 - - [25/Apr/2026:11:15:01 -0400] "GET /?w=15937569001140 HTTP/1.1" 500 1053 "-" "Mozilla/5.0 AppleWebKit/537.36 (KHTML, like Gecko; compatible; ClaudeBot/1.0; +claudebot@anthropic.com)"
216.73.217.80 - - [25/Apr/2026:11:15:06 -0400] "GET /?w=22811049061140 HTTP/1.1" 500 1053 "-" "Mozilla/5.0 AppleWebKit/537.36 (KHTML, like Gecko; compatible; ClaudeBot/1.0; +claudebot@anthropic.com)"
216.73.217.80 - - [25/Apr/2026:11:15:11 -0400] "GET /?w=19468389021140 HTTP/1.1" 500 1053 "-" "Mozilla/5.0 AppleWebKit/537.36 (KHTML, like Gecko; compatible; ClaudeBot/1.0; +claudebot@anthropic.com)"
216.73.217.80 - - [25/Apr/2026:11:15:16 -0400] "GET /?w=1631876041140 HTTP/1.1" 500 1053 "-" "Mozilla/5.0 AppleWebKit/537.36 (KHTML, like Gecko; compatible; ClaudeBot/1.0; +claudebot@anthropic.com)"
216.73.217.80 - - [25/Apr/2026:11:15:21 -0400] "GET /?w=19216659031140 HTTP/1.1" 500 1053 "-" "Mozilla/5.0 AppleWebKit/537.36 (KHTML, like Gecko; compatible; ClaudeBot/1.0; +claudebot@anthropic.com)"
162.0.209.141 - - [25/Apr/2026:11:15:26 -0400] "POST /wp-cron.php?doing_wp_cron=1777130126.3292870521545410156250 HTTP/1.1" 403 1242 "-" "WordPress/6.4.2; https://ostwalcollegeofpharmacy.com"
216.73.217.80 - - [25/Apr/2026:11:15:26 -0400] "GET /?w=24287360001140 HTTP/1.1" 500 1053 "-" "Mozilla/5.0 AppleWebKit/537.36 (KHTML, like Gecko; compatible; ClaudeBot/1.0; +claudebot@anthropic.com)"
216.73.217.80 - - [25/Apr/2026:11:15:31 -0400] "GET /?w=23313939011140 HTTP/1.1" 500 1053 "-" "Mozilla/5.0 AppleWebKit/537.36 (KHTML, like Gecko; compatible; ClaudeBot/1.0; +claudebot@anthropic.com)"
216.73.217.80 - - [25/Apr/2026:11:15:36 -0400] "GET /?w=31420922131140 HTTP/1.1" 500 1053 "-" "Mozilla/5.0 AppleWebKit/537.36 (KHTML, like Gecko; compatible; ClaudeBot/1.0; +claudebot@anthropic.com)"
216.73.217.80 - - [25/Apr/2026:11:15:41 -0400] "GET /?w=1220900061140 HTTP/1.1" 500 1053 "-" "Mozilla/5.0 AppleWebKit/537.36 (KHTML, like Gecko; compatible; ClaudeBot/1.0; +claudebot@anthropic.com)"
216.73.217.80 - - [25/Apr/2026:11:15:46 -0400] "GET /?w=24030579051140 HTTP/1.1" 500 1053 "-" "Mozilla/5.0 AppleWebKit/537.36 (KHTML, like Gecko; compatible; ClaudeBot/1.0; +claudebot@anthropic.com)"
216.73.217.80 - - [25/Apr/2026:11:15:51 -0400] "GET /?w=19939179011140 HTTP/1.1" 500 1053 "-" "Mozilla/5.0 AppleWebKit/537.36 (KHTML, like Gecko; compatible; ClaudeBot/1.0; +claudebot@anthropic.com)"
216.73.217.80 - - [25/Apr/2026:11:15:56 -0400] "GET /?w=12067417001140 HTTP/1.1" 500 1053 "-" "Mozilla/5.0 AppleWebKit/537.36 (KHTML, like Gecko; compatible; ClaudeBot/1.0; +claudebot@anthropic.com)"
216.73.217.80 - - [25/Apr/2026:11:16:01 -0400] "GET /?w=18208419051140 HTTP/1.1" 500 1053 "-" "Mozilla/5.0 AppleWebKit/537.36 (KHTML, like Gecko; compatible; ClaudeBot/1.0; +claudebot@anthropic.com)"
216.73.217.80 - - [25/Apr/2026:11:16:06 -0400] "GET /?w=11357394041140 HTTP/1.1" 500 1053 "-" "Mozilla/5.0 AppleWebKit/537.36 (KHTML, like Gecko; compatible; ClaudeBot/1.0; +claudebot@anthropic.com)"
216.73.217.80 - - [25/Apr/2026:11:16:11 -0400] "GET /?w=1555093041140 HTTP/1.1" 500 1053 "-" "Mozilla/5.0 AppleWebKit/537.36 (KHTML, like Gecko; compatible; ClaudeBot/1.0; +claudebot@anthropic.com)"
216.73.217.80 - - [25/Apr/2026:11:16:16 -0400] "GET /?w=1202554051140 HTTP/1.1" 500 1053 "-" "Mozilla/5.0 AppleWebKit/537.36 (KHTML, like Gecko; compatible; ClaudeBot/1.0; +claudebot@anthropic.com)"
216.73.217.80 - - [25/Apr/2026:11:16:21 -0400] "GET /?w=16264059031140 HTTP/1.1" 500 1053 "-" "Mozilla/5.0 AppleWebKit/537.36 (KHTML, like Gecko; compatible; ClaudeBot/1.0; +claudebot@anthropic.com)"
162.0.209.141 - - [25/Apr/2026:11:16:27 -0400] "POST /wp-cron.php?doing_wp_cron=1777130187.1670749187469482421875 HTTP/1.1" 403 1242 "-" "WordPress/6.4.2; https://ostwalcollegeofpharmacy.com"
216.73.217.80 - - [25/Apr/2026:11:16:26 -0400] "GET /?w=14727903041140 HTTP/1.1" 500 1053 "-" "Mozilla/5.0 AppleWebKit/537.36 (KHTML, like Gecko; compatible; ClaudeBot/1.0; +claudebot@anthropic.com)"
216.73.217.80 - - [25/Apr/2026:11:16:31 -0400] "GET /?w=32194165011140 HTTP/1.1" 500 1053 "-" "Mozilla/5.0 AppleWebKit/537.36 (KHTML, like Gecko; compatible; ClaudeBot/1.0; +claudebot@anthropic.com)"
216.73.217.80 - - [25/Apr/2026:11:16:36 -0400] "GET /?w=24977090061140 HTTP/1.1" 500 1053 "-" "Mozilla/5.0 AppleWebKit/537.36 (KHTML, like Gecko; compatible; ClaudeBot/1.0; +claudebot@anthropic.com)"
142.44.228.34 - - [25/Apr/2026:11:16:44 -0400] "GET /wp-content/uploads/2020/02/?SA HTTP/1.1" 200 1257 "-" "Mozilla/5.0 (compatible; AhrefsBot/7.0; +http://ahrefs.com/robot/)"
216.73.217.80 - - [25/Apr/2026:11:16:57 -0400] "GET /?w=11172551041140 HTTP/1.1" 500 1053 "-" "Mozilla/5.0 AppleWebKit/537.36 (KHTML, like Gecko; compatible; ClaudeBot/1.0; +claudebot@anthropic.com)"
216.73.217.80 - - [25/Apr/2026:11:17:02 -0400] "GET /?w=26818940011140 HTTP/1.1" 500 1053 "-" "Mozilla/5.0 AppleWebKit/537.36 (KHTML, like Gecko; compatible; ClaudeBot/1.0; +claudebot@anthropic.com)"
114.119.150.239 - - [25/Apr/2026:11:17:03 -0400] "GET /wp-includes/vars.php HTTP/1.1" 403 1242 "https://ostwalcollegeofpharmacy.com/wp-includes/?NA" "Mozilla/5.0 (Linux; Android 7.0;) AppleWebKit/537.36 (HTML, like Gecko) Mobile Safari/537.36 (compatible; PetalBot;+https://webmaster.petalsearch.com/site/petalbot)"
216.73.217.80 - - [25/Apr/2026:11:17:07 -0400] "GET /?w=13962055001140 HTTP/1.1" 500 1053 "-" "Mozilla/5.0 AppleWebKit/537.36 (KHTML, like Gecko; compatible; ClaudeBot/1.0; +claudebot@anthropic.com)"
216.73.217.80 - - [25/Apr/2026:11:17:12 -0400] "GET /?w=14552629001140 HTTP/1.1" 500 1053 "-" "Mozilla/5.0 AppleWebKit/537.36 (KHTML, like Gecko; compatible; ClaudeBot/1.0; +claudebot@anthropic.com)"
216.73.217.80 - - [25/Apr/2026:11:17:17 -0400] "GET /?w=18699849041140 HTTP/1.1" 500 1053 "-" "Mozilla/5.0 AppleWebKit/537.36 (KHTML, like Gecko; compatible; ClaudeBot/1.0; +claudebot@anthropic.com)"
216.73.217.80 - - [25/Apr/2026:11:17:22 -0400] "GET /?w=10620111001140 HTTP/1.1" 500 1053 "-" "Mozilla/5.0 AppleWebKit/537.36 (KHTML, like Gecko; compatible; ClaudeBot/1.0; +claudebot@anthropic.com)"
162.0.209.141 - - [25/Apr/2026:11:17:27 -0400] "POST /wp-cron.php?doing_wp_cron=1777130247.8386020660400390625000 HTTP/1.1" 403 1242 "-" "WordPress/6.4.2; https://ostwalcollegeofpharmacy.com"
216.73.217.80 - - [25/Apr/2026:11:17:27 -0400] "GET /?w=695095031140 HTTP/1.1" 500 1053 "-" "Mozilla/5.0 AppleWebKit/537.36 (KHTML, like Gecko; compatible; ClaudeBot/1.0; +claudebot@anthropic.com)"
216.73.217.80 - - [25/Apr/2026:11:17:32 -0400] "GET /?w=11673847001140 HTTP/1.1" 500 1053 "-" "Mozilla/5.0 AppleWebKit/537.36 (KHTML, like Gecko; compatible; ClaudeBot/1.0; +claudebot@anthropic.com)"
216.73.217.80 - - [25/Apr/2026:11:17:37 -0400] "GET /?w=12209655001140 HTTP/1.1" 500 1053 "-" "Mozilla/5.0 AppleWebKit/537.36 (KHTML, like Gecko; compatible; ClaudeBot/1.0; +claudebot@anthropic.com)"
216.73.217.80 - - [25/Apr/2026:11:17:42 -0400] "GET /?w=12335463031140 HTTP/1.1" 500 1053 "-" "Mozilla/5.0 AppleWebKit/537.36 (KHTML, like Gecko; compatible; ClaudeBot/1.0; +claudebot@anthropic.com)"
216.73.217.80 - - [25/Apr/2026:11:17:47 -0400] "GET /?w=5251184011140 HTTP/1.1" 500 1053 "-" "Mozilla/5.0 AppleWebKit/537.36 (KHTML, like Gecko; compatible; ClaudeBot/1.0; +claudebot@anthropic.com)"
216.73.217.80 - - [25/Apr/2026:11:17:52 -0400] "GET /?w=23278119091140 HTTP/1.1" 500 1053 "-" "Mozilla/5.0 AppleWebKit/537.36 (KHTML, like Gecko; compatible; ClaudeBot/1.0; +claudebot@anthropic.com)"
216.73.217.80 - - [25/Apr/2026:11:18:11 -0400] "GET /?w=2169125131140 HTTP/1.1" 500 1053 "-" "Mozilla/5.0 AppleWebKit/537.36 (KHTML, like Gecko; compatible; ClaudeBot/1.0; +claudebot@anthropic.com)"
216.73.217.80 - - [25/Apr/2026:11:18:15 -0400] "GET /?w=13419549011140 HTTP/1.1" 500 1053 "-" "Mozilla/5.0 AppleWebKit/537.36 (KHTML, like Gecko; compatible; ClaudeBot/1.0; +claudebot@anthropic.com)"
216.73.217.80 - - [25/Apr/2026:11:18:20 -0400] "GET /?w=30526400081140 HTTP/1.1" 500 1053 "-" "Mozilla/5.0 AppleWebKit/537.36 (KHTML, like Gecko; compatible; ClaudeBot/1.0; +claudebot@anthropic.com)"
216.73.217.80 - - [25/Apr/2026:11:18:25 -0400] "GET /?w=26601380011140 HTTP/1.1" 500 1053 "-" "Mozilla/5.0 AppleWebKit/537.36 (KHTML, like Gecko; compatible; ClaudeBot/1.0; +claudebot@anthropic.com)"
162.0.209.141 - - [25/Apr/2026:11:18:30 -0400] "POST /wp-cron.php?doing_wp_cron=1777130310.7609550952911376953125 HTTP/1.1" 403 1242 "-" "WordPress/6.4.2; https://ostwalcollegeofpharmacy.com"
216.73.217.80 - - [25/Apr/2026:11:18:30 -0400] "GET /?w=29250230041140 HTTP/1.1" 500 1053 "-" "Mozilla/5.0 AppleWebKit/537.36 (KHTML, like Gecko; compatible; ClaudeBot/1.0; +claudebot@anthropic.com)"
216.73.217.80 - - [25/Apr/2026:11:18:35 -0400] "GET /?w=16278609031140 HTTP/1.1" 500 1053 "-" "Mozilla/5.0 AppleWebKit/537.36 (KHTML, like Gecko; compatible; ClaudeBot/1.0; +claudebot@anthropic.com)"
216.73.217.80 - - [25/Apr/2026:11:18:40 -0400] "GET /?w=19523589021140 HTTP/1.1" 500 1053 "-" "Mozilla/5.0 AppleWebKit/537.36 (KHTML, like Gecko; compatible; ClaudeBot/1.0; +claudebot@anthropic.com)"
216.73.217.80 - - [25/Apr/2026:11:18:45 -0400] "GET /?w=19478469121140 HTTP/1.1" 500 1053 "-" "Mozilla/5.0 AppleWebKit/537.36 (KHTML, like Gecko; compatible; ClaudeBot/1.0; +claudebot@anthropic.com)"
216.73.217.80 - - [25/Apr/2026:11:18:50 -0400] "GET /?w=17728269001140 HTTP/1.1" 500 1053 "-" "Mozilla/5.0 AppleWebKit/537.36 (KHTML, like Gecko; compatible; ClaudeBot/1.0; +claudebot@anthropic.com)"
216.73.217.80 - - [25/Apr/2026:11:18:55 -0400] "GET /?w=15552939031140 HTTP/1.1" 500 1053 "-" "Mozilla/5.0 AppleWebKit/537.36 (KHTML, like Gecko; compatible; ClaudeBot/1.0; +claudebot@anthropic.com)"
216.73.217.80 - - [25/Apr/2026:11:19:00 -0400] "GET /?w=12771939001140 HTTP/1.1" 500 1053 "-" "Mozilla/5.0 AppleWebKit/537.36 (KHTML, like Gecko; compatible; ClaudeBot/1.0; +claudebot@anthropic.com)"
216.73.217.80 - - [25/Apr/2026:11:19:05 -0400] "GET /?w=24304850061140 HTTP/1.1" 500 1053 "-" "Mozilla/5.0 AppleWebKit/537.36 (KHTML, like Gecko; compatible; ClaudeBot/1.0; +claudebot@anthropic.com)"
216.73.217.80 - - [25/Apr/2026:11:19:12 -0400] "GET /?w=15127761041140 HTTP/1.1" 500 1053 "-" "Mozilla/5.0 AppleWebKit/537.36 (KHTML, like Gecko; compatible; ClaudeBot/1.0; +claudebot@anthropic.com)"
216.73.217.80 - - [25/Apr/2026:11:19:16 -0400] "GET /?w=15242859041140 HTTP/1.1" 500 1053 "-" "Mozilla/5.0 AppleWebKit/537.36 (KHTML, like Gecko; compatible; ClaudeBot/1.0; +claudebot@anthropic.com)"
216.73.217.80 - - [25/Apr/2026:11:19:21 -0400] "GET /?w=30350240021140 HTTP/1.1" 500 1053 "-" "Mozilla/5.0 AppleWebKit/537.36 (KHTML, like Gecko; compatible; ClaudeBot/1.0; +claudebot@anthropic.com)"
216.73.217.80 - - [25/Apr/2026:11:19:26 -0400] "GET /?w=14205796001140 HTTP/1.1" 500 1053 "-" "Mozilla/5.0 AppleWebKit/537.36 (KHTML, like Gecko; compatible; ClaudeBot/1.0; +claudebot@anthropic.com)"
162.0.209.141 - - [25/Apr/2026:11:19:31 -0400] "POST /wp-cron.php?doing_wp_cron=1777130371.7978920936584472656250 HTTP/1.1" 403 1242 "-" "WordPress/6.4.2; https://ostwalcollegeofpharmacy.com"
216.73.217.80 - - [25/Apr/2026:11:19:31 -0400] "GET /?w=25644830081140 HTTP/1.1" 500 1053 "-" "Mozilla/5.0 AppleWebKit/537.36 (KHTML, like Gecko; compatible; ClaudeBot/1.0; +claudebot@anthropic.com)"
216.73.217.80 - - [25/Apr/2026:11:19:36 -0400] "GET /?w=20571459041140 HTTP/1.1" 500 1053 "-" "Mozilla/5.0 AppleWebKit/537.36 (KHTML, like Gecko; compatible; ClaudeBot/1.0; +claudebot@anthropic.com)"
216.73.217.80 - - [25/Apr/2026:11:19:41 -0400] "GET /?w=18123639051140 HTTP/1.1" 500 1053 "-" "Mozilla/5.0 AppleWebKit/537.36 (KHTML, like Gecko; compatible; ClaudeBot/1.0; +claudebot@anthropic.com)"
216.73.217.80 - - [25/Apr/2026:11:19:46 -0400] "GET /?w=3032785061140 HTTP/1.1" 500 1053 "-" "Mozilla/5.0 AppleWebKit/537.36 (KHTML, like Gecko; compatible; ClaudeBot/1.0; +claudebot@anthropic.com)"
216.73.217.80 - - [25/Apr/2026:11:19:51 -0400] "GET /?w=16003959041140 HTTP/1.1" 500 1053 "-" "Mozilla/5.0 AppleWebKit/537.36 (KHTML, like Gecko; compatible; ClaudeBot/1.0; +claudebot@anthropic.com)"
216.73.217.80 - - [25/Apr/2026:11:19:56 -0400] "GET /?w=32559568071140 HTTP/1.1" 500 1053 "-" "Mozilla/5.0 AppleWebKit/537.36 (KHTML, like Gecko; compatible; ClaudeBot/1.0; +claudebot@anthropic.com)"
216.73.217.80 - - [25/Apr/2026:11:20:01 -0400] "GET /?w=10420371051140 HTTP/1.1" 500 1053 "-" "Mozilla/5.0 AppleWebKit/537.36 (KHTML, like Gecko; compatible; ClaudeBot/1.0; +claudebot@anthropic.com)"
216.73.217.80 - - [25/Apr/2026:11:20:07 -0400] "GET /?w=22365549031140 HTTP/1.1" 500 1053 "-" "Mozilla/5.0 AppleWebKit/537.36 (KHTML, like Gecko; compatible; ClaudeBot/1.0; +claudebot@anthropic.com)"
216.73.217.80 - - [25/Apr/2026:11:20:12 -0400] "GET /?w=31516421011140 HTTP/1.1" 500 1053 "-" "Mozilla/5.0 AppleWebKit/537.36 (KHTML, like Gecko; compatible; ClaudeBot/1.0; +claudebot@anthropic.com)"
216.73.217.80 - - [25/Apr/2026:11:20:17 -0400] "GET /?w=14667400011140 HTTP/1.1" 500 1053 "-" "Mozilla/5.0 AppleWebKit/537.36 (KHTML, like Gecko; compatible; ClaudeBot/1.0; +claudebot@anthropic.com)"
216.73.217.80 - - [25/Apr/2026:11:20:22 -0400] "GET /?w=13107411061140 HTTP/1.1" 500 1053 "-" "Mozilla/5.0 AppleWebKit/537.36 (KHTML, like Gecko; compatible; ClaudeBot/1.0; +claudebot@anthropic.com)"
216.73.217.80 - - [25/Apr/2026:11:20:27 -0400] "GET /?w=9993542001140 HTTP/1.1" 500 1053 "-" "Mozilla/5.0 AppleWebKit/537.36 (KHTML, like Gecko; compatible; ClaudeBot/1.0; +claudebot@anthropic.com)"
162.0.209.141 - - [25/Apr/2026:11:20:32 -0400] "POST /wp-cron.php?doing_wp_cron=1777130432.3478350639343261718750 HTTP/1.1" 403 1242 "-" "WordPress/6.4.2; https://ostwalcollegeofpharmacy.com"
216.73.217.80 - - [25/Apr/2026:11:20:32 -0400] "GET /?w=1717425061140 HTTP/1.1" 500 1053 "-" "Mozilla/5.0 AppleWebKit/537.36 (KHTML, like Gecko; compatible; ClaudeBot/1.0; +claudebot@anthropic.com)"
216.73.217.80 - - [25/Apr/2026:11:20:37 -0400] "GET /?w=11542343081140 HTTP/1.1" 500 1053 "-" "Mozilla/5.0 AppleWebKit/537.36 (KHTML, like Gecko; compatible; ClaudeBot/1.0; +claudebot@anthropic.com)"
216.73.217.80 - - [25/Apr/2026:11:20:42 -0400] "GET /?w=25090400001140 HTTP/1.1" 500 1053 "-" "Mozilla/5.0 AppleWebKit/537.36 (KHTML, like Gecko; compatible; ClaudeBot/1.0; +claudebot@anthropic.com)"
216.73.217.80 - - [25/Apr/2026:11:20:47 -0400] "GET /?w=24938060001140 HTTP/1.1" 500 1053 "-" "Mozilla/5.0 AppleWebKit/537.36 (KHTML, like Gecko; compatible; ClaudeBot/1.0; +claudebot@anthropic.com)"
216.73.217.80 - - [25/Apr/2026:11:20:52 -0400] "GET /?w=31914127051140 HTTP/1.1" 500 1053 "-" "Mozilla/5.0 AppleWebKit/537.36 (KHTML, like Gecko; compatible; ClaudeBot/1.0; +claudebot@anthropic.com)"
216.73.217.80 - - [25/Apr/2026:11:20:59 -0400] "GET /?w=5155234021140 HTTP/1.1" 500 1053 "-" "Mozilla/5.0 AppleWebKit/537.36 (KHTML, like Gecko; compatible; ClaudeBot/1.0; +claudebot@anthropic.com)"
216.73.217.80 - - [25/Apr/2026:11:21:02 -0400] "GET /?w=2622441001140 HTTP/1.1" 500 1053 "-" "Mozilla/5.0 AppleWebKit/537.36 (KHTML, like Gecko; compatible; ClaudeBot/1.0; +claudebot@anthropic.com)"
