114.119.136.148 - - [25/Apr/2026:11:21:04 -0400] "GET /wp-includes/sodium_compat/namespaced/Core/Curve25519/error_log HTTP/1.1" 403 1242 "https://ostwalcollegeofpharmacy.com/wp-includes/sodium_compat/namespaced/Core/Curve25519/?MD" "Mozilla/5.0 (Linux; Android 7.0;) AppleWebKit/537.36 (HTML, like Gecko) Mobile Safari/537.36 (compatible; PetalBot;+https://webmaster.petalsearch.com/site/petalbot)"
51.161.37.213 - - [25/Apr/2026:11:21:05 -0400] "GET /wp-content/uploads/2022/06/?MA HTTP/1.1" 200 561 "-" "Mozilla/5.0 (compatible; AhrefsBot/7.0; +http://ahrefs.com/robot/)"
216.73.217.80 - - [25/Apr/2026:11:21:07 -0400] "GET /?w=16614549111140 HTTP/1.1" 500 1053 "-" "Mozilla/5.0 AppleWebKit/537.36 (KHTML, like Gecko; compatible; ClaudeBot/1.0; +claudebot@anthropic.com)"
216.73.217.80 - - [25/Apr/2026:11:21:12 -0400] "GET /?w=19089159001140 HTTP/1.1" 500 1053 "-" "Mozilla/5.0 AppleWebKit/537.36 (KHTML, like Gecko; compatible; ClaudeBot/1.0; +claudebot@anthropic.com)"
216.73.217.80 - - [25/Apr/2026:11:21:17 -0400] "GET /?w=368826051140 HTTP/1.1" 500 1053 "-" "Mozilla/5.0 AppleWebKit/537.36 (KHTML, like Gecko; compatible; ClaudeBot/1.0; +claudebot@anthropic.com)"
216.73.217.80 - - [25/Apr/2026:11:21:22 -0400] "GET /?w=19258089011140 HTTP/1.1" 500 1053 "-" "Mozilla/5.0 AppleWebKit/537.36 (KHTML, like Gecko; compatible; ClaudeBot/1.0; +claudebot@anthropic.com)"
216.73.217.80 - - [25/Apr/2026:11:21:27 -0400] "GET /?w=2598500021140 HTTP/1.1" 500 1053 "-" "Mozilla/5.0 AppleWebKit/537.36 (KHTML, like Gecko; compatible; ClaudeBot/1.0; +claudebot@anthropic.com)"
162.0.209.141 - - [25/Apr/2026:11:21:32 -0400] "POST /wp-cron.php?doing_wp_cron=1777130492.8325729370117187500000 HTTP/1.1" 403 1242 "-" "WordPress/6.4.2; https://ostwalcollegeofpharmacy.com"
216.73.217.80 - - [25/Apr/2026:11:21:32 -0400] "GET /?w=3636035051140 HTTP/1.1" 500 1053 "-" "Mozilla/5.0 AppleWebKit/537.36 (KHTML, like Gecko; compatible; ClaudeBot/1.0; +claudebot@anthropic.com)"
216.73.217.80 - - [25/Apr/2026:11:21:37 -0400] "GET /?w=27701420031140 HTTP/1.1" 500 1053 "-" "Mozilla/5.0 AppleWebKit/537.36 (KHTML, like Gecko; compatible; ClaudeBot/1.0; +claudebot@anthropic.com)"
216.73.217.80 - - [25/Apr/2026:11:21:42 -0400] "GET /?w=8680648021140 HTTP/1.1" 500 1053 "-" "Mozilla/5.0 AppleWebKit/537.36 (KHTML, like Gecko; compatible; ClaudeBot/1.0; +claudebot@anthropic.com)"
216.73.217.80 - - [25/Apr/2026:11:21:48 -0400] "GET /?w=28360610021140 HTTP/1.1" 500 1053 "-" "Mozilla/5.0 AppleWebKit/537.36 (KHTML, like Gecko; compatible; ClaudeBot/1.0; +claudebot@anthropic.com)"
216.73.217.80 - - [25/Apr/2026:11:21:52 -0400] "GET /?w=21129129011140 HTTP/1.1" 500 1053 "-" "Mozilla/5.0 AppleWebKit/537.36 (KHTML, like Gecko; compatible; ClaudeBot/1.0; +claudebot@anthropic.com)"
216.73.217.80 - - [25/Apr/2026:11:21:57 -0400] "GET /?w=7792053101140 HTTP/1.1" 500 1053 "-" "Mozilla/5.0 AppleWebKit/537.36 (KHTML, like Gecko; compatible; ClaudeBot/1.0; +claudebot@anthropic.com)"
216.73.217.80 - - [25/Apr/2026:11:22:02 -0400] "GET /?w=6660804021140 HTTP/1.1" 500 1053 "-" "Mozilla/5.0 AppleWebKit/537.36 (KHTML, like Gecko; compatible; ClaudeBot/1.0; +claudebot@anthropic.com)"
216.73.217.80 - - [25/Apr/2026:11:22:07 -0400] "GET /?w=8239377051140 HTTP/1.1" 500 1053 "-" "Mozilla/5.0 AppleWebKit/537.36 (KHTML, like Gecko; compatible; ClaudeBot/1.0; +claudebot@anthropic.com)"
216.73.217.80 - - [25/Apr/2026:11:22:12 -0400] "GET /?w=5493116021140 HTTP/1.1" 500 1053 "-" "Mozilla/5.0 AppleWebKit/537.36 (KHTML, like Gecko; compatible; ClaudeBot/1.0; +claudebot@anthropic.com)"
216.73.217.80 - - [25/Apr/2026:11:22:17 -0400] "GET /?w=25952990021140 HTTP/1.1" 500 1053 "-" "Mozilla/5.0 AppleWebKit/537.36 (KHTML, like Gecko; compatible; ClaudeBot/1.0; +claudebot@anthropic.com)"
216.73.217.80 - - [25/Apr/2026:11:22:22 -0400] "GET /?w=201592031140 HTTP/1.1" 500 1053 "-" "Mozilla/5.0 AppleWebKit/537.36 (KHTML, like Gecko; compatible; ClaudeBot/1.0; +claudebot@anthropic.com)"
216.73.217.80 - - [25/Apr/2026:11:22:27 -0400] "GET /?w=28261160051140 HTTP/1.1" 500 1053 "-" "Mozilla/5.0 AppleWebKit/537.36 (KHTML, like Gecko; compatible; ClaudeBot/1.0; +claudebot@anthropic.com)"
162.0.209.141 - - [25/Apr/2026:11:22:33 -0400] "POST /wp-cron.php?doing_wp_cron=1777130553.2000300884246826171875 HTTP/1.1" 403 1242 "-" "WordPress/6.4.2; https://ostwalcollegeofpharmacy.com"
216.73.217.80 - - [25/Apr/2026:11:22:32 -0400] "GET /?w=2203665021140 HTTP/1.1" 500 1053 "-" "Mozilla/5.0 AppleWebKit/537.36 (KHTML, like Gecko; compatible; ClaudeBot/1.0; +claudebot@anthropic.com)"
216.73.217.80 - - [25/Apr/2026:11:22:38 -0400] "GET /?w=29904620071140 HTTP/1.1" 500 1053 "-" "Mozilla/5.0 AppleWebKit/537.36 (KHTML, like Gecko; compatible; ClaudeBot/1.0; +claudebot@anthropic.com)"
216.73.217.80 - - [25/Apr/2026:11:22:43 -0400] "GET /?w=6286681031140 HTTP/1.1" 500 1053 "-" "Mozilla/5.0 AppleWebKit/537.36 (KHTML, like Gecko; compatible; ClaudeBot/1.0; +claudebot@anthropic.com)"
216.73.217.80 - - [25/Apr/2026:11:22:48 -0400] "GET /?w=30877100021140 HTTP/1.1" 500 1053 "-" "Mozilla/5.0 AppleWebKit/537.36 (KHTML, like Gecko; compatible; ClaudeBot/1.0; +claudebot@anthropic.com)"
216.73.217.80 - - [25/Apr/2026:11:22:53 -0400] "GET /?w=1541322021140 HTTP/1.1" 500 1053 "-" "Mozilla/5.0 AppleWebKit/537.36 (KHTML, like Gecko; compatible; ClaudeBot/1.0; +claudebot@anthropic.com)"
216.73.217.80 - - [25/Apr/2026:11:22:58 -0400] "GET /?w=2391975021140 HTTP/1.1" 500 1053 "-" "Mozilla/5.0 AppleWebKit/537.36 (KHTML, like Gecko; compatible; ClaudeBot/1.0; +claudebot@anthropic.com)"
216.73.217.80 - - [25/Apr/2026:11:23:03 -0400] "GET /?w=8102495041140 HTTP/1.1" 500 1053 "-" "Mozilla/5.0 AppleWebKit/537.36 (KHTML, like Gecko; compatible; ClaudeBot/1.0; +claudebot@anthropic.com)"
216.73.217.80 - - [25/Apr/2026:11:23:08 -0400] "GET /?w=4899935021140 HTTP/1.1" 500 1053 "-" "Mozilla/5.0 AppleWebKit/537.36 (KHTML, like Gecko; compatible; ClaudeBot/1.0; +claudebot@anthropic.com)"
216.73.217.80 - - [25/Apr/2026:11:23:13 -0400] "GET /?w=13780056081140 HTTP/1.1" 500 1053 "-" "Mozilla/5.0 AppleWebKit/537.36 (KHTML, like Gecko; compatible; ClaudeBot/1.0; +claudebot@anthropic.com)"
216.73.217.80 - - [25/Apr/2026:11:23:18 -0400] "GET /?w=29139500111140 HTTP/1.1" 500 1053 "-" "Mozilla/5.0 AppleWebKit/537.36 (KHTML, like Gecko; compatible; ClaudeBot/1.0; +claudebot@anthropic.com)"
216.73.217.80 - - [25/Apr/2026:11:23:24 -0400] "GET /?w=25007810001140 HTTP/1.1" 500 1053 "-" "Mozilla/5.0 AppleWebKit/537.36 (KHTML, like Gecko; compatible; ClaudeBot/1.0; +claudebot@anthropic.com)"
216.73.217.80 - - [25/Apr/2026:11:23:28 -0400] "GET /?w=5753132021140 HTTP/1.1" 500 1053 "-" "Mozilla/5.0 AppleWebKit/537.36 (KHTML, like Gecko; compatible; ClaudeBot/1.0; +claudebot@anthropic.com)"
162.0.209.141 - - [25/Apr/2026:11:23:34 -0400] "POST /wp-cron.php?doing_wp_cron=1777130614.0656690597534179687500 HTTP/1.1" 403 1242 "-" "WordPress/6.4.2; https://ostwalcollegeofpharmacy.com"
216.73.217.80 - - [25/Apr/2026:11:23:33 -0400] "GET /?w=4953415031140 HTTP/1.1" 500 1053 "-" "Mozilla/5.0 AppleWebKit/537.36 (KHTML, like Gecko; compatible; ClaudeBot/1.0; +claudebot@anthropic.com)"
216.73.217.80 - - [25/Apr/2026:11:23:39 -0400] "GET /?w=30529010021140 HTTP/1.1" 500 1053 "-" "Mozilla/5.0 AppleWebKit/537.36 (KHTML, like Gecko; compatible; ClaudeBot/1.0; +claudebot@anthropic.com)"
216.73.217.80 - - [25/Apr/2026:11:23:44 -0400] "GET /?w=27194540051140 HTTP/1.1" 500 1053 "-" "Mozilla/5.0 AppleWebKit/537.36 (KHTML, like Gecko; compatible; ClaudeBot/1.0; +claudebot@anthropic.com)"
216.73.217.80 - - [25/Apr/2026:11:23:49 -0400] "GET /?w=537308011140 HTTP/1.1" 500 1053 "-" "Mozilla/5.0 AppleWebKit/537.36 (KHTML, like Gecko; compatible; ClaudeBot/1.0; +claudebot@anthropic.com)"
216.73.217.80 - - [25/Apr/2026:11:23:54 -0400] "GET /?w=9308672031140 HTTP/1.1" 500 1053 "-" "Mozilla/5.0 AppleWebKit/537.36 (KHTML, like Gecko; compatible; ClaudeBot/1.0; +claudebot@anthropic.com)"
216.73.217.80 - - [25/Apr/2026:11:23:59 -0400] "GET /?w=24921230051140 HTTP/1.1" 500 1053 "-" "Mozilla/5.0 AppleWebKit/537.36 (KHTML, like Gecko; compatible; ClaudeBot/1.0; +claudebot@anthropic.com)"
216.73.217.80 - - [25/Apr/2026:11:24:04 -0400] "GET /?w=32429077021140 HTTP/1.1" 500 1053 "-" "Mozilla/5.0 AppleWebKit/537.36 (KHTML, like Gecko; compatible; ClaudeBot/1.0; +claudebot@anthropic.com)"
216.73.217.80 - - [25/Apr/2026:11:24:09 -0400] "GET /?w=22846149021140 HTTP/1.1" 500 1053 "-" "Mozilla/5.0 AppleWebKit/537.36 (KHTML, like Gecko; compatible; ClaudeBot/1.0; +claudebot@anthropic.com)"
216.73.217.80 - - [25/Apr/2026:11:24:14 -0400] "GET /?w=28831970031140 HTTP/1.1" 500 1053 "-" "Mozilla/5.0 AppleWebKit/537.36 (KHTML, like Gecko; compatible; ClaudeBot/1.0; +claudebot@anthropic.com)"
216.73.217.80 - - [25/Apr/2026:11:24:15 -0400] "GET /?w=4011008081140 HTTP/1.1" 500 1053 "-" "Mozilla/5.0 AppleWebKit/537.36 (KHTML, like Gecko; compatible; ClaudeBot/1.0; +claudebot@anthropic.com)"
216.73.217.80 - - [25/Apr/2026:11:24:20 -0400] "GET /?w=24904610001140 HTTP/1.1" 500 1053 "-" "Mozilla/5.0 AppleWebKit/537.36 (KHTML, like Gecko; compatible; ClaudeBot/1.0; +claudebot@anthropic.com)"
216.73.217.80 - - [25/Apr/2026:11:24:25 -0400] "GET /?w=13343360031140 HTTP/1.1" 500 1053 "-" "Mozilla/5.0 AppleWebKit/537.36 (KHTML, like Gecko; compatible; ClaudeBot/1.0; +claudebot@anthropic.com)"
216.73.217.80 - - [25/Apr/2026:11:24:30 -0400] "GET /?w=631164011140 HTTP/1.1" 500 1053 "-" "Mozilla/5.0 AppleWebKit/537.36 (KHTML, like Gecko; compatible; ClaudeBot/1.0; +claudebot@anthropic.com)"
162.0.209.141 - - [25/Apr/2026:11:24:35 -0400] "POST /wp-cron.php?doing_wp_cron=1777130675.6528460979461669921875 HTTP/1.1" 403 1242 "-" "WordPress/6.4.2; https://ostwalcollegeofpharmacy.com"
216.73.217.80 - - [25/Apr/2026:11:24:35 -0400] "GET /?w=11141636031140 HTTP/1.1" 500 1053 "-" "Mozilla/5.0 AppleWebKit/537.36 (KHTML, like Gecko; compatible; ClaudeBot/1.0; +claudebot@anthropic.com)"
216.73.217.80 - - [25/Apr/2026:11:24:40 -0400] "GET /?w=20480979001140 HTTP/1.1" 500 1053 "-" "Mozilla/5.0 AppleWebKit/537.36 (KHTML, like Gecko; compatible; ClaudeBot/1.0; +claudebot@anthropic.com)"
216.73.217.80 - - [25/Apr/2026:11:24:45 -0400] "GET /?w=21602799021140 HTTP/1.1" 500 1053 "-" "Mozilla/5.0 AppleWebKit/537.36 (KHTML, like Gecko; compatible; ClaudeBot/1.0; +claudebot@anthropic.com)"
216.73.217.80 - - [25/Apr/2026:11:24:50 -0400] "GET /?w=27702710021140 HTTP/1.1" 500 1053 "-" "Mozilla/5.0 AppleWebKit/537.36 (KHTML, like Gecko; compatible; ClaudeBot/1.0; +claudebot@anthropic.com)"
216.73.217.80 - - [25/Apr/2026:11:24:55 -0400] "GET /?w=20997069011140 HTTP/1.1" 500 1053 "-" "Mozilla/5.0 AppleWebKit/537.36 (KHTML, like Gecko; compatible; ClaudeBot/1.0; +claudebot@anthropic.com)"
216.73.217.80 - - [25/Apr/2026:11:25:00 -0400] "GET /?w=30590300021140 HTTP/1.1" 500 1053 "-" "Mozilla/5.0 AppleWebKit/537.36 (KHTML, like Gecko; compatible; ClaudeBot/1.0; +claudebot@anthropic.com)"
216.73.217.80 - - [25/Apr/2026:11:25:05 -0400] "GET /?w=2468196021140 HTTP/1.1" 500 1053 "-" "Mozilla/5.0 AppleWebKit/537.36 (KHTML, like Gecko; compatible; ClaudeBot/1.0; +claudebot@anthropic.com)"
216.73.217.80 - - [25/Apr/2026:11:25:10 -0400] "GET /?w=26777060101140 HTTP/1.1" 500 1053 "-" "Mozilla/5.0 AppleWebKit/537.36 (KHTML, like Gecko; compatible; ClaudeBot/1.0; +claudebot@anthropic.com)"
216.73.217.80 - - [25/Apr/2026:11:25:23 -0400] "GET /?w=14314236061140 HTTP/1.1" 500 1053 "-" "Mozilla/5.0 AppleWebKit/537.36 (KHTML, like Gecko; compatible; ClaudeBot/1.0; +claudebot@anthropic.com)"
216.73.217.80 - - [25/Apr/2026:11:25:28 -0400] "GET /?w=12623656021140 HTTP/1.1" 500 1053 "-" "Mozilla/5.0 AppleWebKit/537.36 (KHTML, like Gecko; compatible; ClaudeBot/1.0; +claudebot@anthropic.com)"
216.73.217.80 - - [25/Apr/2026:11:25:33 -0400] "GET /?w=6452268031140 HTTP/1.1" 500 1053 "-" "Mozilla/5.0 AppleWebKit/537.36 (KHTML, like Gecko; compatible; ClaudeBot/1.0; +claudebot@anthropic.com)"
162.0.209.141 - - [25/Apr/2026:11:25:38 -0400] "POST /wp-cron.php?doing_wp_cron=1777130738.8651790618896484375000 HTTP/1.1" 403 1242 "-" "WordPress/6.4.2; https://ostwalcollegeofpharmacy.com"
216.73.217.80 - - [25/Apr/2026:11:25:38 -0400] "GET /?w=26566220051140 HTTP/1.1" 500 1053 "-" "Mozilla/5.0 AppleWebKit/537.36 (KHTML, like Gecko; compatible; ClaudeBot/1.0; +claudebot@anthropic.com)"
216.73.217.80 - - [25/Apr/2026:11:25:43 -0400] "GET /?w=24527810121140 HTTP/1.1" 500 1053 "-" "Mozilla/5.0 AppleWebKit/537.36 (KHTML, like Gecko; compatible; ClaudeBot/1.0; +claudebot@anthropic.com)"
216.73.217.80 - - [25/Apr/2026:11:25:48 -0400] "GET /?w=26997770091140 HTTP/1.1" 500 1053 "-" "Mozilla/5.0 AppleWebKit/537.36 (KHTML, like Gecko; compatible; ClaudeBot/1.0; +claudebot@anthropic.com)"
142.44.225.38 - - [25/Apr/2026:11:25:52 -0400] "GET /wp-content/uploads/2020/?MD HTTP/1.1" 200 990 "-" "Mozilla/5.0 (compatible; AhrefsBot/7.0; +http://ahrefs.com/robot/)"
216.73.217.80 - - [25/Apr/2026:11:25:53 -0400] "GET /?w=6021268041140 HTTP/1.1" 500 1053 "-" "Mozilla/5.0 AppleWebKit/537.36 (KHTML, like Gecko; compatible; ClaudeBot/1.0; +claudebot@anthropic.com)"
216.73.217.80 - - [25/Apr/2026:11:25:58 -0400] "GET /?w=13369568031140 HTTP/1.1" 500 1053 "-" "Mozilla/5.0 AppleWebKit/537.36 (KHTML, like Gecko; compatible; ClaudeBot/1.0; +claudebot@anthropic.com)"
216.73.217.80 - - [25/Apr/2026:11:26:03 -0400] "GET /?w=3598731011140 HTTP/1.1" 500 1053 "-" "Mozilla/5.0 AppleWebKit/537.36 (KHTML, like Gecko; compatible; ClaudeBot/1.0; +claudebot@anthropic.com)"
216.73.217.80 - - [25/Apr/2026:11:26:08 -0400] "GET /?w=24863570041140 HTTP/1.1" 500 1053 "-" "Mozilla/5.0 AppleWebKit/537.36 (KHTML, like Gecko; compatible; ClaudeBot/1.0; +claudebot@anthropic.com)"
216.73.217.80 - - [25/Apr/2026:11:26:13 -0400] "GET /?w=17124369011140 HTTP/1.1" 500 1053 "-" "Mozilla/5.0 AppleWebKit/537.36 (KHTML, like Gecko; compatible; ClaudeBot/1.0; +claudebot@anthropic.com)"
216.73.217.80 - - [25/Apr/2026:11:26:18 -0400] "GET /?w=5703801021140 HTTP/1.1" 500 1053 "-" "Mozilla/5.0 AppleWebKit/537.36 (KHTML, like Gecko; compatible; ClaudeBot/1.0; +claudebot@anthropic.com)"
216.73.217.80 - - [25/Apr/2026:11:26:23 -0400] "GET /?w=9448137011140 HTTP/1.1" 500 1053 "-" "Mozilla/5.0 AppleWebKit/537.36 (KHTML, like Gecko; compatible; ClaudeBot/1.0; +claudebot@anthropic.com)"
216.73.217.80 - - [25/Apr/2026:11:26:28 -0400] "GET /?w=28037960021140 HTTP/1.1" 500 1053 "-" "Mozilla/5.0 AppleWebKit/537.36 (KHTML, like Gecko; compatible; ClaudeBot/1.0; +claudebot@anthropic.com)"
216.73.217.80 - - [25/Apr/2026:11:26:33 -0400] "GET /?w=30823610011140 HTTP/1.1" 500 1053 "-" "Mozilla/5.0 AppleWebKit/537.36 (KHTML, like Gecko; compatible; ClaudeBot/1.0; +claudebot@anthropic.com)"
216.73.217.80 - - [25/Apr/2026:11:26:38 -0400] "GET /?w=20157759011140 HTTP/1.1" 500 1053 "-" "Mozilla/5.0 AppleWebKit/537.36 (KHTML, like Gecko; compatible; ClaudeBot/1.0; +claudebot@anthropic.com)"
162.0.209.141 - - [25/Apr/2026:11:26:43 -0400] "POST /wp-cron.php?doing_wp_cron=1777130803.8220100402832031250000 HTTP/1.1" 403 1242 "-" "WordPress/6.4.2; https://ostwalcollegeofpharmacy.com"
216.73.217.80 - - [25/Apr/2026:11:26:43 -0400] "GET /?w=3557929121140 HTTP/1.1" 500 1053 "-" "Mozilla/5.0 AppleWebKit/537.36 (KHTML, like Gecko; compatible; ClaudeBot/1.0; +claudebot@anthropic.com)"
216.73.217.80 - - [25/Apr/2026:11:26:48 -0400] "GET /?w=23798319061140 HTTP/1.1" 500 1053 "-" "Mozilla/5.0 AppleWebKit/537.36 (KHTML, like Gecko; compatible; ClaudeBot/1.0; +claudebot@anthropic.com)"
216.73.217.80 - - [25/Apr/2026:11:26:53 -0400] "GET /?w=12963798021140 HTTP/1.1" 500 1053 "-" "Mozilla/5.0 AppleWebKit/537.36 (KHTML, like Gecko; compatible; ClaudeBot/1.0; +claudebot@anthropic.com)"
216.73.217.80 - - [25/Apr/2026:11:26:58 -0400] "GET /?w=4975341001140 HTTP/1.1" 500 1053 "-" "Mozilla/5.0 AppleWebKit/537.36 (KHTML, like Gecko; compatible; ClaudeBot/1.0; +claudebot@anthropic.com)"
216.73.217.80 - - [25/Apr/2026:11:27:03 -0400] "GET /?w=23733819091140 HTTP/1.1" 500 1053 "-" "Mozilla/5.0 AppleWebKit/537.36 (KHTML, like Gecko; compatible; ClaudeBot/1.0; +claudebot@anthropic.com)"
216.73.217.80 - - [25/Apr/2026:11:27:12 -0400] "GET /?w=21028149051140 HTTP/1.1" 500 1053 "-" "Mozilla/5.0 AppleWebKit/537.36 (KHTML, like Gecko; compatible; ClaudeBot/1.0; +claudebot@anthropic.com)"
216.73.217.80 - - [25/Apr/2026:11:27:17 -0400] "GET /?w=16011699091140 HTTP/1.1" 500 1053 "-" "Mozilla/5.0 AppleWebKit/537.36 (KHTML, like Gecko; compatible; ClaudeBot/1.0; +claudebot@anthropic.com)"
216.73.217.80 - - [25/Apr/2026:11:27:22 -0400] "GET /?w=1898016011140 HTTP/1.1" 500 1053 "-" "Mozilla/5.0 AppleWebKit/537.36 (KHTML, like Gecko; compatible; ClaudeBot/1.0; +claudebot@anthropic.com)"
216.73.217.80 - - [25/Apr/2026:11:27:27 -0400] "GET /?w=27689960041140 HTTP/1.1" 500 1053 "-" "Mozilla/5.0 AppleWebKit/537.36 (KHTML, like Gecko; compatible; ClaudeBot/1.0; +claudebot@anthropic.com)"
216.73.217.80 - - [25/Apr/2026:11:27:32 -0400] "GET /?w=8923751021140 HTTP/1.1" 500 1053 "-" "Mozilla/5.0 AppleWebKit/537.36 (KHTML, like Gecko; compatible; ClaudeBot/1.0; +claudebot@anthropic.com)"
216.73.217.80 - - [25/Apr/2026:11:27:37 -0400] "GET /?w=12010387011140 HTTP/1.1" 500 1053 "-" "Mozilla/5.0 AppleWebKit/537.36 (KHTML, like Gecko; compatible; ClaudeBot/1.0; +claudebot@anthropic.com)"
216.73.217.80 - - [25/Apr/2026:11:27:42 -0400] "GET /?w=11278831051140 HTTP/1.1" 500 1053 "-" "Mozilla/5.0 AppleWebKit/537.36 (KHTML, like Gecko; compatible; ClaudeBot/1.0; +claudebot@anthropic.com)"
162.0.209.141 - - [25/Apr/2026:11:27:47 -0400] "POST /wp-cron.php?doing_wp_cron=1777130867.3948249816894531250000 HTTP/1.1" 403 1242 "-" "WordPress/6.4.2; https://ostwalcollegeofpharmacy.com"
216.73.217.80 - - [25/Apr/2026:11:27:47 -0400] "GET /?w=8591346081140 HTTP/1.1" 500 1053 "-" "Mozilla/5.0 AppleWebKit/537.36 (KHTML, like Gecko; compatible; ClaudeBot/1.0; +claudebot@anthropic.com)"
216.73.217.80 - - [25/Apr/2026:11:27:52 -0400] "GET /?w=5214960091140 HTTP/1.1" 500 1053 "-" "Mozilla/5.0 AppleWebKit/537.36 (KHTML, like Gecko; compatible; ClaudeBot/1.0; +claudebot@anthropic.com)"
216.73.217.80 - - [25/Apr/2026:11:27:57 -0400] "GET /?w=13301992031140 HTTP/1.1" 500 1053 "-" "Mozilla/5.0 AppleWebKit/537.36 (KHTML, like Gecko; compatible; ClaudeBot/1.0; +claudebot@anthropic.com)"
216.73.217.80 - - [25/Apr/2026:11:28:03 -0400] "GET /?w=13165568031140 HTTP/1.1" 500 1053 "-" "Mozilla/5.0 AppleWebKit/537.36 (KHTML, like Gecko; compatible; ClaudeBot/1.0; +claudebot@anthropic.com)"
216.73.217.80 - - [25/Apr/2026:11:28:07 -0400] "GET /?w=25502810031140 HTTP/1.1" 500 1053 "-" "Mozilla/5.0 AppleWebKit/537.36 (KHTML, like Gecko; compatible; ClaudeBot/1.0; +claudebot@anthropic.com)"
216.73.217.80 - - [25/Apr/2026:11:28:12 -0400] "GET /?w=2892625041140 HTTP/1.1" 500 1053 "-" "Mozilla/5.0 AppleWebKit/537.36 (KHTML, like Gecko; compatible; ClaudeBot/1.0; +claudebot@anthropic.com)"
216.73.217.80 - - [25/Apr/2026:11:28:17 -0400] "GET /?w=20868249051140 HTTP/1.1" 500 1053 "-" "Mozilla/5.0 AppleWebKit/537.36 (KHTML, like Gecko; compatible; ClaudeBot/1.0; +claudebot@anthropic.com)"
216.73.217.80 - - [25/Apr/2026:11:28:22 -0400] "GET /?w=7552057041140 HTTP/1.1" 500 1053 "-" "Mozilla/5.0 AppleWebKit/537.36 (KHTML, like Gecko; compatible; ClaudeBot/1.0; +claudebot@anthropic.com)"
216.73.217.80 - - [25/Apr/2026:11:28:27 -0400] "GET /?w=30718070011140 HTTP/1.1" 500 1053 "-" "Mozilla/5.0 AppleWebKit/537.36 (KHTML, like Gecko; compatible; ClaudeBot/1.0; +claudebot@anthropic.com)"
216.73.217.80 - - [25/Apr/2026:11:28:32 -0400] "GET /?w=3057666011140 HTTP/1.1" 500 1053 "-" "Mozilla/5.0 AppleWebKit/537.36 (KHTML, like Gecko; compatible; ClaudeBot/1.0; +claudebot@anthropic.com)"
216.73.217.80 - - [25/Apr/2026:11:28:37 -0400] "GET /?w=7364841081140 HTTP/1.1" 500 1053 "-" "Mozilla/5.0 AppleWebKit/537.36 (KHTML, like Gecko; compatible; ClaudeBot/1.0; +claudebot@anthropic.com)"
216.73.217.80 - - [25/Apr/2026:11:28:42 -0400] "GET /?w=12422624091140 HTTP/1.1" 500 1053 "-" "Mozilla/5.0 AppleWebKit/537.36 (KHTML, like Gecko; compatible; ClaudeBot/1.0; +claudebot@anthropic.com)"
162.0.209.141 - - [25/Apr/2026:11:28:47 -0400] "POST /wp-cron.php?doing_wp_cron=1777130927.4333040714263916015625 HTTP/1.1" 403 1242 "-" "WordPress/6.4.2; https://ostwalcollegeofpharmacy.com"
216.73.217.80 - - [25/Apr/2026:11:28:47 -0400] "GET /?w=762676031140 HTTP/1.1" 500 1053 "-" "Mozilla/5.0 AppleWebKit/537.36 (KHTML, like Gecko; compatible; ClaudeBot/1.0; +claudebot@anthropic.com)"
216.73.217.80 - - [25/Apr/2026:11:28:52 -0400] "GET /?w=30830840021140 HTTP/1.1" 500 1053 "-" "Mozilla/5.0 AppleWebKit/537.36 (KHTML, like Gecko; compatible; ClaudeBot/1.0; +claudebot@anthropic.com)"
216.73.217.80 - - [25/Apr/2026:11:28:59 -0400] "GET /?w=20350629041140 HTTP/1.1" 500 1053 "-" "Mozilla/5.0 AppleWebKit/537.36 (KHTML, like Gecko; compatible; ClaudeBot/1.0; +claudebot@anthropic.com)"
216.73.217.80 - - [25/Apr/2026:11:29:02 -0400] "GET /?w=12998006031140 HTTP/1.1" 500 1053 "-" "Mozilla/5.0 AppleWebKit/537.36 (KHTML, like Gecko; compatible; ClaudeBot/1.0; +claudebot@anthropic.com)"
216.73.217.80 - - [25/Apr/2026:11:29:07 -0400] "GET /?w=12997515001140 HTTP/1.1" 500 1053 "-" "Mozilla/5.0 AppleWebKit/537.36 (KHTML, like Gecko; compatible; ClaudeBot/1.0; +claudebot@anthropic.com)"
216.73.217.80 - - [25/Apr/2026:11:29:12 -0400] "GET /?w=19585839011140 HTTP/1.1" 500 1053 "-" "Mozilla/5.0 AppleWebKit/537.36 (KHTML, like Gecko; compatible; ClaudeBot/1.0; +claudebot@anthropic.com)"
216.73.217.80 - - [25/Apr/2026:11:29:17 -0400] "GET /?w=17373069131140 HTTP/1.1" 500 1053 "-" "Mozilla/5.0 AppleWebKit/537.36 (KHTML, like Gecko; compatible; ClaudeBot/1.0; +claudebot@anthropic.com)"
216.73.217.80 - - [25/Apr/2026:11:29:22 -0400] "GET /?w=29968940051140 HTTP/1.1" 500 1053 "-" "Mozilla/5.0 AppleWebKit/537.36 (KHTML, like Gecko; compatible; ClaudeBot/1.0; +claudebot@anthropic.com)"
114.119.136.34 - - [25/Apr/2026:11:29:24 -0400] "GET /wp-includes/class-wp-recovery-mode-cookie-service.php HTTP/1.1" 403 1242 "https://ostwalcollegeofpharmacy.com/wp-includes/?NA" "Mozilla/5.0 (Linux; Android 7.0;) AppleWebKit/537.36 (HTML, like Gecko) Mobile Safari/537.36 (compatible; PetalBot;+https://webmaster.petalsearch.com/site/petalbot)"
216.73.217.80 - - [25/Apr/2026:11:29:27 -0400] "GET /?w=14086966001140 HTTP/1.1" 500 1053 "-" "Mozilla/5.0 AppleWebKit/537.36 (KHTML, like Gecko; compatible; ClaudeBot/1.0; +claudebot@anthropic.com)"
216.73.217.80 - - [25/Apr/2026:11:29:32 -0400] "GET /?w=32102745001140 HTTP/1.1" 500 1053 "-" "Mozilla/5.0 AppleWebKit/537.36 (KHTML, like Gecko; compatible; ClaudeBot/1.0; +claudebot@anthropic.com)"
216.73.217.80 - - [25/Apr/2026:11:29:38 -0400] "GET /?w=1293788021140 HTTP/1.1" 500 1053 "-" "Mozilla/5.0 AppleWebKit/537.36 (KHTML, like Gecko; compatible; ClaudeBot/1.0; +claudebot@anthropic.com)"
216.73.217.80 - - [25/Apr/2026:11:29:43 -0400] "GET /?w=7802929111140 HTTP/1.1" 500 1053 "-" "Mozilla/5.0 AppleWebKit/537.36 (KHTML, like Gecko; compatible; ClaudeBot/1.0; +claudebot@anthropic.com)"
162.0.209.141 - - [25/Apr/2026:11:29:48 -0400] "POST /wp-cron.php?doing_wp_cron=1777130988.4624090194702148437500 HTTP/1.1" 403 1242 "-" "WordPress/6.4.2; https://ostwalcollegeofpharmacy.com"
216.73.217.80 - - [25/Apr/2026:11:29:48 -0400] "GET /?w=30310310021140 HTTP/1.1" 500 1053 "-" "Mozilla/5.0 AppleWebKit/537.36 (KHTML, like Gecko; compatible; ClaudeBot/1.0; +claudebot@anthropic.com)"
216.73.217.80 - - [25/Apr/2026:11:29:53 -0400] "GET /?w=10341474021140 HTTP/1.1" 500 1053 "-" "Mozilla/5.0 AppleWebKit/537.36 (KHTML, like Gecko; compatible; ClaudeBot/1.0; +claudebot@anthropic.com)"
216.73.217.80 - - [25/Apr/2026:11:29:58 -0400] "GET /?w=1452558021140 HTTP/1.1" 500 1053 "-" "Mozilla/5.0 AppleWebKit/537.36 (KHTML, like Gecko; compatible; ClaudeBot/1.0; +claudebot@anthropic.com)"
142.44.233.92 - - [25/Apr/2026:11:30:00 -0400] "GET /wp-content/uploads/2024/08/?ND HTTP/1.1" 200 559 "-" "Mozilla/5.0 (compatible; AhrefsBot/7.0; +http://ahrefs.com/robot/)"
216.73.217.80 - - [25/Apr/2026:11:30:03 -0400] "GET /?w=3343386111140 HTTP/1.1" 500 1053 "-" "Mozilla/5.0 AppleWebKit/537.36 (KHTML, like Gecko; compatible; ClaudeBot/1.0; +claudebot@anthropic.com)"
216.73.217.80 - - [25/Apr/2026:11:30:08 -0400] "GET /?w=13698725021140 HTTP/1.1" 500 1053 "-" "Mozilla/5.0 AppleWebKit/537.36 (KHTML, like Gecko; compatible; ClaudeBot/1.0; +claudebot@anthropic.com)"
216.73.217.80 - - [25/Apr/2026:11:30:13 -0400] "GET /?w=25868810021140 HTTP/1.1" 500 1053 "-" "Mozilla/5.0 AppleWebKit/537.36 (KHTML, like Gecko; compatible; ClaudeBot/1.0; +claudebot@anthropic.com)"
216.73.217.80 - - [25/Apr/2026:11:30:18 -0400] "GET /?w=7963345111140 HTTP/1.1" 500 1053 "-" "Mozilla/5.0 AppleWebKit/537.36 (KHTML, like Gecko; compatible; ClaudeBot/1.0; +claudebot@anthropic.com)"
216.73.217.80 - - [25/Apr/2026:11:30:23 -0400] "GET /?w=28638620021140 HTTP/1.1" 500 1053 "-" "Mozilla/5.0 AppleWebKit/537.36 (KHTML, like Gecko; compatible; ClaudeBot/1.0; +claudebot@anthropic.com)"
216.73.217.80 - - [25/Apr/2026:11:30:28 -0400] "GET /?w=2987874021140 HTTP/1.1" 500 1053 "-" "Mozilla/5.0 AppleWebKit/537.36 (KHTML, like Gecko; compatible; ClaudeBot/1.0; +claudebot@anthropic.com)"
216.73.217.80 - - [25/Apr/2026:11:30:33 -0400] "GET /?w=31878037101140 HTTP/1.1" 500 1053 "-" "Mozilla/5.0 AppleWebKit/537.36 (KHTML, like Gecko; compatible; ClaudeBot/1.0; +claudebot@anthropic.com)"
216.73.217.80 - - [25/Apr/2026:11:30:38 -0400] "GET /?w=29355410071140 HTTP/1.1" 500 1053 "-" "Mozilla/5.0 AppleWebKit/537.36 (KHTML, like Gecko; compatible; ClaudeBot/1.0; +claudebot@anthropic.com)"
216.73.217.80 - - [25/Apr/2026:11:30:43 -0400] "GET /?w=30603710051140 HTTP/1.1" 500 1053 "-" "Mozilla/5.0 AppleWebKit/537.36 (KHTML, like Gecko; compatible; ClaudeBot/1.0; +claudebot@anthropic.com)"
162.0.209.141 - - [25/Apr/2026:11:30:48 -0400] "POST /wp-cron.php?doing_wp_cron=1777131048.6539909839630126953125 HTTP/1.1" 403 1242 "-" "WordPress/6.4.2; https://ostwalcollegeofpharmacy.com"
216.73.217.80 - - [25/Apr/2026:11:30:48 -0400] "GET /?w=10182454021140 HTTP/1.1" 500 1053 "-" "Mozilla/5.0 AppleWebKit/537.36 (KHTML, like Gecko; compatible; ClaudeBot/1.0; +claudebot@anthropic.com)"
216.73.217.80 - - [25/Apr/2026:11:30:53 -0400] "GET /?w=2966864021140 HTTP/1.1" 500 1053 "-" "Mozilla/5.0 AppleWebKit/537.36 (KHTML, like Gecko; compatible; ClaudeBot/1.0; +claudebot@anthropic.com)"
216.73.217.80 - - [25/Apr/2026:11:30:58 -0400] "GET /?w=30233240061140 HTTP/1.1" 500 1053 "-" "Mozilla/5.0 AppleWebKit/537.36 (KHTML, like Gecko; compatible; ClaudeBot/1.0; +claudebot@anthropic.com)"
216.73.217.80 - - [25/Apr/2026:11:31:03 -0400] "GET /?w=29441960021140 HTTP/1.1" 500 1053 "-" "Mozilla/5.0 AppleWebKit/537.36 (KHTML, like Gecko; compatible; ClaudeBot/1.0; +claudebot@anthropic.com)"
216.73.217.80 - - [25/Apr/2026:11:31:08 -0400] "GET /?w=6972658091140 HTTP/1.1" 500 1053 "-" "Mozilla/5.0 AppleWebKit/537.36 (KHTML, like Gecko; compatible; ClaudeBot/1.0; +claudebot@anthropic.com)"
216.73.217.80 - - [25/Apr/2026:11:31:13 -0400] "GET /?w=2624671041140 HTTP/1.1" 500 1053 "-" "Mozilla/5.0 AppleWebKit/537.36 (KHTML, like Gecko; compatible; ClaudeBot/1.0; +claudebot@anthropic.com)"
216.73.217.80 - - [25/Apr/2026:11:31:18 -0400] "GET /?w=10322016111140 HTTP/1.1" 500 1053 "-" "Mozilla/5.0 AppleWebKit/537.36 (KHTML, like Gecko; compatible; ClaudeBot/1.0; +claudebot@anthropic.com)"
216.73.217.80 - - [25/Apr/2026:11:31:23 -0400] "GET /?w=28733750061140 HTTP/1.1" 500 1053 "-" "Mozilla/5.0 AppleWebKit/537.36 (KHTML, like Gecko; compatible; ClaudeBot/1.0; +claudebot@anthropic.com)"
216.73.217.80 - - [25/Apr/2026:11:31:28 -0400] "GET /?w=7333294021140 HTTP/1.1" 500 1053 "-" "Mozilla/5.0 AppleWebKit/537.36 (KHTML, like Gecko; compatible; ClaudeBot/1.0; +claudebot@anthropic.com)"
216.73.217.80 - - [25/Apr/2026:11:31:33 -0400] "GET /?w=25948910031140 HTTP/1.1" 500 1053 "-" "Mozilla/5.0 AppleWebKit/537.36 (KHTML, like Gecko; compatible; ClaudeBot/1.0; +claudebot@anthropic.com)"
216.73.217.80 - - [25/Apr/2026:11:31:38 -0400] "GET /?w=28297700091140 HTTP/1.1" 500 1053 "-" "Mozilla/5.0 AppleWebKit/537.36 (KHTML, like Gecko; compatible; ClaudeBot/1.0; +claudebot@anthropic.com)"
216.73.217.80 - - [25/Apr/2026:11:31:43 -0400] "GET /?w=12798856021140 HTTP/1.1" 500 1053 "-" "Mozilla/5.0 AppleWebKit/537.36 (KHTML, like Gecko; compatible; ClaudeBot/1.0; +claudebot@anthropic.com)"
216.244.66.232 - - [25/Apr/2026:11:31:48 -0400] "GET /robots.txt HTTP/1.1" 200 81 "-" "Mozilla/5.0 (compatible; DotBot/1.2; +https://opensiteexplorer.org/dotbot; help@moz.com)"
162.0.209.141 - - [25/Apr/2026:11:31:48 -0400] "POST /wp-cron.php?doing_wp_cron=1777131108.7295620441436767578125 HTTP/1.1" 403 1242 "-" "WordPress/6.4.2; https://ostwalcollegeofpharmacy.com"
216.73.217.80 - - [25/Apr/2026:11:31:48 -0400] "GET /?w=28958570141140 HTTP/1.1" 500 1053 "-" "Mozilla/5.0 AppleWebKit/537.36 (KHTML, like Gecko; compatible; ClaudeBot/1.0; +claudebot@anthropic.com)"
216.73.217.80 - - [25/Apr/2026:11:31:53 -0400] "GET /?w=13601753021140 HTTP/1.1" 500 1053 "-" "Mozilla/5.0 AppleWebKit/537.36 (KHTML, like Gecko; compatible; ClaudeBot/1.0; +claudebot@anthropic.com)"
216.73.217.80 - - [25/Apr/2026:11:31:58 -0400] "GET /?w=20180469011140 HTTP/1.1" 500 1053 "-" "Mozilla/5.0 AppleWebKit/537.36 (KHTML, like Gecko; compatible; ClaudeBot/1.0; +claudebot@anthropic.com)"
216.73.217.80 - - [25/Apr/2026:11:32:03 -0400] "GET /?w=16259409111140 HTTP/1.1" 500 1053 "-" "Mozilla/5.0 AppleWebKit/537.36 (KHTML, like Gecko; compatible; ClaudeBot/1.0; +claudebot@anthropic.com)"
216.73.217.80 - - [25/Apr/2026:11:32:08 -0400] "GET /?w=4355094021140 HTTP/1.1" 500 1053 "-" "Mozilla/5.0 AppleWebKit/537.36 (KHTML, like Gecko; compatible; ClaudeBot/1.0; +claudebot@anthropic.com)"
216.73.217.80 - - [25/Apr/2026:11:32:13 -0400] "GET /?w=3779836041140 HTTP/1.1" 500 1053 "-" "Mozilla/5.0 AppleWebKit/537.36 (KHTML, like Gecko; compatible; ClaudeBot/1.0; +claudebot@anthropic.com)"
216.73.217.80 - - [25/Apr/2026:11:32:18 -0400] "GET /?w=31068560061140 HTTP/1.1" 500 1053 "-" "Mozilla/5.0 AppleWebKit/537.36 (KHTML, like Gecko; compatible; ClaudeBot/1.0; +claudebot@anthropic.com)"
216.73.217.80 - - [25/Apr/2026:11:32:23 -0400] "GET /?w=27457310071140 HTTP/1.1" 500 1053 "-" "Mozilla/5.0 AppleWebKit/537.36 (KHTML, like Gecko; compatible; ClaudeBot/1.0; +claudebot@anthropic.com)"
216.73.217.80 - - [25/Apr/2026:11:32:28 -0400] "GET /?w=7116545051140 HTTP/1.1" 500 1053 "-" "Mozilla/5.0 AppleWebKit/537.36 (KHTML, like Gecko; compatible; ClaudeBot/1.0; +claudebot@anthropic.com)"
216.73.217.80 - - [25/Apr/2026:11:32:33 -0400] "GET /?w=20737209101140 HTTP/1.1" 500 1053 "-" "Mozilla/5.0 AppleWebKit/537.36 (KHTML, like Gecko; compatible; ClaudeBot/1.0; +claudebot@anthropic.com)"
216.73.217.80 - - [25/Apr/2026:11:32:38 -0400] "GET /?w=5573650051140 HTTP/1.1" 500 1053 "-" "Mozilla/5.0 AppleWebKit/537.36 (KHTML, like Gecko; compatible; ClaudeBot/1.0; +claudebot@anthropic.com)"
216.73.217.80 - - [25/Apr/2026:11:32:43 -0400] "GET /?w=11972236051140 HTTP/1.1" 500 1053 "-" "Mozilla/5.0 AppleWebKit/537.36 (KHTML, like Gecko; compatible; ClaudeBot/1.0; +claudebot@anthropic.com)"
216.73.217.80 - - [25/Apr/2026:11:32:48 -0400] "GET /?w=6995203021140 HTTP/1.1" 500 1053 "-" "Mozilla/5.0 AppleWebKit/537.36 (KHTML, like Gecko; compatible; ClaudeBot/1.0; +claudebot@anthropic.com)"
162.0.209.141 - - [25/Apr/2026:11:32:53 -0400] "POST /wp-cron.php?doing_wp_cron=1777131173.7385909557342529296875 HTTP/1.1" 403 1242 "-" "WordPress/6.4.2; https://ostwalcollegeofpharmacy.com"
216.73.217.80 - - [25/Apr/2026:11:32:53 -0400] "GET /?w=29707910051140 HTTP/1.1" 500 1053 "-" "Mozilla/5.0 AppleWebKit/537.36 (KHTML, like Gecko; compatible; ClaudeBot/1.0; +claudebot@anthropic.com)"
216.73.217.80 - - [25/Apr/2026:11:32:58 -0400] "GET /?w=6702132001140 HTTP/1.1" 500 1053 "-" "Mozilla/5.0 AppleWebKit/537.36 (KHTML, like Gecko; compatible; ClaudeBot/1.0; +claudebot@anthropic.com)"
216.73.217.80 - - [25/Apr/2026:11:33:03 -0400] "GET /?w=27264560051140 HTTP/1.1" 500 1053 "-" "Mozilla/5.0 AppleWebKit/537.36 (KHTML, like Gecko; compatible; ClaudeBot/1.0; +claudebot@anthropic.com)"
216.73.217.80 - - [25/Apr/2026:11:33:08 -0400] "GET /?w=22494069011140 HTTP/1.1" 500 1053 "-" "Mozilla/5.0 AppleWebKit/537.36 (KHTML, like Gecko; compatible; ClaudeBot/1.0; +claudebot@anthropic.com)"
216.73.217.80 - - [25/Apr/2026:11:33:15 -0400] "GET /?w=7412446011140 HTTP/1.1" 500 1053 "-" "Mozilla/5.0 AppleWebKit/537.36 (KHTML, like Gecko; compatible; ClaudeBot/1.0; +claudebot@anthropic.com)"
216.73.217.80 - - [25/Apr/2026:11:33:18 -0400] "GET /?w=2065626041140 HTTP/1.1" 500 1053 "-" "Mozilla/5.0 AppleWebKit/537.36 (KHTML, like Gecko; compatible; ClaudeBot/1.0; +claudebot@anthropic.com)"
216.73.217.80 - - [25/Apr/2026:11:33:23 -0400] "GET /?w=9682787001140 HTTP/1.1" 500 1053 "-" "Mozilla/5.0 AppleWebKit/537.36 (KHTML, like Gecko; compatible; ClaudeBot/1.0; +claudebot@anthropic.com)"
216.73.217.80 - - [25/Apr/2026:11:33:28 -0400] "GET /?w=7469894051140 HTTP/1.1" 500 1053 "-" "Mozilla/5.0 AppleWebKit/537.36 (KHTML, like Gecko; compatible; ClaudeBot/1.0; +claudebot@anthropic.com)"
216.73.217.80 - - [25/Apr/2026:11:33:33 -0400] "GET /?w=4960424051140 HTTP/1.1" 500 1053 "-" "Mozilla/5.0 AppleWebKit/537.36 (KHTML, like Gecko; compatible; ClaudeBot/1.0; +claudebot@anthropic.com)"
216.73.217.80 - - [25/Apr/2026:11:33:38 -0400] "GET /?w=22844919071140 HTTP/1.1" 500 1053 "-" "Mozilla/5.0 AppleWebKit/537.36 (KHTML, like Gecko; compatible; ClaudeBot/1.0; +claudebot@anthropic.com)"
54.39.203.23 - - [25/Apr/2026:11:33:41 -0400] "GET /wp-content/uploads/2022/06/?SA HTTP/1.1" 200 562 "-" "Mozilla/5.0 (compatible; AhrefsBot/7.0; +http://ahrefs.com/robot/)"
216.73.217.80 - - [25/Apr/2026:11:33:43 -0400] "GET /?w=30909050041140 HTTP/1.1" 500 1053 "-" "Mozilla/5.0 AppleWebKit/537.36 (KHTML, like Gecko; compatible; ClaudeBot/1.0; +claudebot@anthropic.com)"
216.73.217.80 - - [25/Apr/2026:11:33:48 -0400] "GET /?w=23384469011140 HTTP/1.1" 500 1053 "-" "Mozilla/5.0 AppleWebKit/537.36 (KHTML, like Gecko; compatible; ClaudeBot/1.0; +claudebot@anthropic.com)"
162.0.209.141 - - [25/Apr/2026:11:33:54 -0400] "POST /wp-cron.php?doing_wp_cron=1777131234.1951251029968261718750 HTTP/1.1" 403 1242 "-" "WordPress/6.4.2; https://ostwalcollegeofpharmacy.com"
216.73.217.80 - - [25/Apr/2026:11:33:53 -0400] "GET /?w=1102219131140 HTTP/1.1" 500 1053 "-" "Mozilla/5.0 AppleWebKit/537.36 (KHTML, like Gecko; compatible; ClaudeBot/1.0; +claudebot@anthropic.com)"
216.73.217.80 - - [25/Apr/2026:11:33:58 -0400] "GET /?w=10328629001140 HTTP/1.1" 500 1053 "-" "Mozilla/5.0 AppleWebKit/537.36 (KHTML, like Gecko; compatible; ClaudeBot/1.0; +claudebot@anthropic.com)"
216.73.217.80 - - [25/Apr/2026:11:34:03 -0400] "GET /?w=957670041140 HTTP/1.1" 500 1053 "-" "Mozilla/5.0 AppleWebKit/537.36 (KHTML, like Gecko; compatible; ClaudeBot/1.0; +claudebot@anthropic.com)"
216.73.217.80 - - [25/Apr/2026:11:34:08 -0400] "GET /?w=16072689071140 HTTP/1.1" 500 1053 "-" "Mozilla/5.0 AppleWebKit/537.36 (KHTML, like Gecko; compatible; ClaudeBot/1.0; +claudebot@anthropic.com)"
216.73.217.80 - - [25/Apr/2026:11:34:13 -0400] "GET /?w=18589569021140 HTTP/1.1" 500 1053 "-" "Mozilla/5.0 AppleWebKit/537.36 (KHTML, like Gecko; compatible; ClaudeBot/1.0; +claudebot@anthropic.com)"
216.73.217.80 - - [25/Apr/2026:11:34:18 -0400] "GET /?w=18689529031140 HTTP/1.1" 500 1053 "-" "Mozilla/5.0 AppleWebKit/537.36 (KHTML, like Gecko; compatible; ClaudeBot/1.0; +claudebot@anthropic.com)"
216.73.217.80 - - [25/Apr/2026:11:34:23 -0400] "GET /?w=1206133011140 HTTP/1.1" 500 1053 "-" "Mozilla/5.0 AppleWebKit/537.36 (KHTML, like Gecko; compatible; ClaudeBot/1.0; +claudebot@anthropic.com)"
216.73.217.80 - - [25/Apr/2026:11:34:28 -0400] "GET /?w=6833233061140 HTTP/1.1" 500 1053 "-" "Mozilla/5.0 AppleWebKit/537.36 (KHTML, like Gecko; compatible; ClaudeBot/1.0; +claudebot@anthropic.com)"
216.73.217.80 - - [25/Apr/2026:11:34:33 -0400] "GET /?w=6185827071140 HTTP/1.1" 500 1053 "-" "Mozilla/5.0 AppleWebKit/537.36 (KHTML, like Gecko; compatible; ClaudeBot/1.0; +claudebot@anthropic.com)"
216.73.217.80 - - [25/Apr/2026:11:34:38 -0400] "GET /?w=5808602031140 HTTP/1.1" 500 1053 "-" "Mozilla/5.0 AppleWebKit/537.36 (KHTML, like Gecko; compatible; ClaudeBot/1.0; +claudebot@anthropic.com)"
216.73.217.80 - - [25/Apr/2026:11:34:44 -0400] "GET /?w=9569394091140 HTTP/1.1" 500 1053 "-" "Mozilla/5.0 AppleWebKit/537.36 (KHTML, like Gecko; compatible; ClaudeBot/1.0; +claudebot@anthropic.com)"
216.73.217.80 - - [25/Apr/2026:11:34:48 -0400] "GET /?w=3249582001140 HTTP/1.1" 500 1053 "-" "Mozilla/5.0 AppleWebKit/537.36 (KHTML, like Gecko; compatible; ClaudeBot/1.0; +claudebot@anthropic.com)"
162.0.209.141 - - [25/Apr/2026:11:34:54 -0400] "POST /wp-cron.php?doing_wp_cron=1777131294.2883749008178710937500 HTTP/1.1" 403 1242 "-" "WordPress/6.4.2; https://ostwalcollegeofpharmacy.com"
216.73.217.80 - - [25/Apr/2026:11:34:53 -0400] "GET /?w=25957010031140 HTTP/1.1" 500 1053 "-" "Mozilla/5.0 AppleWebKit/537.36 (KHTML, like Gecko; compatible; ClaudeBot/1.0; +claudebot@anthropic.com)"
216.73.217.80 - - [25/Apr/2026:11:34:58 -0400] "GET /?w=30236360021140 HTTP/1.1" 500 1053 "-" "Mozilla/5.0 AppleWebKit/537.36 (KHTML, like Gecko; compatible; ClaudeBot/1.0; +claudebot@anthropic.com)"
216.73.217.80 - - [25/Apr/2026:11:35:04 -0400] "GET /?w=25629290071140 HTTP/1.1" 500 1053 "-" "Mozilla/5.0 AppleWebKit/537.36 (KHTML, like Gecko; compatible; ClaudeBot/1.0; +claudebot@anthropic.com)"
216.73.217.80 - - [25/Apr/2026:11:35:09 -0400] "GET /?w=29984990011140 HTTP/1.1" 500 1053 "-" "Mozilla/5.0 AppleWebKit/537.36 (KHTML, like Gecko; compatible; ClaudeBot/1.0; +claudebot@anthropic.com)"
216.73.217.80 - - [25/Apr/2026:11:35:14 -0400] "GET /?w=30631850091140 HTTP/1.1" 500 1053 "-" "Mozilla/5.0 AppleWebKit/537.36 (KHTML, like Gecko; compatible; ClaudeBot/1.0; +claudebot@anthropic.com)"
216.73.217.80 - - [25/Apr/2026:11:35:19 -0400] "GET /?w=10285876021140 HTTP/1.1" 500 1053 "-" "Mozilla/5.0 AppleWebKit/537.36 (KHTML, like Gecko; compatible; ClaudeBot/1.0; +claudebot@anthropic.com)"
216.73.217.80 - - [25/Apr/2026:11:35:24 -0400] "GET /?w=26170640021140 HTTP/1.1" 500 1053 "-" "Mozilla/5.0 AppleWebKit/537.36 (KHTML, like Gecko; compatible; ClaudeBot/1.0; +claudebot@anthropic.com)"
216.73.217.80 - - [25/Apr/2026:11:35:29 -0400] "GET /?w=1483676131140 HTTP/1.1" 500 1053 "-" "Mozilla/5.0 AppleWebKit/537.36 (KHTML, like Gecko; compatible; ClaudeBot/1.0; +claudebot@anthropic.com)"
216.73.217.80 - - [25/Apr/2026:11:35:34 -0400] "GET /?w=7617580031140 HTTP/1.1" 500 1053 "-" "Mozilla/5.0 AppleWebKit/537.36 (KHTML, like Gecko; compatible; ClaudeBot/1.0; +claudebot@anthropic.com)"
216.73.217.80 - - [25/Apr/2026:11:35:39 -0400] "GET /?w=8810083011140 HTTP/1.1" 500 1053 "-" "Mozilla/5.0 AppleWebKit/537.36 (KHTML, like Gecko; compatible; ClaudeBot/1.0; +claudebot@anthropic.com)"
216.73.217.80 - - [25/Apr/2026:11:35:44 -0400] "GET /?w=24938990011140 HTTP/1.1" 500 1053 "-" "Mozilla/5.0 AppleWebKit/537.36 (KHTML, like Gecko; compatible; ClaudeBot/1.0; +claudebot@anthropic.com)"
216.73.217.80 - - [25/Apr/2026:11:35:49 -0400] "GET /?w=32103865031140 HTTP/1.1" 500 1053 "-" "Mozilla/5.0 AppleWebKit/537.36 (KHTML, like Gecko; compatible; ClaudeBot/1.0; +claudebot@anthropic.com)"
216.244.66.232 - - [25/Apr/2026:11:35:50 -0400] "GET /wp-content/uploads/2026/?MA HTTP/1.1" 200 1625 "-" "Mozilla/5.0 (compatible; DotBot/1.2; +https://opensiteexplorer.org/dotbot; help@moz.com)"
162.0.209.141 - - [25/Apr/2026:11:35:54 -0400] "POST /wp-cron.php?doing_wp_cron=1777131354.3182070255279541015625 HTTP/1.1" 403 1242 "-" "WordPress/6.4.2; https://ostwalcollegeofpharmacy.com"
216.73.217.80 - - [25/Apr/2026:11:35:54 -0400] "GET /?w=6361240091140 HTTP/1.1" 500 1053 "-" "Mozilla/5.0 AppleWebKit/537.36 (KHTML, like Gecko; compatible; ClaudeBot/1.0; +claudebot@anthropic.com)"
216.73.217.80 - - [25/Apr/2026:11:35:59 -0400] "GET /?w=15524919011140 HTTP/1.1" 500 1053 "-" "Mozilla/5.0 AppleWebKit/537.36 (KHTML, like Gecko; compatible; ClaudeBot/1.0; +claudebot@anthropic.com)"
216.73.217.80 - - [25/Apr/2026:11:36:04 -0400] "GET /?w=20188179021140 HTTP/1.1" 500 1053 "-" "Mozilla/5.0 AppleWebKit/537.36 (KHTML, like Gecko; compatible; ClaudeBot/1.0; +claudebot@anthropic.com)"
216.73.217.80 - - [25/Apr/2026:11:36:09 -0400] "GET /?w=23797029021140 HTTP/1.1" 500 1053 "-" "Mozilla/5.0 AppleWebKit/537.36 (KHTML, like Gecko; compatible; ClaudeBot/1.0; +claudebot@anthropic.com)"
216.73.217.80 - - [25/Apr/2026:11:36:14 -0400] "GET /?w=9191035011140 HTTP/1.1" 500 1053 "-" "Mozilla/5.0 AppleWebKit/537.36 (KHTML, like Gecko; compatible; ClaudeBot/1.0; +claudebot@anthropic.com)"
216.73.217.80 - - [25/Apr/2026:11:36:21 -0400] "GET /?w=28393760041140 HTTP/1.1" 500 1053 "-" "Mozilla/5.0 AppleWebKit/537.36 (KHTML, like Gecko; compatible; ClaudeBot/1.0; +claudebot@anthropic.com)"
216.73.217.80 - - [25/Apr/2026:11:36:24 -0400] "GET /?w=9126960011140 HTTP/1.1" 500 1053 "-" "Mozilla/5.0 AppleWebKit/537.36 (KHTML, like Gecko; compatible; ClaudeBot/1.0; +claudebot@anthropic.com)"
216.73.217.80 - - [25/Apr/2026:11:36:29 -0400] "GET /?w=9100237051140 HTTP/1.1" 500 1053 "-" "Mozilla/5.0 AppleWebKit/537.36 (KHTML, like Gecko; compatible; ClaudeBot/1.0; +claudebot@anthropic.com)"
216.73.217.80 - - [25/Apr/2026:11:36:34 -0400] "GET /?w=2994115021140 HTTP/1.1" 500 1053 "-" "Mozilla/5.0 AppleWebKit/537.36 (KHTML, like Gecko; compatible; ClaudeBot/1.0; +claudebot@anthropic.com)"
216.73.217.80 - - [25/Apr/2026:11:36:39 -0400] "GET /?w=25486730021140 HTTP/1.1" 500 1053 "-" "Mozilla/5.0 AppleWebKit/537.36 (KHTML, like Gecko; compatible; ClaudeBot/1.0; +claudebot@anthropic.com)"
216.73.217.80 - - [25/Apr/2026:11:36:44 -0400] "GET /?w=4834574001140 HTTP/1.1" 500 1053 "-" "Mozilla/5.0 AppleWebKit/537.36 (KHTML, like Gecko; compatible; ClaudeBot/1.0; +claudebot@anthropic.com)"
216.73.217.80 - - [25/Apr/2026:11:36:49 -0400] "GET /?w=193071091140 HTTP/1.1" 500 1053 "-" "Mozilla/5.0 AppleWebKit/537.36 (KHTML, like Gecko; compatible; ClaudeBot/1.0; +claudebot@anthropic.com)"
162.0.209.141 - - [25/Apr/2026:11:36:54 -0400] "POST /wp-cron.php?doing_wp_cron=1777131414.6308879852294921875000 HTTP/1.1" 403 1242 "-" "WordPress/6.4.2; https://ostwalcollegeofpharmacy.com"
216.73.217.80 - - [25/Apr/2026:11:36:54 -0400] "GET /?w=8296327071140 HTTP/1.1" 500 1053 "-" "Mozilla/5.0 AppleWebKit/537.36 (KHTML, like Gecko; compatible; ClaudeBot/1.0; +claudebot@anthropic.com)"
216.73.217.80 - - [25/Apr/2026:11:36:59 -0400] "GET /?w=19149909021140 HTTP/1.1" 500 1053 "-" "Mozilla/5.0 AppleWebKit/537.36 (KHTML, like Gecko; compatible; ClaudeBot/1.0; +claudebot@anthropic.com)"
216.73.217.80 - - [25/Apr/2026:11:37:04 -0400] "GET /?w=6795284001140 HTTP/1.1" 500 1053 "-" "Mozilla/5.0 AppleWebKit/537.36 (KHTML, like Gecko; compatible; ClaudeBot/1.0; +claudebot@anthropic.com)"
216.73.217.80 - - [25/Apr/2026:11:37:09 -0400] "GET /?w=2279566001140 HTTP/1.1" 500 1053 "-" "Mozilla/5.0 AppleWebKit/537.36 (KHTML, like Gecko; compatible; ClaudeBot/1.0; +claudebot@anthropic.com)"
216.73.217.80 - - [25/Apr/2026:11:37:14 -0400] "GET /?w=22653699041140 HTTP/1.1" 500 1053 "-" "Mozilla/5.0 AppleWebKit/537.36 (KHTML, like Gecko; compatible; ClaudeBot/1.0; +claudebot@anthropic.com)"
216.73.217.80 - - [25/Apr/2026:11:37:19 -0400] "GET /?w=30677690031140 HTTP/1.1" 500 1053 "-" "Mozilla/5.0 AppleWebKit/537.36 (KHTML, like Gecko; compatible; ClaudeBot/1.0; +claudebot@anthropic.com)"
216.73.217.80 - - [25/Apr/2026:11:37:24 -0400] "GET /?w=18228909001140 HTTP/1.1" 500 1053 "-" "Mozilla/5.0 AppleWebKit/537.36 (KHTML, like Gecko; compatible; ClaudeBot/1.0; +claudebot@anthropic.com)"
51.161.37.71 - - [25/Apr/2026:11:37:26 -0400] "GET /wp-content/uploads/2021/03/?MA HTTP/1.1" 200 561 "-" "Mozilla/5.0 (compatible; AhrefsBot/7.0; +http://ahrefs.com/robot/)"
216.73.217.80 - - [25/Apr/2026:11:37:29 -0400] "GET /?w=9405042021140 HTTP/1.1" 500 1053 "-" "Mozilla/5.0 AppleWebKit/537.36 (KHTML, like Gecko; compatible; ClaudeBot/1.0; +claudebot@anthropic.com)"
216.73.217.80 - - [25/Apr/2026:11:37:34 -0400] "GET /?w=21374679021140 HTTP/1.1" 500 1053 "-" "Mozilla/5.0 AppleWebKit/537.36 (KHTML, like Gecko; compatible; ClaudeBot/1.0; +claudebot@anthropic.com)"
216.73.217.80 - - [25/Apr/2026:11:37:39 -0400] "GET /?w=32102045021140 HTTP/1.1" 500 1053 "-" "Mozilla/5.0 AppleWebKit/537.36 (KHTML, like Gecko; compatible; ClaudeBot/1.0; +claudebot@anthropic.com)"
216.73.217.80 - - [25/Apr/2026:11:37:44 -0400] "GET /?w=6521220001140 HTTP/1.1" 500 1053 "-" "Mozilla/5.0 AppleWebKit/537.36 (KHTML, like Gecko; compatible; ClaudeBot/1.0; +claudebot@anthropic.com)"
216.73.217.80 - - [25/Apr/2026:11:37:49 -0400] "GET /?w=28253060031140 HTTP/1.1" 500 1053 "-" "Mozilla/5.0 AppleWebKit/537.36 (KHTML, like Gecko; compatible; ClaudeBot/1.0; +claudebot@anthropic.com)"
162.0.209.141 - - [25/Apr/2026:11:37:54 -0400] "POST /wp-cron.php?doing_wp_cron=1777131474.9621250629425048828125 HTTP/1.1" 403 1242 "-" "WordPress/6.4.2; https://ostwalcollegeofpharmacy.com"
216.73.217.80 - - [25/Apr/2026:11:37:54 -0400] "GET /?w=21638799021140 HTTP/1.1" 500 1053 "-" "Mozilla/5.0 AppleWebKit/537.36 (KHTML, like Gecko; compatible; ClaudeBot/1.0; +claudebot@anthropic.com)"
216.73.217.80 - - [25/Apr/2026:11:37:59 -0400] "GET /?w=23508939091140 HTTP/1.1" 500 1053 "-" "Mozilla/5.0 AppleWebKit/537.36 (KHTML, like Gecko; compatible; ClaudeBot/1.0; +claudebot@anthropic.com)"
216.73.217.80 - - [25/Apr/2026:11:38:04 -0400] "GET /?w=19495149011140 HTTP/1.1" 500 1053 "-" "Mozilla/5.0 AppleWebKit/537.36 (KHTML, like Gecko; compatible; ClaudeBot/1.0; +claudebot@anthropic.com)"
216.73.217.80 - - [25/Apr/2026:11:38:09 -0400] "GET /?w=20511489061140 HTTP/1.1" 500 1053 "-" "Mozilla/5.0 AppleWebKit/537.36 (KHTML, like Gecko; compatible; ClaudeBot/1.0; +claudebot@anthropic.com)"
114.119.136.148 - - [25/Apr/2026:11:38:12 -0400] "GET /wp-includes/js/swfupload?MA HTTP/1.1" 301 795 "-" "Mozilla/5.0 (Linux; Android 7.0;) AppleWebKit/537.36 (HTML, like Gecko) Mobile Safari/537.36 (compatible; PetalBot;+https://webmaster.petalsearch.com/site/petalbot)"
114.119.136.148 - - [25/Apr/2026:11:38:12 -0400] "GET /wp-includes/js/swfupload/?MA HTTP/1.1" 403 1242 "https://ostwalcollegeofpharmacy.com/wp-includes/js/swfupload?MA" "Mozilla/5.0 (Linux; Android 7.0;) AppleWebKit/537.36 (HTML, like Gecko) Mobile Safari/537.36 (compatible; PetalBot;+https://webmaster.petalsearch.com/site/petalbot)"
216.73.217.80 - - [25/Apr/2026:11:38:14 -0400] "GET /?w=26358920001140 HTTP/1.1" 500 1053 "-" "Mozilla/5.0 AppleWebKit/537.36 (KHTML, like Gecko; compatible; ClaudeBot/1.0; +claudebot@anthropic.com)"
216.73.217.80 - - [25/Apr/2026:11:38:19 -0400] "GET /?w=3554359051140 HTTP/1.1" 500 1053 "-" "Mozilla/5.0 AppleWebKit/537.36 (KHTML, like Gecko; compatible; ClaudeBot/1.0; +claudebot@anthropic.com)"
216.73.217.80 - - [25/Apr/2026:11:38:24 -0400] "GET /?w=24329150021140 HTTP/1.1" 500 1053 "-" "Mozilla/5.0 AppleWebKit/537.36 (KHTML, like Gecko; compatible; ClaudeBot/1.0; +claudebot@anthropic.com)"
216.73.217.80 - - [25/Apr/2026:11:38:29 -0400] "GET /?w=17373399001140 HTTP/1.1" 500 1053 "-" "Mozilla/5.0 AppleWebKit/537.36 (KHTML, like Gecko; compatible; ClaudeBot/1.0; +claudebot@anthropic.com)"
216.73.217.80 - - [25/Apr/2026:11:38:36 -0400] "GET /?w=30877460051140 HTTP/1.1" 500 1053 "-" "Mozilla/5.0 AppleWebKit/537.36 (KHTML, like Gecko; compatible; ClaudeBot/1.0; +claudebot@anthropic.com)"
216.73.217.80 - - [25/Apr/2026:11:38:39 -0400] "GET /?w=6570026031140 HTTP/1.1" 500 1053 "-" "Mozilla/5.0 AppleWebKit/537.36 (KHTML, like Gecko; compatible; ClaudeBot/1.0; +claudebot@anthropic.com)"
216.73.217.80 - - [25/Apr/2026:11:38:44 -0400] "GET /?w=8877487021140 HTTP/1.1" 500 1053 "-" "Mozilla/5.0 AppleWebKit/537.36 (KHTML, like Gecko; compatible; ClaudeBot/1.0; +claudebot@anthropic.com)"
216.73.217.80 - - [25/Apr/2026:11:38:49 -0400] "GET /?w=4638257021140 HTTP/1.1" 500 1053 "-" "Mozilla/5.0 AppleWebKit/537.36 (KHTML, like Gecko; compatible; ClaudeBot/1.0; +claudebot@anthropic.com)"
162.0.209.141 - - [25/Apr/2026:11:38:55 -0400] "POST /wp-cron.php?doing_wp_cron=1777131535.0922079086303710937500 HTTP/1.1" 403 1242 "-" "WordPress/6.4.2; https://ostwalcollegeofpharmacy.com"
216.73.217.80 - - [25/Apr/2026:11:38:54 -0400] "GET /?w=25958060021140 HTTP/1.1" 500 1053 "-" "Mozilla/5.0 AppleWebKit/537.36 (KHTML, like Gecko; compatible; ClaudeBot/1.0; +claudebot@anthropic.com)"
216.73.217.80 - - [25/Apr/2026:11:38:59 -0400] "GET /?w=5942523021140 HTTP/1.1" 500 1053 "-" "Mozilla/5.0 AppleWebKit/537.36 (KHTML, like Gecko; compatible; ClaudeBot/1.0; +claudebot@anthropic.com)"
216.73.217.80 - - [25/Apr/2026:11:39:04 -0400] "GET /?w=12644710021140 HTTP/1.1" 500 1053 "-" "Mozilla/5.0 AppleWebKit/537.36 (KHTML, like Gecko; compatible; ClaudeBot/1.0; +claudebot@anthropic.com)"
216.73.217.80 - - [25/Apr/2026:11:39:09 -0400] "GET /?w=255671011140 HTTP/1.1" 500 1053 "-" "Mozilla/5.0 AppleWebKit/537.36 (KHTML, like Gecko; compatible; ClaudeBot/1.0; +claudebot@anthropic.com)"
216.73.217.80 - - [25/Apr/2026:11:39:14 -0400] "GET /?w=2133374031140 HTTP/1.1" 500 1053 "-" "Mozilla/5.0 AppleWebKit/537.36 (KHTML, like Gecko; compatible; ClaudeBot/1.0; +claudebot@anthropic.com)"
216.73.217.80 - - [25/Apr/2026:11:39:20 -0400] "GET /?w=29952260001140 HTTP/1.1" 500 1053 "-" "Mozilla/5.0 AppleWebKit/537.36 (KHTML, like Gecko; compatible; ClaudeBot/1.0; +claudebot@anthropic.com)"
216.73.217.80 - - [25/Apr/2026:11:39:25 -0400] "GET /?w=8246186081140 HTTP/1.1" 500 1053 "-" "Mozilla/5.0 AppleWebKit/537.36 (KHTML, like Gecko; compatible; ClaudeBot/1.0; +claudebot@anthropic.com)"
216.73.217.80 - - [25/Apr/2026:11:39:30 -0400] "GET /?w=6424879001140 HTTP/1.1" 500 1053 "-" "Mozilla/5.0 AppleWebKit/537.36 (KHTML, like Gecko; compatible; ClaudeBot/1.0; +claudebot@anthropic.com)"
216.73.217.80 - - [25/Apr/2026:11:39:35 -0400] "GET /?w=32040824031140 HTTP/1.1" 500 1053 "-" "Mozilla/5.0 AppleWebKit/537.36 (KHTML, like Gecko; compatible; ClaudeBot/1.0; +claudebot@anthropic.com)"
