216.73.217.80 - - [25/Apr/2026:10:06:40 -0400] "GET /?w=30896120041140 HTTP/1.1" 500 1053 "-" "Mozilla/5.0 AppleWebKit/537.36 (KHTML, like Gecko; compatible; ClaudeBot/1.0; +claudebot@anthropic.com)"
216.73.217.80 - - [25/Apr/2026:10:06:45 -0400] "GET /?w=24995030031140 HTTP/1.1" 500 1053 "-" "Mozilla/5.0 AppleWebKit/537.36 (KHTML, like Gecko; compatible; ClaudeBot/1.0; +claudebot@anthropic.com)"
216.73.217.80 - - [25/Apr/2026:10:06:50 -0400] "GET /?w=13775659011140 HTTP/1.1" 500 1053 "-" "Mozilla/5.0 AppleWebKit/537.36 (KHTML, like Gecko; compatible; ClaudeBot/1.0; +claudebot@anthropic.com)"
162.0.209.141 - - [25/Apr/2026:10:06:56 -0400] "POST /wp-cron.php?doing_wp_cron=1777126016.2315590381622314453125 HTTP/1.1" 403 1242 "-" "WordPress/6.4.2; https://ostwalcollegeofpharmacy.com"
216.73.217.80 - - [25/Apr/2026:10:06:55 -0400] "GET /?w=7481131021140 HTTP/1.1" 500 1053 "-" "Mozilla/5.0 AppleWebKit/537.36 (KHTML, like Gecko; compatible; ClaudeBot/1.0; +claudebot@anthropic.com)"
216.73.217.80 - - [25/Apr/2026:10:07:01 -0400] "GET /?w=12420625011140 HTTP/1.1" 500 1053 "-" "Mozilla/5.0 AppleWebKit/537.36 (KHTML, like Gecko; compatible; ClaudeBot/1.0; +claudebot@anthropic.com)"
216.73.217.80 - - [25/Apr/2026:10:07:06 -0400] "GET /?w=7512628071140 HTTP/1.1" 500 1053 "-" "Mozilla/5.0 AppleWebKit/537.36 (KHTML, like Gecko; compatible; ClaudeBot/1.0; +claudebot@anthropic.com)"
216.73.217.80 - - [25/Apr/2026:10:07:11 -0400] "GET /?w=10786660031140 HTTP/1.1" 500 1053 "-" "Mozilla/5.0 AppleWebKit/537.36 (KHTML, like Gecko; compatible; ClaudeBot/1.0; +claudebot@anthropic.com)"
216.73.217.80 - - [25/Apr/2026:10:07:16 -0400] "GET /?w=24902630001140 HTTP/1.1" 500 1053 "-" "Mozilla/5.0 AppleWebKit/537.36 (KHTML, like Gecko; compatible; ClaudeBot/1.0; +claudebot@anthropic.com)"
216.73.217.80 - - [25/Apr/2026:10:07:21 -0400] "GET /?w=11912582031140 HTTP/1.1" 500 1053 "-" "Mozilla/5.0 AppleWebKit/537.36 (KHTML, like Gecko; compatible; ClaudeBot/1.0; +claudebot@anthropic.com)"
216.73.217.80 - - [25/Apr/2026:10:07:26 -0400] "GET /?w=8362724021140 HTTP/1.1" 500 1053 "-" "Mozilla/5.0 AppleWebKit/537.36 (KHTML, like Gecko; compatible; ClaudeBot/1.0; +claudebot@anthropic.com)"
216.73.217.80 - - [25/Apr/2026:10:07:31 -0400] "GET /?w=25240070031140 HTTP/1.1" 500 1053 "-" "Mozilla/5.0 AppleWebKit/537.36 (KHTML, like Gecko; compatible; ClaudeBot/1.0; +claudebot@anthropic.com)"
216.73.217.80 - - [25/Apr/2026:10:07:36 -0400] "GET /?w=32291193031140 HTTP/1.1" 500 1053 "-" "Mozilla/5.0 AppleWebKit/537.36 (KHTML, like Gecko; compatible; ClaudeBot/1.0; +claudebot@anthropic.com)"
216.73.217.80 - - [25/Apr/2026:10:07:41 -0400] "GET /?w=15405787011140 HTTP/1.1" 500 1053 "-" "Mozilla/5.0 AppleWebKit/537.36 (KHTML, like Gecko; compatible; ClaudeBot/1.0; +claudebot@anthropic.com)"
216.73.217.80 - - [25/Apr/2026:10:07:47 -0400] "GET /?w=1210363081140 HTTP/1.1" 500 1053 "-" "Mozilla/5.0 AppleWebKit/537.36 (KHTML, like Gecko; compatible; ClaudeBot/1.0; +claudebot@anthropic.com)"
216.73.217.80 - - [25/Apr/2026:10:07:52 -0400] "GET /?w=23089539011140 HTTP/1.1" 500 1053 "-" "Mozilla/5.0 AppleWebKit/537.36 (KHTML, like Gecko; compatible; ClaudeBot/1.0; +claudebot@anthropic.com)"
162.0.209.141 - - [25/Apr/2026:10:07:57 -0400] "POST /wp-cron.php?doing_wp_cron=1777126077.5432939529418945312500 HTTP/1.1" 403 1242 "-" "WordPress/6.4.2; https://ostwalcollegeofpharmacy.com"
216.73.217.80 - - [25/Apr/2026:10:07:57 -0400] "GET /?w=9771526001140 HTTP/1.1" 500 1053 "-" "Mozilla/5.0 AppleWebKit/537.36 (KHTML, like Gecko; compatible; ClaudeBot/1.0; +claudebot@anthropic.com)"
114.119.136.34 - - [25/Apr/2026:10:07:59 -0400] "GET /wp-includes/nav-menu.php HTTP/1.1" 403 1242 "https://ostwalcollegeofpharmacy.com/wp-includes/?NA" "Mozilla/5.0 (Linux; Android 7.0;) AppleWebKit/537.36 (HTML, like Gecko) Mobile Safari/537.36 (compatible; PetalBot;+https://webmaster.petalsearch.com/site/petalbot)"
216.73.217.80 - - [25/Apr/2026:10:08:02 -0400] "GET /?w=25074950031140 HTTP/1.1" 500 1053 "-" "Mozilla/5.0 AppleWebKit/537.36 (KHTML, like Gecko; compatible; ClaudeBot/1.0; +claudebot@anthropic.com)"
216.73.217.80 - - [25/Apr/2026:10:08:07 -0400] "GET /?w=32387737061140 HTTP/1.1" 500 1053 "-" "Mozilla/5.0 AppleWebKit/537.36 (KHTML, like Gecko; compatible; ClaudeBot/1.0; +claudebot@anthropic.com)"
216.73.217.80 - - [25/Apr/2026:10:08:12 -0400] "GET /?w=10720099041140 HTTP/1.1" 500 1053 "-" "Mozilla/5.0 AppleWebKit/537.36 (KHTML, like Gecko; compatible; ClaudeBot/1.0; +claudebot@anthropic.com)"
216.73.217.80 - - [25/Apr/2026:10:08:17 -0400] "GET /?w=26873120001140 HTTP/1.1" 500 1053 "-" "Mozilla/5.0 AppleWebKit/537.36 (KHTML, like Gecko; compatible; ClaudeBot/1.0; +claudebot@anthropic.com)"
216.73.217.80 - - [25/Apr/2026:10:08:22 -0400] "GET /?w=6263013031140 HTTP/1.1" 500 1053 "-" "Mozilla/5.0 AppleWebKit/537.36 (KHTML, like Gecko; compatible; ClaudeBot/1.0; +claudebot@anthropic.com)"
15.235.96.204 - - [25/Apr/2026:10:08:25 -0400] "GET /wp-content/uploads/2019/09/?NA HTTP/1.1" 200 562 "-" "Mozilla/5.0 (compatible; AhrefsBot/7.0; +http://ahrefs.com/robot/)"
216.73.217.80 - - [25/Apr/2026:10:08:27 -0400] "GET /?w=6226026081140 HTTP/1.1" 500 1053 "-" "Mozilla/5.0 AppleWebKit/537.36 (KHTML, like Gecko; compatible; ClaudeBot/1.0; +claudebot@anthropic.com)"
216.73.217.80 - - [25/Apr/2026:10:08:32 -0400] "GET /?w=13587476031140 HTTP/1.1" 500 1053 "-" "Mozilla/5.0 AppleWebKit/537.36 (KHTML, like Gecko; compatible; ClaudeBot/1.0; +claudebot@anthropic.com)"
216.73.217.80 - - [25/Apr/2026:10:08:37 -0400] "GET /?w=18423159071140 HTTP/1.1" 500 1053 "-" "Mozilla/5.0 AppleWebKit/537.36 (KHTML, like Gecko; compatible; ClaudeBot/1.0; +claudebot@anthropic.com)"
216.73.217.80 - - [25/Apr/2026:10:08:42 -0400] "GET /?w=11872416071140 HTTP/1.1" 500 1053 "-" "Mozilla/5.0 AppleWebKit/537.36 (KHTML, like Gecko; compatible; ClaudeBot/1.0; +claudebot@anthropic.com)"
216.73.217.80 - - [25/Apr/2026:10:08:47 -0400] "GET /?w=32424277001140 HTTP/1.1" 500 1053 "-" "Mozilla/5.0 AppleWebKit/537.36 (KHTML, like Gecko; compatible; ClaudeBot/1.0; +claudebot@anthropic.com)"
216.73.217.80 - - [25/Apr/2026:10:08:52 -0400] "GET /?w=16553709021140 HTTP/1.1" 500 1053 "-" "Mozilla/5.0 AppleWebKit/537.36 (KHTML, like Gecko; compatible; ClaudeBot/1.0; +claudebot@anthropic.com)"
162.0.209.141 - - [25/Apr/2026:10:08:57 -0400] "POST /wp-cron.php?doing_wp_cron=1777126137.5585949420928955078125 HTTP/1.1" 403 1242 "-" "WordPress/6.4.2; https://ostwalcollegeofpharmacy.com"
216.73.217.80 - - [25/Apr/2026:10:08:57 -0400] "GET /?w=16197369071140 HTTP/1.1" 500 1053 "-" "Mozilla/5.0 AppleWebKit/537.36 (KHTML, like Gecko; compatible; ClaudeBot/1.0; +claudebot@anthropic.com)"
216.73.217.80 - - [25/Apr/2026:10:09:02 -0400] "GET /?w=31213220021140 HTTP/1.1" 500 1053 "-" "Mozilla/5.0 AppleWebKit/537.36 (KHTML, like Gecko; compatible; ClaudeBot/1.0; +claudebot@anthropic.com)"
216.73.217.80 - - [25/Apr/2026:10:09:07 -0400] "GET /?w=22317159041140 HTTP/1.1" 500 1053 "-" "Mozilla/5.0 AppleWebKit/537.36 (KHTML, like Gecko; compatible; ClaudeBot/1.0; +claudebot@anthropic.com)"
216.73.217.80 - - [25/Apr/2026:10:09:12 -0400] "GET /?w=30164150001140 HTTP/1.1" 500 1053 "-" "Mozilla/5.0 AppleWebKit/537.36 (KHTML, like Gecko; compatible; ClaudeBot/1.0; +claudebot@anthropic.com)"
216.73.217.80 - - [25/Apr/2026:10:09:17 -0400] "GET /?w=13781669041140 HTTP/1.1" 500 1053 "-" "Mozilla/5.0 AppleWebKit/537.36 (KHTML, like Gecko; compatible; ClaudeBot/1.0; +claudebot@anthropic.com)"
216.73.217.80 - - [25/Apr/2026:10:09:24 -0400] "GET /?w=15163736011140 HTTP/1.1" 500 1053 "-" "Mozilla/5.0 AppleWebKit/537.36 (KHTML, like Gecko; compatible; ClaudeBot/1.0; +claudebot@anthropic.com)"
216.73.217.80 - - [25/Apr/2026:10:09:27 -0400] "GET /?w=10701739061140 HTTP/1.1" 500 1053 "-" "Mozilla/5.0 AppleWebKit/537.36 (KHTML, like Gecko; compatible; ClaudeBot/1.0; +claudebot@anthropic.com)"
216.73.217.80 - - [25/Apr/2026:10:09:32 -0400] "GET /?w=17383659011140 HTTP/1.1" 500 1053 "-" "Mozilla/5.0 AppleWebKit/537.36 (KHTML, like Gecko; compatible; ClaudeBot/1.0; +claudebot@anthropic.com)"
216.73.217.80 - - [25/Apr/2026:10:09:37 -0400] "GET /?w=3682027041140 HTTP/1.1" 500 1053 "-" "Mozilla/5.0 AppleWebKit/537.36 (KHTML, like Gecko; compatible; ClaudeBot/1.0; +claudebot@anthropic.com)"
216.73.217.80 - - [25/Apr/2026:10:09:42 -0400] "GET /?w=22431129041140 HTTP/1.1" 500 1053 "-" "Mozilla/5.0 AppleWebKit/537.36 (KHTML, like Gecko; compatible; ClaudeBot/1.0; +claudebot@anthropic.com)"
216.73.217.80 - - [25/Apr/2026:10:09:47 -0400] "GET /?w=7562183011140 HTTP/1.1" 500 1053 "-" "Mozilla/5.0 AppleWebKit/537.36 (KHTML, like Gecko; compatible; ClaudeBot/1.0; +claudebot@anthropic.com)"
216.73.217.80 - - [25/Apr/2026:10:09:52 -0400] "GET /?w=32264073091140 HTTP/1.1" 500 1053 "-" "Mozilla/5.0 AppleWebKit/537.36 (KHTML, like Gecko; compatible; ClaudeBot/1.0; +claudebot@anthropic.com)"
162.0.209.141 - - [25/Apr/2026:10:09:57 -0400] "POST /wp-cron.php?doing_wp_cron=1777126197.8914151191711425781250 HTTP/1.1" 403 1242 "-" "WordPress/6.4.2; https://ostwalcollegeofpharmacy.com"
216.73.217.80 - - [25/Apr/2026:10:09:57 -0400] "GET /?w=6027959001140 HTTP/1.1" 500 1053 "-" "Mozilla/5.0 AppleWebKit/537.36 (KHTML, like Gecko; compatible; ClaudeBot/1.0; +claudebot@anthropic.com)"
216.73.217.80 - - [25/Apr/2026:10:10:02 -0400] "GET /?w=12235224041140 HTTP/1.1" 500 1053 "-" "Mozilla/5.0 AppleWebKit/537.36 (KHTML, like Gecko; compatible; ClaudeBot/1.0; +claudebot@anthropic.com)"
216.73.217.80 - - [25/Apr/2026:10:10:07 -0400] "GET /?w=10141996031140 HTTP/1.1" 500 1053 "-" "Mozilla/5.0 AppleWebKit/537.36 (KHTML, like Gecko; compatible; ClaudeBot/1.0; +claudebot@anthropic.com)"
216.73.217.80 - - [25/Apr/2026:10:10:12 -0400] "GET /?w=11821085041140 HTTP/1.1" 500 1053 "-" "Mozilla/5.0 AppleWebKit/537.36 (KHTML, like Gecko; compatible; ClaudeBot/1.0; +claudebot@anthropic.com)"
216.73.217.80 - - [25/Apr/2026:10:10:17 -0400] "GET /?w=11319776011140 HTTP/1.1" 500 1053 "-" "Mozilla/5.0 AppleWebKit/537.36 (KHTML, like Gecko; compatible; ClaudeBot/1.0; +claudebot@anthropic.com)"
216.73.217.80 - - [25/Apr/2026:10:10:22 -0400] "GET /?w=24393440011140 HTTP/1.1" 500 1053 "-" "Mozilla/5.0 AppleWebKit/537.36 (KHTML, like Gecko; compatible; ClaudeBot/1.0; +claudebot@anthropic.com)"
216.73.217.80 - - [25/Apr/2026:10:10:27 -0400] "GET /?w=17562999031140 HTTP/1.1" 500 1053 "-" "Mozilla/5.0 AppleWebKit/537.36 (KHTML, like Gecko; compatible; ClaudeBot/1.0; +claudebot@anthropic.com)"
216.73.217.80 - - [25/Apr/2026:10:10:32 -0400] "GET /?w=20385909031140 HTTP/1.1" 500 1053 "-" "Mozilla/5.0 AppleWebKit/537.36 (KHTML, like Gecko; compatible; ClaudeBot/1.0; +claudebot@anthropic.com)"
216.73.217.80 - - [25/Apr/2026:10:10:37 -0400] "GET /?w=10852431011140 HTTP/1.1" 500 1053 "-" "Mozilla/5.0 AppleWebKit/537.36 (KHTML, like Gecko; compatible; ClaudeBot/1.0; +claudebot@anthropic.com)"
216.73.217.80 - - [25/Apr/2026:10:10:42 -0400] "GET /?w=12057281131140 HTTP/1.1" 500 1053 "-" "Mozilla/5.0 AppleWebKit/537.36 (KHTML, like Gecko; compatible; ClaudeBot/1.0; +claudebot@anthropic.com)"
216.73.217.80 - - [25/Apr/2026:10:10:47 -0400] "GET /?w=24533150011140 HTTP/1.1" 500 1053 "-" "Mozilla/5.0 AppleWebKit/537.36 (KHTML, like Gecko; compatible; ClaudeBot/1.0; +claudebot@anthropic.com)"
216.73.217.80 - - [25/Apr/2026:10:10:52 -0400] "GET /?w=14702563031140 HTTP/1.1" 500 1053 "-" "Mozilla/5.0 AppleWebKit/537.36 (KHTML, like Gecko; compatible; ClaudeBot/1.0; +claudebot@anthropic.com)"
162.0.209.141 - - [25/Apr/2026:10:10:57 -0400] "POST /wp-cron.php?doing_wp_cron=1777126257.8957190513610839843750 HTTP/1.1" 403 1242 "-" "WordPress/6.4.2; https://ostwalcollegeofpharmacy.com"
216.73.217.80 - - [25/Apr/2026:10:10:57 -0400] "GET /?w=18321999041140 HTTP/1.1" 500 1053 "-" "Mozilla/5.0 AppleWebKit/537.36 (KHTML, like Gecko; compatible; ClaudeBot/1.0; +claudebot@anthropic.com)"
216.73.217.80 - - [25/Apr/2026:10:11:02 -0400] "GET /?w=20858979031140 HTTP/1.1" 500 1053 "-" "Mozilla/5.0 AppleWebKit/537.36 (KHTML, like Gecko; compatible; ClaudeBot/1.0; +claudebot@anthropic.com)"
216.73.217.80 - - [25/Apr/2026:10:11:07 -0400] "GET /?w=25109360011140 HTTP/1.1" 500 1053 "-" "Mozilla/5.0 AppleWebKit/537.36 (KHTML, like Gecko; compatible; ClaudeBot/1.0; +claudebot@anthropic.com)"
216.73.217.80 - - [25/Apr/2026:10:11:12 -0400] "GET /?w=14195857071140 HTTP/1.1" 500 1053 "-" "Mozilla/5.0 AppleWebKit/537.36 (KHTML, like Gecko; compatible; ClaudeBot/1.0; +claudebot@anthropic.com)"
216.73.217.80 - - [25/Apr/2026:10:11:17 -0400] "GET /?w=26353250021140 HTTP/1.1" 500 1053 "-" "Mozilla/5.0 AppleWebKit/537.36 (KHTML, like Gecko; compatible; ClaudeBot/1.0; +claudebot@anthropic.com)"
216.73.217.80 - - [25/Apr/2026:10:11:22 -0400] "GET /?w=14427036051140 HTTP/1.1" 500 1053 "-" "Mozilla/5.0 AppleWebKit/537.36 (KHTML, like Gecko; compatible; ClaudeBot/1.0; +claudebot@anthropic.com)"
216.73.217.80 - - [25/Apr/2026:10:11:27 -0400] "GET /?w=13113857011140 HTTP/1.1" 500 1053 "-" "Mozilla/5.0 AppleWebKit/537.36 (KHTML, like Gecko; compatible; ClaudeBot/1.0; +claudebot@anthropic.com)"
216.73.217.80 - - [25/Apr/2026:10:11:32 -0400] "GET /?w=1289198001140 HTTP/1.1" 500 1053 "-" "Mozilla/5.0 AppleWebKit/537.36 (KHTML, like Gecko; compatible; ClaudeBot/1.0; +claudebot@anthropic.com)"
216.73.217.80 - - [25/Apr/2026:10:11:37 -0400] "GET /?w=1445258061140 HTTP/1.1" 500 1053 "-" "Mozilla/5.0 AppleWebKit/537.36 (KHTML, like Gecko; compatible; ClaudeBot/1.0; +claudebot@anthropic.com)"
216.73.217.80 - - [25/Apr/2026:10:11:42 -0400] "GET /?w=11671731011140 HTTP/1.1" 500 1053 "-" "Mozilla/5.0 AppleWebKit/537.36 (KHTML, like Gecko; compatible; ClaudeBot/1.0; +claudebot@anthropic.com)"
216.73.217.80 - - [25/Apr/2026:10:11:47 -0400] "GET /?w=15457299001140 HTTP/1.1" 500 1053 "-" "Mozilla/5.0 AppleWebKit/537.36 (KHTML, like Gecko; compatible; ClaudeBot/1.0; +claudebot@anthropic.com)"
216.73.217.80 - - [25/Apr/2026:10:11:52 -0400] "GET /?w=20980629141140 HTTP/1.1" 500 1053 "-" "Mozilla/5.0 AppleWebKit/537.36 (KHTML, like Gecko; compatible; ClaudeBot/1.0; +claudebot@anthropic.com)"
162.0.209.141 - - [25/Apr/2026:10:11:57 -0400] "POST /wp-cron.php?doing_wp_cron=1777126317.9188539981842041015625 HTTP/1.1" 403 1242 "-" "WordPress/6.4.2; https://ostwalcollegeofpharmacy.com"
216.73.217.80 - - [25/Apr/2026:10:11:57 -0400] "GET /?w=16001619071140 HTTP/1.1" 500 1053 "-" "Mozilla/5.0 AppleWebKit/537.36 (KHTML, like Gecko; compatible; ClaudeBot/1.0; +claudebot@anthropic.com)"
216.73.217.80 - - [25/Apr/2026:10:12:02 -0400] "GET /?w=17607399041140 HTTP/1.1" 500 1053 "-" "Mozilla/5.0 AppleWebKit/537.36 (KHTML, like Gecko; compatible; ClaudeBot/1.0; +claudebot@anthropic.com)"
216.73.217.80 - - [25/Apr/2026:10:12:07 -0400] "GET /?w=10888987001140 HTTP/1.1" 500 1053 "-" "Mozilla/5.0 AppleWebKit/537.36 (KHTML, like Gecko; compatible; ClaudeBot/1.0; +claudebot@anthropic.com)"
216.73.217.80 - - [25/Apr/2026:10:12:12 -0400] "GET /?w=3808950041140 HTTP/1.1" 500 1053 "-" "Mozilla/5.0 AppleWebKit/537.36 (KHTML, like Gecko; compatible; ClaudeBot/1.0; +claudebot@anthropic.com)"
52.167.144.203 - - [25/Apr/2026:10:12:12 -0400] "GET /sitemap-11.xml HTTP/1.1" 200 9669 "-" "Mozilla/5.0 AppleWebKit/537.36 (KHTML, like Gecko; compatible; bingbot/2.0; +http://www.bing.com/bingbot.htm) Chrome/116.0.1938.76 Safari/537.36"
114.119.136.34 - - [25/Apr/2026:10:12:15 -0400] "GET /wp-includes/template.php HTTP/1.1" 403 1242 "https://ostwalcollegeofpharmacy.com/wp-includes/?NA" "Mozilla/5.0 (Linux; Android 7.0;) AppleWebKit/537.36 (HTML, like Gecko) Mobile Safari/537.36 (compatible; PetalBot;+https://webmaster.petalsearch.com/site/petalbot)"
216.73.217.80 - - [25/Apr/2026:10:12:17 -0400] "GET /?w=1020243031140 HTTP/1.1" 500 1053 "-" "Mozilla/5.0 AppleWebKit/537.36 (KHTML, like Gecko; compatible; ClaudeBot/1.0; +claudebot@anthropic.com)"
216.73.217.80 - - [25/Apr/2026:10:12:22 -0400] "GET /?w=8627395001140 HTTP/1.1" 500 1053 "-" "Mozilla/5.0 AppleWebKit/537.36 (KHTML, like Gecko; compatible; ClaudeBot/1.0; +claudebot@anthropic.com)"
216.73.217.80 - - [25/Apr/2026:10:12:27 -0400] "GET /?w=19316199011140 HTTP/1.1" 500 1053 "-" "Mozilla/5.0 AppleWebKit/537.36 (KHTML, like Gecko; compatible; ClaudeBot/1.0; +claudebot@anthropic.com)"
216.73.217.80 - - [25/Apr/2026:10:12:32 -0400] "GET /?w=10867853001140 HTTP/1.1" 500 1053 "-" "Mozilla/5.0 AppleWebKit/537.36 (KHTML, like Gecko; compatible; ClaudeBot/1.0; +claudebot@anthropic.com)"
46.228.199.158 - - [25/Apr/2026:10:12:34 -0400] "GET / HTTP/1.1" 500 1238 "-" "Mozilla/5.0 (Windows NT 10.0; Win64; x64) AppleWebKit/537.36 (KHTML, like Gecko) Chrome/91.0.4472.114 Safari/537.36 Edg/91.0.864.54"
216.73.217.80 - - [25/Apr/2026:10:12:37 -0400] "GET /?w=31579938041140 HTTP/1.1" 500 1053 "-" "Mozilla/5.0 AppleWebKit/537.36 (KHTML, like Gecko; compatible; ClaudeBot/1.0; +claudebot@anthropic.com)"
216.73.217.80 - - [25/Apr/2026:10:12:42 -0400] "GET /?w=17480529041140 HTTP/1.1" 500 1053 "-" "Mozilla/5.0 AppleWebKit/537.36 (KHTML, like Gecko; compatible; ClaudeBot/1.0; +claudebot@anthropic.com)"
216.73.217.80 - - [25/Apr/2026:10:12:47 -0400] "GET /?w=25886600101140 HTTP/1.1" 500 1053 "-" "Mozilla/5.0 AppleWebKit/537.36 (KHTML, like Gecko; compatible; ClaudeBot/1.0; +claudebot@anthropic.com)"
216.73.217.80 - - [25/Apr/2026:10:12:53 -0400] "GET /?w=30557150041140 HTTP/1.1" 500 1053 "-" "Mozilla/5.0 AppleWebKit/537.36 (KHTML, like Gecko; compatible; ClaudeBot/1.0; +claudebot@anthropic.com)"
162.0.209.141 - - [25/Apr/2026:10:12:58 -0400] "POST /wp-cron.php?doing_wp_cron=1777126378.2030498981475830078125 HTTP/1.1" 403 1242 "-" "WordPress/6.4.2; https://ostwalcollegeofpharmacy.com"
216.73.217.80 - - [25/Apr/2026:10:12:57 -0400] "GET /?w=12580595031140 HTTP/1.1" 500 1053 "-" "Mozilla/5.0 AppleWebKit/537.36 (KHTML, like Gecko; compatible; ClaudeBot/1.0; +claudebot@anthropic.com)"
216.73.217.80 - - [25/Apr/2026:10:13:02 -0400] "GET /?w=17360919011140 HTTP/1.1" 500 1053 "-" "Mozilla/5.0 AppleWebKit/537.36 (KHTML, like Gecko; compatible; ClaudeBot/1.0; +claudebot@anthropic.com)"
216.73.217.80 - - [25/Apr/2026:10:13:07 -0400] "GET /?w=14272302011140 HTTP/1.1" 500 1053 "-" "Mozilla/5.0 AppleWebKit/537.36 (KHTML, like Gecko; compatible; ClaudeBot/1.0; +claudebot@anthropic.com)"
216.73.217.80 - - [25/Apr/2026:10:13:13 -0400] "GET /?w=12815245011140 HTTP/1.1" 500 1053 "-" "Mozilla/5.0 AppleWebKit/537.36 (KHTML, like Gecko; compatible; ClaudeBot/1.0; +claudebot@anthropic.com)"
216.73.217.80 - - [25/Apr/2026:10:13:18 -0400] "GET /?w=14209073031140 HTTP/1.1" 500 1053 "-" "Mozilla/5.0 AppleWebKit/537.36 (KHTML, like Gecko; compatible; ClaudeBot/1.0; +claudebot@anthropic.com)"
216.73.217.80 - - [25/Apr/2026:10:13:23 -0400] "GET /?w=30673790071140 HTTP/1.1" 500 1053 "-" "Mozilla/5.0 AppleWebKit/537.36 (KHTML, like Gecko; compatible; ClaudeBot/1.0; +claudebot@anthropic.com)"
142.44.228.183 - - [25/Apr/2026:10:13:24 -0400] "GET /wp-content/uploads/2020/09/?NA HTTP/1.1" 200 561 "-" "Mozilla/5.0 (compatible; AhrefsBot/7.0; +http://ahrefs.com/robot/)"
216.73.217.80 - - [25/Apr/2026:10:13:28 -0400] "GET /?w=31696764051140 HTTP/1.1" 500 1053 "-" "Mozilla/5.0 AppleWebKit/537.36 (KHTML, like Gecko; compatible; ClaudeBot/1.0; +claudebot@anthropic.com)"
216.73.217.80 - - [25/Apr/2026:10:13:33 -0400] "GET /?w=27083600001140 HTTP/1.1" 500 1053 "-" "Mozilla/5.0 AppleWebKit/537.36 (KHTML, like Gecko; compatible; ClaudeBot/1.0; +claudebot@anthropic.com)"
216.73.217.80 - - [25/Apr/2026:10:13:38 -0400] "GET /?w=12188623011140 HTTP/1.1" 500 1053 "-" "Mozilla/5.0 AppleWebKit/537.36 (KHTML, like Gecko; compatible; ClaudeBot/1.0; +claudebot@anthropic.com)"
216.73.217.80 - - [25/Apr/2026:10:13:43 -0400] "GET /?w=31503317041140 HTTP/1.1" 500 1053 "-" "Mozilla/5.0 AppleWebKit/537.36 (KHTML, like Gecko; compatible; ClaudeBot/1.0; +claudebot@anthropic.com)"
216.73.217.80 - - [25/Apr/2026:10:13:48 -0400] "GET /?w=678203001140 HTTP/1.1" 500 1053 "-" "Mozilla/5.0 AppleWebKit/537.36 (KHTML, like Gecko; compatible; ClaudeBot/1.0; +claudebot@anthropic.com)"
216.73.217.80 - - [25/Apr/2026:10:13:53 -0400] "GET /?w=16746699031140 HTTP/1.1" 500 1053 "-" "Mozilla/5.0 AppleWebKit/537.36 (KHTML, like Gecko; compatible; ClaudeBot/1.0; +claudebot@anthropic.com)"
162.0.209.141 - - [25/Apr/2026:10:13:58 -0400] "POST /wp-cron.php?doing_wp_cron=1777126438.6311750411987304687500 HTTP/1.1" 403 1242 "-" "WordPress/6.4.2; https://ostwalcollegeofpharmacy.com"
216.73.217.80 - - [25/Apr/2026:10:13:58 -0400] "GET /?w=18510519001140 HTTP/1.1" 500 1053 "-" "Mozilla/5.0 AppleWebKit/537.36 (KHTML, like Gecko; compatible; ClaudeBot/1.0; +claudebot@anthropic.com)"
216.73.217.80 - - [25/Apr/2026:10:14:03 -0400] "GET /?w=13908629021140 HTTP/1.1" 500 1053 "-" "Mozilla/5.0 AppleWebKit/537.36 (KHTML, like Gecko; compatible; ClaudeBot/1.0; +claudebot@anthropic.com)"
216.73.217.80 - - [25/Apr/2026:10:14:08 -0400] "GET /?w=17591559001140 HTTP/1.1" 500 1053 "-" "Mozilla/5.0 AppleWebKit/537.36 (KHTML, like Gecko; compatible; ClaudeBot/1.0; +claudebot@anthropic.com)"
216.73.217.80 - - [25/Apr/2026:10:14:13 -0400] "GET /?w=23459229031140 HTTP/1.1" 500 1053 "-" "Mozilla/5.0 AppleWebKit/537.36 (KHTML, like Gecko; compatible; ClaudeBot/1.0; +claudebot@anthropic.com)"
216.73.217.80 - - [25/Apr/2026:10:14:18 -0400] "GET /?w=14667813041140 HTTP/1.1" 500 1053 "-" "Mozilla/5.0 AppleWebKit/537.36 (KHTML, like Gecko; compatible; ClaudeBot/1.0; +claudebot@anthropic.com)"
216.73.217.80 - - [25/Apr/2026:10:14:23 -0400] "GET /?w=20477469041140 HTTP/1.1" 500 1053 "-" "Mozilla/5.0 AppleWebKit/537.36 (KHTML, like Gecko; compatible; ClaudeBot/1.0; +claudebot@anthropic.com)"
216.73.217.80 - - [25/Apr/2026:10:14:28 -0400] "GET /?w=22234749051140 HTTP/1.1" 500 1053 "-" "Mozilla/5.0 AppleWebKit/537.36 (KHTML, like Gecko; compatible; ClaudeBot/1.0; +claudebot@anthropic.com)"
216.73.217.80 - - [25/Apr/2026:10:14:33 -0400] "GET /?w=14079498001140 HTTP/1.1" 500 1053 "-" "Mozilla/5.0 AppleWebKit/537.36 (KHTML, like Gecko; compatible; ClaudeBot/1.0; +claudebot@anthropic.com)"
216.73.217.80 - - [25/Apr/2026:10:14:38 -0400] "GET /?w=26937680001140 HTTP/1.1" 500 1053 "-" "Mozilla/5.0 AppleWebKit/537.36 (KHTML, like Gecko; compatible; ClaudeBot/1.0; +claudebot@anthropic.com)"
216.73.217.80 - - [25/Apr/2026:10:14:43 -0400] "GET /?w=13571035001140 HTTP/1.1" 500 1053 "-" "Mozilla/5.0 AppleWebKit/537.36 (KHTML, like Gecko; compatible; ClaudeBot/1.0; +claudebot@anthropic.com)"
216.73.217.80 - - [25/Apr/2026:10:14:48 -0400] "GET /?w=26725670071140 HTTP/1.1" 500 1053 "-" "Mozilla/5.0 AppleWebKit/537.36 (KHTML, like Gecko; compatible; ClaudeBot/1.0; +claudebot@anthropic.com)"
216.73.217.80 - - [25/Apr/2026:10:14:53 -0400] "GET /?w=12232140141140 HTTP/1.1" 500 1053 "-" "Mozilla/5.0 AppleWebKit/537.36 (KHTML, like Gecko; compatible; ClaudeBot/1.0; +claudebot@anthropic.com)"
162.0.209.141 - - [25/Apr/2026:10:14:58 -0400] "POST /wp-cron.php?doing_wp_cron=1777126498.7020978927612304687500 HTTP/1.1" 403 1242 "-" "WordPress/6.4.2; https://ostwalcollegeofpharmacy.com"
216.73.217.80 - - [25/Apr/2026:10:14:58 -0400] "GET /?w=22758819011140 HTTP/1.1" 500 1053 "-" "Mozilla/5.0 AppleWebKit/537.36 (KHTML, like Gecko; compatible; ClaudeBot/1.0; +claudebot@anthropic.com)"
216.73.217.80 - - [25/Apr/2026:10:15:03 -0400] "GET /?w=7167904041140 HTTP/1.1" 500 1053 "-" "Mozilla/5.0 AppleWebKit/537.36 (KHTML, like Gecko; compatible; ClaudeBot/1.0; +claudebot@anthropic.com)"
216.73.217.80 - - [25/Apr/2026:10:15:08 -0400] "GET /?w=17615349011140 HTTP/1.1" 500 1053 "-" "Mozilla/5.0 AppleWebKit/537.36 (KHTML, like Gecko; compatible; ClaudeBot/1.0; +claudebot@anthropic.com)"
216.73.217.80 - - [25/Apr/2026:10:15:13 -0400] "GET /?w=4206095011140 HTTP/1.1" 500 1053 "-" "Mozilla/5.0 AppleWebKit/537.36 (KHTML, like Gecko; compatible; ClaudeBot/1.0; +claudebot@anthropic.com)"
216.73.217.80 - - [25/Apr/2026:10:15:18 -0400] "GET /?w=19133439011140 HTTP/1.1" 500 1053 "-" "Mozilla/5.0 AppleWebKit/537.36 (KHTML, like Gecko; compatible; ClaudeBot/1.0; +claudebot@anthropic.com)"
216.73.217.80 - - [25/Apr/2026:10:15:25 -0400] "GET /?w=19752939071140 HTTP/1.1" 500 1053 "-" "Mozilla/5.0 AppleWebKit/537.36 (KHTML, like Gecko; compatible; ClaudeBot/1.0; +claudebot@anthropic.com)"
216.73.217.80 - - [25/Apr/2026:10:15:28 -0400] "GET /?w=6757311011140 HTTP/1.1" 500 1053 "-" "Mozilla/5.0 AppleWebKit/537.36 (KHTML, like Gecko; compatible; ClaudeBot/1.0; +claudebot@anthropic.com)"
216.73.217.80 - - [25/Apr/2026:10:15:33 -0400] "GET /?w=3363999041140 HTTP/1.1" 500 1053 "-" "Mozilla/5.0 AppleWebKit/537.36 (KHTML, like Gecko; compatible; ClaudeBot/1.0; +claudebot@anthropic.com)"
216.73.217.80 - - [25/Apr/2026:10:15:38 -0400] "GET /?w=13410297061140 HTTP/1.1" 500 1053 "-" "Mozilla/5.0 AppleWebKit/537.36 (KHTML, like Gecko; compatible; ClaudeBot/1.0; +claudebot@anthropic.com)"
216.73.217.80 - - [25/Apr/2026:10:15:43 -0400] "GET /?w=16568409091140 HTTP/1.1" 500 1053 "-" "Mozilla/5.0 AppleWebKit/537.36 (KHTML, like Gecko; compatible; ClaudeBot/1.0; +claudebot@anthropic.com)"
216.73.217.80 - - [25/Apr/2026:10:15:48 -0400] "GET /?w=10003517011140 HTTP/1.1" 500 1053 "-" "Mozilla/5.0 AppleWebKit/537.36 (KHTML, like Gecko; compatible; ClaudeBot/1.0; +claudebot@anthropic.com)"
216.73.217.80 - - [25/Apr/2026:10:15:53 -0400] "GET /?w=22967319031140 HTTP/1.1" 500 1053 "-" "Mozilla/5.0 AppleWebKit/537.36 (KHTML, like Gecko; compatible; ClaudeBot/1.0; +claudebot@anthropic.com)"
162.0.209.141 - - [25/Apr/2026:10:15:59 -0400] "POST /wp-cron.php?doing_wp_cron=1777126559.0453300476074218750000 HTTP/1.1" 403 1242 "-" "WordPress/6.4.2; https://ostwalcollegeofpharmacy.com"
216.73.217.80 - - [25/Apr/2026:10:15:58 -0400] "GET /?w=16139049011140 HTTP/1.1" 500 1053 "-" "Mozilla/5.0 AppleWebKit/537.36 (KHTML, like Gecko; compatible; ClaudeBot/1.0; +claudebot@anthropic.com)"
216.73.217.80 - - [25/Apr/2026:10:16:03 -0400] "GET /?w=3021945061140 HTTP/1.1" 500 1053 "-" "Mozilla/5.0 AppleWebKit/537.36 (KHTML, like Gecko; compatible; ClaudeBot/1.0; +claudebot@anthropic.com)"
216.73.217.80 - - [25/Apr/2026:10:16:09 -0400] "GET /?w=21449469001140 HTTP/1.1" 500 1053 "-" "Mozilla/5.0 AppleWebKit/537.36 (KHTML, like Gecko; compatible; ClaudeBot/1.0; +claudebot@anthropic.com)"
114.119.149.137 - - [25/Apr/2026:10:16:13 -0400] "GET /wp-includes/js/dist/compose.min.js HTTP/1.1" 200 14168 "https://ostwalcollegeofpharmacy.com/wp-includes/js/dist/" "Mozilla/5.0 (Linux; Android 7.0;) AppleWebKit/537.36 (HTML, like Gecko) Mobile Safari/537.36 (compatible; PetalBot;+https://webmaster.petalsearch.com/site/petalbot)"
216.73.217.80 - - [25/Apr/2026:10:16:14 -0400] "GET /?w=32063865001140 HTTP/1.1" 500 1053 "-" "Mozilla/5.0 AppleWebKit/537.36 (KHTML, like Gecko; compatible; ClaudeBot/1.0; +claudebot@anthropic.com)"
216.73.217.80 - - [25/Apr/2026:10:16:19 -0400] "GET /?w=6218534031140 HTTP/1.1" 500 1053 "-" "Mozilla/5.0 AppleWebKit/537.36 (KHTML, like Gecko; compatible; ClaudeBot/1.0; +claudebot@anthropic.com)"
216.73.217.80 - - [25/Apr/2026:10:16:24 -0400] "GET /?w=29335280041140 HTTP/1.1" 500 1053 "-" "Mozilla/5.0 AppleWebKit/537.36 (KHTML, like Gecko; compatible; ClaudeBot/1.0; +claudebot@anthropic.com)"
216.73.217.80 - - [25/Apr/2026:10:16:29 -0400] "GET /?w=24953390061140 HTTP/1.1" 500 1053 "-" "Mozilla/5.0 AppleWebKit/537.36 (KHTML, like Gecko; compatible; ClaudeBot/1.0; +claudebot@anthropic.com)"
216.73.217.80 - - [25/Apr/2026:10:16:34 -0400] "GET /?w=5806191001140 HTTP/1.1" 500 1053 "-" "Mozilla/5.0 AppleWebKit/537.36 (KHTML, like Gecko; compatible; ClaudeBot/1.0; +claudebot@anthropic.com)"
216.73.217.80 - - [25/Apr/2026:10:16:39 -0400] "GET /?w=31202900021140 HTTP/1.1" 500 1053 "-" "Mozilla/5.0 AppleWebKit/537.36 (KHTML, like Gecko; compatible; ClaudeBot/1.0; +claudebot@anthropic.com)"
216.73.217.80 - - [25/Apr/2026:10:16:44 -0400] "GET /?w=19000209011140 HTTP/1.1" 500 1053 "-" "Mozilla/5.0 AppleWebKit/537.36 (KHTML, like Gecko; compatible; ClaudeBot/1.0; +claudebot@anthropic.com)"
216.73.217.80 - - [25/Apr/2026:10:16:49 -0400] "GET /?w=20728509031140 HTTP/1.1" 500 1053 "-" "Mozilla/5.0 AppleWebKit/537.36 (KHTML, like Gecko; compatible; ClaudeBot/1.0; +claudebot@anthropic.com)"
216.73.217.80 - - [25/Apr/2026:10:16:54 -0400] "GET /?w=17620329031140 HTTP/1.1" 500 1053 "-" "Mozilla/5.0 AppleWebKit/537.36 (KHTML, like Gecko; compatible; ClaudeBot/1.0; +claudebot@anthropic.com)"
162.0.209.141 - - [25/Apr/2026:10:16:59 -0400] "POST /wp-cron.php?doing_wp_cron=1777126619.6345710754394531250000 HTTP/1.1" 403 1242 "-" "WordPress/6.4.2; https://ostwalcollegeofpharmacy.com"
216.73.217.80 - - [25/Apr/2026:10:16:59 -0400] "GET /?w=17265189031140 HTTP/1.1" 500 1053 "-" "Mozilla/5.0 AppleWebKit/537.36 (KHTML, like Gecko; compatible; ClaudeBot/1.0; +claudebot@anthropic.com)"
216.73.217.80 - - [25/Apr/2026:10:17:04 -0400] "GET /?w=14752700041140 HTTP/1.1" 500 1053 "-" "Mozilla/5.0 AppleWebKit/537.36 (KHTML, like Gecko; compatible; ClaudeBot/1.0; +claudebot@anthropic.com)"
216.73.217.80 - - [25/Apr/2026:10:17:09 -0400] "GET /?w=21377229001140 HTTP/1.1" 500 1053 "-" "Mozilla/5.0 AppleWebKit/537.36 (KHTML, like Gecko; compatible; ClaudeBot/1.0; +claudebot@anthropic.com)"
216.73.217.80 - - [25/Apr/2026:10:17:14 -0400] "GET /?w=14965151061140 HTTP/1.1" 500 1053 "-" "Mozilla/5.0 AppleWebKit/537.36 (KHTML, like Gecko; compatible; ClaudeBot/1.0; +claudebot@anthropic.com)"
216.73.217.80 - - [25/Apr/2026:10:17:19 -0400] "GET /?w=27855980031140 HTTP/1.1" 500 1053 "-" "Mozilla/5.0 AppleWebKit/537.36 (KHTML, like Gecko; compatible; ClaudeBot/1.0; +claudebot@anthropic.com)"
216.73.217.80 - - [25/Apr/2026:10:17:24 -0400] "GET /?w=31821187071140 HTTP/1.1" 500 1053 "-" "Mozilla/5.0 AppleWebKit/537.36 (KHTML, like Gecko; compatible; ClaudeBot/1.0; +claudebot@anthropic.com)"
216.73.217.80 - - [25/Apr/2026:10:17:29 -0400] "GET /?w=25300820061140 HTTP/1.1" 500 1053 "-" "Mozilla/5.0 AppleWebKit/537.36 (KHTML, like Gecko; compatible; ClaudeBot/1.0; +claudebot@anthropic.com)"
216.73.217.80 - - [25/Apr/2026:10:17:34 -0400] "GET /?w=20529519071140 HTTP/1.1" 500 1053 "-" "Mozilla/5.0 AppleWebKit/537.36 (KHTML, like Gecko; compatible; ClaudeBot/1.0; +claudebot@anthropic.com)"
216.73.217.80 - - [25/Apr/2026:10:17:39 -0400] "GET /?w=13231152041140 HTTP/1.1" 500 1053 "-" "Mozilla/5.0 AppleWebKit/537.36 (KHTML, like Gecko; compatible; ClaudeBot/1.0; +claudebot@anthropic.com)"
216.73.217.80 - - [25/Apr/2026:10:17:44 -0400] "GET /?w=12526011031140 HTTP/1.1" 500 1053 "-" "Mozilla/5.0 AppleWebKit/537.36 (KHTML, like Gecko; compatible; ClaudeBot/1.0; +claudebot@anthropic.com)"
216.73.217.80 - - [25/Apr/2026:10:17:49 -0400] "GET /?w=16403529041140 HTTP/1.1" 500 1053 "-" "Mozilla/5.0 AppleWebKit/537.36 (KHTML, like Gecko; compatible; ClaudeBot/1.0; +claudebot@anthropic.com)"
216.73.217.80 - - [25/Apr/2026:10:17:54 -0400] "GET /?w=1366942061140 HTTP/1.1" 500 1053 "-" "Mozilla/5.0 AppleWebKit/537.36 (KHTML, like Gecko; compatible; ClaudeBot/1.0; +claudebot@anthropic.com)"
162.0.209.141 - - [25/Apr/2026:10:18:00 -0400] "POST /wp-cron.php?doing_wp_cron=1777126680.0681960582733154296875 HTTP/1.1" 403 1242 "-" "WordPress/6.4.2; https://ostwalcollegeofpharmacy.com"
216.73.217.80 - - [25/Apr/2026:10:17:59 -0400] "GET /?w=28926830041140 HTTP/1.1" 500 1053 "-" "Mozilla/5.0 AppleWebKit/537.36 (KHTML, like Gecko; compatible; ClaudeBot/1.0; +claudebot@anthropic.com)"
216.73.217.80 - - [25/Apr/2026:10:18:04 -0400] "GET /?w=4118511001140 HTTP/1.1" 500 1053 "-" "Mozilla/5.0 AppleWebKit/537.36 (KHTML, like Gecko; compatible; ClaudeBot/1.0; +claudebot@anthropic.com)"
216.73.217.80 - - [25/Apr/2026:10:18:09 -0400] "GET /?w=10043951001140 HTTP/1.1" 500 1053 "-" "Mozilla/5.0 AppleWebKit/537.36 (KHTML, like Gecko; compatible; ClaudeBot/1.0; +claudebot@anthropic.com)"
54.39.0.196 - - [25/Apr/2026:10:18:11 -0400] "GET /wp-content/uploads/2020/05/?SA HTTP/1.1" 200 562 "-" "Mozilla/5.0 (compatible; AhrefsBot/7.0; +http://ahrefs.com/robot/)"
216.73.217.80 - - [25/Apr/2026:10:18:14 -0400] "GET /?w=27146990001140 HTTP/1.1" 500 1053 "-" "Mozilla/5.0 AppleWebKit/537.36 (KHTML, like Gecko; compatible; ClaudeBot/1.0; +claudebot@anthropic.com)"
216.73.217.80 - - [25/Apr/2026:10:18:19 -0400] "GET /?w=11918676001140 HTTP/1.1" 500 1053 "-" "Mozilla/5.0 AppleWebKit/537.36 (KHTML, like Gecko; compatible; ClaudeBot/1.0; +claudebot@anthropic.com)"
216.73.217.80 - - [25/Apr/2026:10:18:27 -0400] "GET /?w=17732139001140 HTTP/1.1" 500 1053 "-" "Mozilla/5.0 AppleWebKit/537.36 (KHTML, like Gecko; compatible; ClaudeBot/1.0; +claudebot@anthropic.com)"
216.73.217.80 - - [25/Apr/2026:10:18:30 -0400] "GET /?w=11523943041140 HTTP/1.1" 500 1053 "-" "Mozilla/5.0 AppleWebKit/537.36 (KHTML, like Gecko; compatible; ClaudeBot/1.0; +claudebot@anthropic.com)"
216.73.217.80 - - [25/Apr/2026:10:18:35 -0400] "GET /?w=25297640031140 HTTP/1.1" 500 1053 "-" "Mozilla/5.0 AppleWebKit/537.36 (KHTML, like Gecko; compatible; ClaudeBot/1.0; +claudebot@anthropic.com)"
216.73.217.80 - - [25/Apr/2026:10:18:40 -0400] "GET /?w=19755819071140 HTTP/1.1" 500 1053 "-" "Mozilla/5.0 AppleWebKit/537.36 (KHTML, like Gecko; compatible; ClaudeBot/1.0; +claudebot@anthropic.com)"
216.73.217.80 - - [25/Apr/2026:10:18:45 -0400] "GET /?w=17043639051140 HTTP/1.1" 500 1053 "-" "Mozilla/5.0 AppleWebKit/537.36 (KHTML, like Gecko; compatible; ClaudeBot/1.0; +claudebot@anthropic.com)"
216.73.217.80 - - [25/Apr/2026:10:18:50 -0400] "GET /?w=22220619031140 HTTP/1.1" 500 1053 "-" "Mozilla/5.0 AppleWebKit/537.36 (KHTML, like Gecko; compatible; ClaudeBot/1.0; +claudebot@anthropic.com)"
216.73.217.80 - - [25/Apr/2026:10:18:55 -0400] "GET /?w=6914725031140 HTTP/1.1" 500 1053 "-" "Mozilla/5.0 AppleWebKit/537.36 (KHTML, like Gecko; compatible; ClaudeBot/1.0; +claudebot@anthropic.com)"
162.0.209.141 - - [25/Apr/2026:10:19:00 -0400] "POST /wp-cron.php?doing_wp_cron=1777126740.2825400829315185546875 HTTP/1.1" 403 1242 "-" "WordPress/6.4.2; https://ostwalcollegeofpharmacy.com"
216.73.217.80 - - [25/Apr/2026:10:19:00 -0400] "GET /?w=2089986031140 HTTP/1.1" 500 1053 "-" "Mozilla/5.0 AppleWebKit/537.36 (KHTML, like Gecko; compatible; ClaudeBot/1.0; +claudebot@anthropic.com)"
216.73.217.80 - - [25/Apr/2026:10:19:05 -0400] "GET /?w=11592478011140 HTTP/1.1" 500 1053 "-" "Mozilla/5.0 AppleWebKit/537.36 (KHTML, like Gecko; compatible; ClaudeBot/1.0; +claudebot@anthropic.com)"
216.73.217.80 - - [25/Apr/2026:10:19:10 -0400] "GET /?w=2753679031140 HTTP/1.1" 500 1053 "-" "Mozilla/5.0 AppleWebKit/537.36 (KHTML, like Gecko; compatible; ClaudeBot/1.0; +claudebot@anthropic.com)"
216.73.217.80 - - [25/Apr/2026:10:19:15 -0400] "GET /?w=10811729041140 HTTP/1.1" 500 1053 "-" "Mozilla/5.0 AppleWebKit/537.36 (KHTML, like Gecko; compatible; ClaudeBot/1.0; +claudebot@anthropic.com)"
216.73.217.80 - - [25/Apr/2026:10:19:20 -0400] "GET /?w=24177950011140 HTTP/1.1" 500 1053 "-" "Mozilla/5.0 AppleWebKit/537.36 (KHTML, like Gecko; compatible; ClaudeBot/1.0; +claudebot@anthropic.com)"
216.73.217.80 - - [25/Apr/2026:10:19:25 -0400] "GET /?w=11659468071140 HTTP/1.1" 500 1053 "-" "Mozilla/5.0 AppleWebKit/537.36 (KHTML, like Gecko; compatible; ClaudeBot/1.0; +claudebot@anthropic.com)"
216.73.217.80 - - [25/Apr/2026:10:19:30 -0400] "GET /?w=17155029031140 HTTP/1.1" 500 1053 "-" "Mozilla/5.0 AppleWebKit/537.36 (KHTML, like Gecko; compatible; ClaudeBot/1.0; +claudebot@anthropic.com)"
216.73.217.80 - - [25/Apr/2026:10:19:35 -0400] "GET /?w=17240259001140 HTTP/1.1" 500 1053 "-" "Mozilla/5.0 AppleWebKit/537.36 (KHTML, like Gecko; compatible; ClaudeBot/1.0; +claudebot@anthropic.com)"
216.73.217.80 - - [25/Apr/2026:10:19:40 -0400] "GET /?w=14031847061140 HTTP/1.1" 500 1053 "-" "Mozilla/5.0 AppleWebKit/537.36 (KHTML, like Gecko; compatible; ClaudeBot/1.0; +claudebot@anthropic.com)"
216.73.217.80 - - [25/Apr/2026:10:19:45 -0400] "GET /?w=13172257041140 HTTP/1.1" 500 1053 "-" "Mozilla/5.0 AppleWebKit/537.36 (KHTML, like Gecko; compatible; ClaudeBot/1.0; +claudebot@anthropic.com)"
216.73.217.80 - - [25/Apr/2026:10:19:50 -0400] "GET /?w=18812769031140 HTTP/1.1" 500 1053 "-" "Mozilla/5.0 AppleWebKit/537.36 (KHTML, like Gecko; compatible; ClaudeBot/1.0; +claudebot@anthropic.com)"
216.73.217.80 - - [25/Apr/2026:10:19:55 -0400] "GET /?w=23425119011140 HTTP/1.1" 500 1053 "-" "Mozilla/5.0 AppleWebKit/537.36 (KHTML, like Gecko; compatible; ClaudeBot/1.0; +claudebot@anthropic.com)"
162.0.209.141 - - [25/Apr/2026:10:20:00 -0400] "POST /wp-cron.php?doing_wp_cron=1777126800.3170619010925292968750 HTTP/1.1" 403 1242 "-" "WordPress/6.4.2; https://ostwalcollegeofpharmacy.com"
216.73.217.80 - - [25/Apr/2026:10:20:00 -0400] "GET /?w=22369419031140 HTTP/1.1" 500 1053 "-" "Mozilla/5.0 AppleWebKit/537.36 (KHTML, like Gecko; compatible; ClaudeBot/1.0; +claudebot@anthropic.com)"
216.73.217.80 - - [25/Apr/2026:10:20:05 -0400] "GET /?w=12388845031140 HTTP/1.1" 500 1053 "-" "Mozilla/5.0 AppleWebKit/537.36 (KHTML, like Gecko; compatible; ClaudeBot/1.0; +claudebot@anthropic.com)"
216.73.217.80 - - [25/Apr/2026:10:20:10 -0400] "GET /?w=2617170011140 HTTP/1.1" 500 1053 "-" "Mozilla/5.0 AppleWebKit/537.36 (KHTML, like Gecko; compatible; ClaudeBot/1.0; +claudebot@anthropic.com)"
216.73.217.80 - - [25/Apr/2026:10:20:15 -0400] "GET /?w=12146772001140 HTTP/1.1" 500 1053 "-" "Mozilla/5.0 AppleWebKit/537.36 (KHTML, like Gecko; compatible; ClaudeBot/1.0; +claudebot@anthropic.com)"
216.73.217.80 - - [25/Apr/2026:10:20:20 -0400] "GET /?w=15138852051140 HTTP/1.1" 500 1053 "-" "Mozilla/5.0 AppleWebKit/537.36 (KHTML, like Gecko; compatible; ClaudeBot/1.0; +claudebot@anthropic.com)"
216.73.217.80 - - [25/Apr/2026:10:20:25 -0400] "GET /?w=18378579121140 HTTP/1.1" 500 1053 "-" "Mozilla/5.0 AppleWebKit/537.36 (KHTML, like Gecko; compatible; ClaudeBot/1.0; +claudebot@anthropic.com)"
216.73.217.80 - - [25/Apr/2026:10:20:30 -0400] "GET /?w=12569368001140 HTTP/1.1" 500 1053 "-" "Mozilla/5.0 AppleWebKit/537.36 (KHTML, like Gecko; compatible; ClaudeBot/1.0; +claudebot@anthropic.com)"
216.73.217.80 - - [25/Apr/2026:10:20:35 -0400] "GET /?w=16594299031140 HTTP/1.1" 500 1053 "-" "Mozilla/5.0 AppleWebKit/537.36 (KHTML, like Gecko; compatible; ClaudeBot/1.0; +claudebot@anthropic.com)"
216.73.217.80 - - [25/Apr/2026:10:20:40 -0400] "GET /?w=7277924001140 HTTP/1.1" 500 1053 "-" "Mozilla/5.0 AppleWebKit/537.36 (KHTML, like Gecko; compatible; ClaudeBot/1.0; +claudebot@anthropic.com)"
216.73.217.80 - - [25/Apr/2026:10:20:45 -0400] "GET /?w=16748109041140 HTTP/1.1" 500 1053 "-" "Mozilla/5.0 AppleWebKit/537.36 (KHTML, like Gecko; compatible; ClaudeBot/1.0; +claudebot@anthropic.com)"
216.73.217.80 - - [25/Apr/2026:10:20:50 -0400] "GET /?w=10905617031140 HTTP/1.1" 500 1053 "-" "Mozilla/5.0 AppleWebKit/537.36 (KHTML, like Gecko; compatible; ClaudeBot/1.0; +claudebot@anthropic.com)"
216.73.217.80 - - [25/Apr/2026:10:20:55 -0400] "GET /?w=16378269121140 HTTP/1.1" 500 1053 "-" "Mozilla/5.0 AppleWebKit/537.36 (KHTML, like Gecko; compatible; ClaudeBot/1.0; +claudebot@anthropic.com)"
162.0.209.141 - - [25/Apr/2026:10:21:00 -0400] "POST /wp-cron.php?doing_wp_cron=1777126860.9218239784240722656250 HTTP/1.1" 403 1242 "-" "WordPress/6.4.2; https://ostwalcollegeofpharmacy.com"
216.73.217.80 - - [25/Apr/2026:10:21:00 -0400] "GET /?w=22712589011140 HTTP/1.1" 500 1053 "-" "Mozilla/5.0 AppleWebKit/537.36 (KHTML, like Gecko; compatible; ClaudeBot/1.0; +claudebot@anthropic.com)"
216.73.217.80 - - [25/Apr/2026:10:21:05 -0400] "GET /?w=15530049051140 HTTP/1.1" 500 1053 "-" "Mozilla/5.0 AppleWebKit/537.36 (KHTML, like Gecko; compatible; ClaudeBot/1.0; +claudebot@anthropic.com)"
216.73.217.80 - - [25/Apr/2026:10:21:10 -0400] "GET /?w=25664210001140 HTTP/1.1" 500 1053 "-" "Mozilla/5.0 AppleWebKit/537.36 (KHTML, like Gecko; compatible; ClaudeBot/1.0; +claudebot@anthropic.com)"
216.73.217.80 - - [25/Apr/2026:10:21:15 -0400] "GET /?w=2674156031140 HTTP/1.1" 500 1053 "-" "Mozilla/5.0 AppleWebKit/537.36 (KHTML, like Gecko; compatible; ClaudeBot/1.0; +claudebot@anthropic.com)"
216.73.217.80 - - [25/Apr/2026:10:21:20 -0400] "GET /?w=28970990011140 HTTP/1.1" 500 1053 "-" "Mozilla/5.0 AppleWebKit/537.36 (KHTML, like Gecko; compatible; ClaudeBot/1.0; +claudebot@anthropic.com)"
216.73.217.80 - - [25/Apr/2026:10:21:25 -0400] "GET /?w=20863119041140 HTTP/1.1" 500 1053 "-" "Mozilla/5.0 AppleWebKit/537.36 (KHTML, like Gecko; compatible; ClaudeBot/1.0; +claudebot@anthropic.com)"
216.73.217.80 - - [25/Apr/2026:10:21:30 -0400] "GET /?w=28921760081140 HTTP/1.1" 500 1053 "-" "Mozilla/5.0 AppleWebKit/537.36 (KHTML, like Gecko; compatible; ClaudeBot/1.0; +claudebot@anthropic.com)"
216.73.217.80 - - [25/Apr/2026:10:21:35 -0400] "GET /?w=31631598071140 HTTP/1.1" 500 1053 "-" "Mozilla/5.0 AppleWebKit/537.36 (KHTML, like Gecko; compatible; ClaudeBot/1.0; +claudebot@anthropic.com)"
216.73.217.80 - - [25/Apr/2026:10:21:40 -0400] "GET /?w=32516702001140 HTTP/1.1" 500 1053 "-" "Mozilla/5.0 AppleWebKit/537.36 (KHTML, like Gecko; compatible; ClaudeBot/1.0; +claudebot@anthropic.com)"
216.73.217.80 - - [25/Apr/2026:10:21:45 -0400] "GET /?w=27142160011140 HTTP/1.1" 500 1053 "-" "Mozilla/5.0 AppleWebKit/537.36 (KHTML, like Gecko; compatible; ClaudeBot/1.0; +claudebot@anthropic.com)"
216.73.217.80 - - [25/Apr/2026:10:21:50 -0400] "GET /?w=24885980011140 HTTP/1.1" 500 1053 "-" "Mozilla/5.0 AppleWebKit/537.36 (KHTML, like Gecko; compatible; ClaudeBot/1.0; +claudebot@anthropic.com)"
216.73.217.80 - - [25/Apr/2026:10:21:55 -0400] "GET /?w=13739139001140 HTTP/1.1" 500 1053 "-" "Mozilla/5.0 AppleWebKit/537.36 (KHTML, like Gecko; compatible; ClaudeBot/1.0; +claudebot@anthropic.com)"
162.0.209.141 - - [25/Apr/2026:10:22:01 -0400] "POST /wp-cron.php?doing_wp_cron=1777126921.1115219593048095703125 HTTP/1.1" 403 1242 "-" "WordPress/6.4.2; https://ostwalcollegeofpharmacy.com"
216.73.217.80 - - [25/Apr/2026:10:22:00 -0400] "GET /?w=19499589011140 HTTP/1.1" 500 1053 "-" "Mozilla/5.0 AppleWebKit/537.36 (KHTML, like Gecko; compatible; ClaudeBot/1.0; +claudebot@anthropic.com)"
216.73.217.80 - - [25/Apr/2026:10:22:05 -0400] "GET /?w=15661479011140 HTTP/1.1" 500 1053 "-" "Mozilla/5.0 AppleWebKit/537.36 (KHTML, like Gecko; compatible; ClaudeBot/1.0; +claudebot@anthropic.com)"
216.73.217.80 - - [25/Apr/2026:10:22:10 -0400] "GET /?w=15837969001140 HTTP/1.1" 500 1053 "-" "Mozilla/5.0 AppleWebKit/537.36 (KHTML, like Gecko; compatible; ClaudeBot/1.0; +claudebot@anthropic.com)"
216.73.217.80 - - [25/Apr/2026:10:22:15 -0400] "GET /?w=12436118051140 HTTP/1.1" 500 1053 "-" "Mozilla/5.0 AppleWebKit/537.36 (KHTML, like Gecko; compatible; ClaudeBot/1.0; +claudebot@anthropic.com)"
216.73.217.80 - - [25/Apr/2026:10:22:20 -0400] "GET /?w=10491025011140 HTTP/1.1" 500 1053 "-" "Mozilla/5.0 AppleWebKit/537.36 (KHTML, like Gecko; compatible; ClaudeBot/1.0; +claudebot@anthropic.com)"
15.235.27.63 - - [25/Apr/2026:10:22:25 -0400] "GET /wp-content/uploads/2021/02/?NA HTTP/1.1" 200 562 "-" "Mozilla/5.0 (compatible; AhrefsBot/7.0; +http://ahrefs.com/robot/)"
216.73.217.80 - - [25/Apr/2026:10:22:25 -0400] "GET /?w=31614648011140 HTTP/1.1" 500 1053 "-" "Mozilla/5.0 AppleWebKit/537.36 (KHTML, like Gecko; compatible; ClaudeBot/1.0; +claudebot@anthropic.com)"
216.73.217.80 - - [25/Apr/2026:10:22:30 -0400] "GET /?w=29252150001140 HTTP/1.1" 500 1053 "-" "Mozilla/5.0 AppleWebKit/537.36 (KHTML, like Gecko; compatible; ClaudeBot/1.0; +claudebot@anthropic.com)"
216.73.217.80 - - [25/Apr/2026:10:22:35 -0400] "GET /?w=31295252081140 HTTP/1.1" 500 1053 "-" "Mozilla/5.0 AppleWebKit/537.36 (KHTML, like Gecko; compatible; ClaudeBot/1.0; +claudebot@anthropic.com)"
216.73.217.80 - - [25/Apr/2026:10:22:40 -0400] "GET /?w=13002317041140 HTTP/1.1" 500 1053 "-" "Mozilla/5.0 AppleWebKit/537.36 (KHTML, like Gecko; compatible; ClaudeBot/1.0; +claudebot@anthropic.com)"
216.73.217.80 - - [25/Apr/2026:10:22:45 -0400] "GET /?w=14243908091140 HTTP/1.1" 500 1053 "-" "Mozilla/5.0 AppleWebKit/537.36 (KHTML, like Gecko; compatible; ClaudeBot/1.0; +claudebot@anthropic.com)"
216.73.217.80 - - [25/Apr/2026:10:22:50 -0400] "GET /?w=18685389031140 HTTP/1.1" 500 1053 "-" "Mozilla/5.0 AppleWebKit/537.36 (KHTML, like Gecko; compatible; ClaudeBot/1.0; +claudebot@anthropic.com)"
216.73.217.80 - - [25/Apr/2026:10:22:55 -0400] "GET /?w=10698158051140 HTTP/1.1" 500 1053 "-" "Mozilla/5.0 AppleWebKit/537.36 (KHTML, like Gecko; compatible; ClaudeBot/1.0; +claudebot@anthropic.com)"
162.0.209.141 - - [25/Apr/2026:10:23:01 -0400] "POST /wp-cron.php?doing_wp_cron=1777126981.1405889987945556640625 HTTP/1.1" 403 1242 "-" "WordPress/6.4.2; https://ostwalcollegeofpharmacy.com"
216.73.217.80 - - [25/Apr/2026:10:23:00 -0400] "GET /?w=19764069051140 HTTP/1.1" 500 1053 "-" "Mozilla/5.0 AppleWebKit/537.36 (KHTML, like Gecko; compatible; ClaudeBot/1.0; +claudebot@anthropic.com)"
216.73.217.80 - - [25/Apr/2026:10:23:05 -0400] "GET /?w=22515039031140 HTTP/1.1" 500 1053 "-" "Mozilla/5.0 AppleWebKit/537.36 (KHTML, like Gecko; compatible; ClaudeBot/1.0; +claudebot@anthropic.com)"
216.73.217.80 - - [25/Apr/2026:10:23:10 -0400] "GET /?w=12608268001140 HTTP/1.1" 500 1053 "-" "Mozilla/5.0 AppleWebKit/537.36 (KHTML, like Gecko; compatible; ClaudeBot/1.0; +claudebot@anthropic.com)"
216.73.217.80 - - [25/Apr/2026:10:23:15 -0400] "GET /?w=1160524031140 HTTP/1.1" 500 1053 "-" "Mozilla/5.0 AppleWebKit/537.36 (KHTML, like Gecko; compatible; ClaudeBot/1.0; +claudebot@anthropic.com)"
216.73.217.80 - - [25/Apr/2026:10:23:20 -0400] "GET /?w=21800349001140 HTTP/1.1" 500 1053 "-" "Mozilla/5.0 AppleWebKit/537.36 (KHTML, like Gecko; compatible; ClaudeBot/1.0; +claudebot@anthropic.com)"
216.73.217.80 - - [25/Apr/2026:10:23:25 -0400] "GET /?w=15075144051140 HTTP/1.1" 500 1053 "-" "Mozilla/5.0 AppleWebKit/537.36 (KHTML, like Gecko; compatible; ClaudeBot/1.0; +claudebot@anthropic.com)"
216.73.217.80 - - [25/Apr/2026:10:23:30 -0400] "GET /?w=22070589041140 HTTP/1.1" 500 1053 "-" "Mozilla/5.0 AppleWebKit/537.36 (KHTML, like Gecko; compatible; ClaudeBot/1.0; +claudebot@anthropic.com)"
216.73.217.80 - - [25/Apr/2026:10:23:36 -0400] "GET /?w=8179759051140 HTTP/1.1" 500 1053 "-" "Mozilla/5.0 AppleWebKit/537.36 (KHTML, like Gecko; compatible; ClaudeBot/1.0; +claudebot@anthropic.com)"
216.73.217.80 - - [25/Apr/2026:10:23:36 -0400] "GET /?w=26834900001140 HTTP/1.1" 500 1053 "-" "Mozilla/5.0 AppleWebKit/537.36 (KHTML, like Gecko; compatible; ClaudeBot/1.0; +claudebot@anthropic.com)"
216.73.217.80 - - [25/Apr/2026:10:23:41 -0400] "GET /?w=31195220021140 HTTP/1.1" 500 1053 "-" "Mozilla/5.0 AppleWebKit/537.36 (KHTML, like Gecko; compatible; ClaudeBot/1.0; +claudebot@anthropic.com)"
216.73.217.80 - - [25/Apr/2026:10:23:46 -0400] "GET /?w=2936331041140 HTTP/1.1" 500 1053 "-" "Mozilla/5.0 AppleWebKit/537.36 (KHTML, like Gecko; compatible; ClaudeBot/1.0; +claudebot@anthropic.com)"
114.119.136.148 - - [25/Apr/2026:10:23:51 -0400] "GET /wp-includes/block-patterns/social-links-shared-background-color.php HTTP/1.1" 403 1242 "https://ostwalcollegeofpharmacy.com/wp-includes/block-patterns/?MD" "Mozilla/5.0 (Linux; Android 7.0;) AppleWebKit/537.36 (HTML, like Gecko) Mobile Safari/537.36 (compatible; PetalBot;+https://webmaster.petalsearch.com/site/petalbot)"
216.73.217.80 - - [25/Apr/2026:10:23:51 -0400] "GET /?w=3822462001140 HTTP/1.1" 500 1053 "-" "Mozilla/5.0 AppleWebKit/537.36 (KHTML, like Gecko; compatible; ClaudeBot/1.0; +claudebot@anthropic.com)"
216.73.217.80 - - [25/Apr/2026:10:23:56 -0400] "GET /?w=10437074001140 HTTP/1.1" 500 1053 "-" "Mozilla/5.0 AppleWebKit/537.36 (KHTML, like Gecko; compatible; ClaudeBot/1.0; +claudebot@anthropic.com)"
162.0.209.141 - - [25/Apr/2026:10:24:02 -0400] "POST /wp-cron.php?doing_wp_cron=1777127042.2323839664459228515625 HTTP/1.1" 403 1242 "-" "WordPress/6.4.2; https://ostwalcollegeofpharmacy.com"
216.73.217.80 - - [25/Apr/2026:10:24:01 -0400] "GET /?w=7281558001140 HTTP/1.1" 500 1053 "-" "Mozilla/5.0 AppleWebKit/537.36 (KHTML, like Gecko; compatible; ClaudeBot/1.0; +claudebot@anthropic.com)"
216.73.217.80 - - [25/Apr/2026:10:24:06 -0400] "GET /?w=18647139001140 HTTP/1.1" 500 1053 "-" "Mozilla/5.0 AppleWebKit/537.36 (KHTML, like Gecko; compatible; ClaudeBot/1.0; +claudebot@anthropic.com)"
216.73.217.80 - - [25/Apr/2026:10:24:11 -0400] "GET /?w=11598663011140 HTTP/1.1" 500 1053 "-" "Mozilla/5.0 AppleWebKit/537.36 (KHTML, like Gecko; compatible; ClaudeBot/1.0; +claudebot@anthropic.com)"
216.73.217.80 - - [25/Apr/2026:10:24:16 -0400] "GET /?w=29363120021140 HTTP/1.1" 500 1053 "-" "Mozilla/5.0 AppleWebKit/537.36 (KHTML, like Gecko; compatible; ClaudeBot/1.0; +claudebot@anthropic.com)"
216.73.217.80 - - [25/Apr/2026:10:24:21 -0400] "GET /?w=20922459001140 HTTP/1.1" 500 1053 "-" "Mozilla/5.0 AppleWebKit/537.36 (KHTML, like Gecko; compatible; ClaudeBot/1.0; +claudebot@anthropic.com)"
216.73.217.80 - - [25/Apr/2026:10:24:27 -0400] "GET /?w=18004869011140 HTTP/1.1" 500 1053 "-" "Mozilla/5.0 AppleWebKit/537.36 (KHTML, like Gecko; compatible; ClaudeBot/1.0; +claudebot@anthropic.com)"
216.73.217.80 - - [25/Apr/2026:10:24:32 -0400] "GET /?w=15363966011140 HTTP/1.1" 500 1053 "-" "Mozilla/5.0 AppleWebKit/537.36 (KHTML, like Gecko; compatible; ClaudeBot/1.0; +claudebot@anthropic.com)"
216.73.217.80 - - [25/Apr/2026:10:24:37 -0400] "GET /?w=27382190001140 HTTP/1.1" 500 1053 "-" "Mozilla/5.0 AppleWebKit/537.36 (KHTML, like Gecko; compatible; ClaudeBot/1.0; +claudebot@anthropic.com)"
216.73.217.80 - - [25/Apr/2026:10:24:42 -0400] "GET /?w=2359992021140 HTTP/1.1" 500 1053 "-" "Mozilla/5.0 AppleWebKit/537.36 (KHTML, like Gecko; compatible; ClaudeBot/1.0; +claudebot@anthropic.com)"
216.73.217.80 - - [25/Apr/2026:10:24:47 -0400] "GET /?w=3196432071140 HTTP/1.1" 500 1053 "-" "Mozilla/5.0 AppleWebKit/537.36 (KHTML, like Gecko; compatible; ClaudeBot/1.0; +claudebot@anthropic.com)"
216.73.217.80 - - [25/Apr/2026:10:24:52 -0400] "GET /?w=12567923031140 HTTP/1.1" 500 1053 "-" "Mozilla/5.0 AppleWebKit/537.36 (KHTML, like Gecko; compatible; ClaudeBot/1.0; +claudebot@anthropic.com)"
216.73.217.80 - - [25/Apr/2026:10:24:57 -0400] "GET /?w=17912169071140 HTTP/1.1" 500 1053 "-" "Mozilla/5.0 AppleWebKit/537.36 (KHTML, like Gecko; compatible; ClaudeBot/1.0; +claudebot@anthropic.com)"
