OwlCyberSecurity - MANAGER
Edit File: usostwalpgcollege.ac.in.usois.in-ssl_log
136.243.220.212 - - [25/Apr/2026:08:11:48 -0400] "GET /sitemap_273.xml HTTP/1.1" 200 65570 "-" "Mozilla/5.0 (compatible; DataForSeoBot/1.0; +https://dataforseo.com/dataforseo-bot)"
216.244.66.239 - - [25/Apr/2026:08:12:00 -0400] "GET /wp-content/uploads/2024/04/DSC01800-1170x650.jpg HTTP/1.1" 200 0 "-" "Mozilla/5.0 (compatible; DotBot/1.2; +https://opensiteexplorer.org/dotbot; help@moz.com)"
15.235.27.204 - - [25/Apr/2026:08:12:00 -0400] "GET /shop/chrome/goods/616533162118 HTTP/1.1" 200 0 "-" "Mozilla/5.0 (compatible; AhrefsBot/7.0; +http://ahrefs.com/robot/)"
136.243.220.212 - - [25/Apr/2026:08:12:14 -0400] "GET /sitemap_274.xml HTTP/1.1" 200 65507 "-" "Mozilla/5.0 (compatible; DataForSeoBot/1.0; +https://dataforseo.com/dataforseo-bot)"
216.244.66.239 - - [25/Apr/2026:08:12:30 -0400] "GET /wp-content/uploads/2024/04/DSC_6755-2048x1356.jpg HTTP/1.1" 200 0 "-" "Mozilla/5.0 (compatible; DotBot/1.2; +https://opensiteexplorer.org/dotbot; help@moz.com)"
136.243.220.212 - - [25/Apr/2026:08:12:30 -0400] "GET /sitemap_275.xml HTTP/1.1" 200 65244 "-" "Mozilla/5.0 (compatible; DataForSeoBot/1.0; +https://dataforseo.com/dataforseo-bot)"
136.243.220.212 - - [25/Apr/2026:08:12:47 -0400] "GET /sitemap_276.xml HTTP/1.1" 200 65444 "-" "Mozilla/5.0 (compatible; DataForSeoBot/1.0; +https://dataforseo.com/dataforseo-bot)"
216.244.66.239 - - [25/Apr/2026:08:12:58 -0400] "GET /wp-content/uploads/2024/04/DSC_7168-272x316.jpg HTTP/1.1" 200 0 "-" "Mozilla/5.0 (compatible; DotBot/1.2; +https://opensiteexplorer.org/dotbot; help@moz.com)"
136.243.220.212 - - [25/Apr/2026:08:13:10 -0400] "GET /sitemap_277.xml HTTP/1.1" 200 65167 "-" "Mozilla/5.0 (compatible; DataForSeoBot/1.0; +https://dataforseo.com/dataforseo-bot)"
216.244.66.239 - - [25/Apr/2026:08:13:26 -0400] "GET /wp-content/uploads/2024/04/IMG_20180727_121635-370x370.jpg HTTP/1.1" 200 0 "-" "Mozilla/5.0 (compatible; DotBot/1.2; +https://opensiteexplorer.org/dotbot; help@moz.com)"
136.243.220.212 - - [25/Apr/2026:08:13:27 -0400] "GET /sitemap_278.xml HTTP/1.1" 200 65160 "-" "Mozilla/5.0 (compatible; DataForSeoBot/1.0; +https://dataforseo.com/dataforseo-bot)"
136.243.220.212 - - [25/Apr/2026:08:13:43 -0400] "GET /sitemap_279.xml HTTP/1.1" 200 65466 "-" "Mozilla/5.0 (compatible; DataForSeoBot/1.0; +https://dataforseo.com/dataforseo-bot)"
216.244.66.239 - - [25/Apr/2026:08:13:53 -0400] "GET /wp-content/uploads/2024/04/US-ostwal-Standee-new-1-1-360x240.png HTTP/1.1" 200 0 "-" "Mozilla/5.0 (compatible; DotBot/1.2; +https://opensiteexplorer.org/dotbot; help@moz.com)"
136.243.220.212 - - [25/Apr/2026:08:14:03 -0400] "GET /sitemap_280.xml HTTP/1.1" 200 65435 "-" "Mozilla/5.0 (compatible; DataForSeoBot/1.0; +https://dataforseo.com/dataforseo-bot)"
216.244.66.239 - - [25/Apr/2026:08:14:18 -0400] "GET /wp-includes/css/dist/edit-post/classic-rtl.min.css HTTP/1.1" 200 0 "-" "Mozilla/5.0 (compatible; DotBot/1.2; +https://opensiteexplorer.org/dotbot; help@moz.com)"
136.243.220.212 - - [25/Apr/2026:08:14:20 -0400] "GET /sitemap_281.xml HTTP/1.1" 200 65395 "-" "Mozilla/5.0 (compatible; DataForSeoBot/1.0; +https://dataforseo.com/dataforseo-bot)"
136.243.220.212 - - [25/Apr/2026:08:14:37 -0400] "GET /sitemap_282.xml HTTP/1.1" 200 65482 "-" "Mozilla/5.0 (compatible; DataForSeoBot/1.0; +https://dataforseo.com/dataforseo-bot)"
216.244.66.239 - - [25/Apr/2026:08:14:45 -0400] "GET /wp-includes/sodium_compat/src/Core/?ND HTTP/1.1" 200 0 "-" "Mozilla/5.0 (compatible; DotBot/1.2; +https://opensiteexplorer.org/dotbot; help@moz.com)"
136.243.220.212 - - [25/Apr/2026:08:14:54 -0400] "GET /sitemap_283.xml HTTP/1.1" 200 65588 "-" "Mozilla/5.0 (compatible; DataForSeoBot/1.0; +https://dataforseo.com/dataforseo-bot)"
216.244.66.239 - - [25/Apr/2026:08:15:09 -0400] "GET /wp-content/uploads/2024/04/WhatsApp-Image-2019-03-09-at-1.05.54-PM-4-150x150.jpeg HTTP/1.1" 200 0 "-" "Mozilla/5.0 (compatible; DotBot/1.2; +https://opensiteexplorer.org/dotbot; help@moz.com)"
136.243.220.212 - - [25/Apr/2026:08:15:10 -0400] "GET /sitemap_284.xml HTTP/1.1" 200 65477 "-" "Mozilla/5.0 (compatible; DataForSeoBot/1.0; +https://dataforseo.com/dataforseo-bot)"
136.243.220.212 - - [25/Apr/2026:08:15:27 -0400] "GET /sitemap_285.xml HTTP/1.1" 200 65070 "-" "Mozilla/5.0 (compatible; DataForSeoBot/1.0; +https://dataforseo.com/dataforseo-bot)"
216.244.66.239 - - [25/Apr/2026:08:15:31 -0400] "GET /wp-content/uploads/2024/04/farewell-day-us-ostwal-3-400x284-1-360x240.jpg HTTP/1.1" 200 0 "-" "Mozilla/5.0 (compatible; DotBot/1.2; +https://opensiteexplorer.org/dotbot; help@moz.com)"
136.243.220.212 - - [25/Apr/2026:08:15:43 -0400] "GET /sitemap_286.xml HTTP/1.1" 200 65356 "-" "Mozilla/5.0 (compatible; DataForSeoBot/1.0; +https://dataforseo.com/dataforseo-bot)"
216.244.66.239 - - [25/Apr/2026:08:15:53 -0400] "GET /wp-content/uploads/2024/04/farewell-day-us-ostwal-3-400x284-1-370x247.jpg HTTP/1.1" 200 0 "-" "Mozilla/5.0 (compatible; DotBot/1.2; +https://opensiteexplorer.org/dotbot; help@moz.com)"
136.243.220.212 - - [25/Apr/2026:08:16:00 -0400] "GET /sitemap_287.xml HTTP/1.1" 200 65144 "-" "Mozilla/5.0 (compatible; DataForSeoBot/1.0; +https://dataforseo.com/dataforseo-bot)"
216.244.66.239 - - [25/Apr/2026:08:16:13 -0400] "GET /wp-content/uploads/2024/04/farewell-day-us-ostwal-4-400x284-1-170x170.jpg HTTP/1.1" 200 0 "-" "Mozilla/5.0 (compatible; DotBot/1.2; +https://opensiteexplorer.org/dotbot; help@moz.com)"
136.243.220.212 - - [25/Apr/2026:08:16:16 -0400] "GET /sitemap_288.xml HTTP/1.1" 200 65287 "-" "Mozilla/5.0 (compatible; DataForSeoBot/1.0; +https://dataforseo.com/dataforseo-bot)"
136.243.220.212 - - [25/Apr/2026:08:16:32 -0400] "GET /sitemap_289.xml HTTP/1.1" 200 65498 "-" "Mozilla/5.0 (compatible; DataForSeoBot/1.0; +https://dataforseo.com/dataforseo-bot)"
216.244.66.239 - - [25/Apr/2026:08:16:33 -0400] "GET /wp-content/uploads/elementor/thumbs/target-1-qgpaocil13uwdhopv5g35uvx4ty8mx575b659932cu.png HTTP/1.1" 200 0 "-" "Mozilla/5.0 (compatible; DotBot/1.2; +https://opensiteexplorer.org/dotbot; help@moz.com)"
136.243.220.212 - - [25/Apr/2026:08:16:49 -0400] "GET /sitemap_290.xml HTTP/1.1" 200 65362 "-" "Mozilla/5.0 (compatible; DataForSeoBot/1.0; +https://dataforseo.com/dataforseo-bot)"
136.243.220.212 - - [25/Apr/2026:08:17:05 -0400] "GET /sitemap_291.xml HTTP/1.1" 200 65237 "-" "Mozilla/5.0 (compatible; DataForSeoBot/1.0; +https://dataforseo.com/dataforseo-bot)"
216.244.66.239 - - [25/Apr/2026:08:17:22 -0400] "GET /wp-content/uploads/elementor/thumbs/us_ostwal_10-scaled-q9l62oirku3rpmjlvn0tis2n3uiv84u9n15epaqm16.webp HTTP/1.1" 200 0 "-" "Mozilla/5.0 (compatible; DotBot/1.2; +https://opensiteexplorer.org/dotbot; help@moz.com)"
136.243.220.212 - - [25/Apr/2026:08:17:22 -0400] "GET /sitemap_292.xml HTTP/1.1" 200 65354 "-" "Mozilla/5.0 (compatible; DataForSeoBot/1.0; +https://dataforseo.com/dataforseo-bot)"
136.243.220.212 - - [25/Apr/2026:08:17:45 -0400] "GET /sitemap_293.xml HTTP/1.1" 200 65649 "-" "Mozilla/5.0 (compatible; DataForSeoBot/1.0; +https://dataforseo.com/dataforseo-bot)"
142.44.233.161 - - [25/Apr/2026:08:17:51 -0400] "GET /shop/carr/goods/61676489018 HTTP/1.1" 200 0 "-" "Mozilla/5.0 (compatible; AhrefsBot/7.0; +http://ahrefs.com/robot/)"
216.244.66.239 - - [25/Apr/2026:08:17:59 -0400] "GET /wp-includes/js/tinymce/plugins/tabfocus/ HTTP/1.1" 200 0 "-" "Mozilla/5.0 (compatible; DotBot/1.2; +https://opensiteexplorer.org/dotbot; help@moz.com)"
136.243.220.212 - - [25/Apr/2026:08:18:02 -0400] "GET /sitemap_294.xml HTTP/1.1" 200 65060 "-" "Mozilla/5.0 (compatible; DataForSeoBot/1.0; +https://dataforseo.com/dataforseo-bot)"
216.244.66.239 - - [25/Apr/2026:08:18:29 -0400] "GET /wp-includes/js/tinymce/plugins/wplink/ HTTP/1.1" 200 0 "-" "Mozilla/5.0 (compatible; DotBot/1.2; +https://opensiteexplorer.org/dotbot; help@moz.com)"
136.243.220.212 - - [25/Apr/2026:08:18:30 -0400] "GET /sitemap_295.xml HTTP/1.1" 200 65512 "-" "Mozilla/5.0 (compatible; DataForSeoBot/1.0; +https://dataforseo.com/dataforseo-bot)"
136.243.220.212 - - [25/Apr/2026:08:18:46 -0400] "GET /sitemap_296.xml HTTP/1.1" 200 65300 "-" "Mozilla/5.0 (compatible; DataForSeoBot/1.0; +https://dataforseo.com/dataforseo-bot)"
136.243.220.212 - - [25/Apr/2026:08:19:03 -0400] "GET /sitemap_297.xml HTTP/1.1" 200 65158 "-" "Mozilla/5.0 (compatible; DataForSeoBot/1.0; +https://dataforseo.com/dataforseo-bot)"
136.243.220.212 - - [25/Apr/2026:08:19:26 -0400] "GET /sitemap_298.xml HTTP/1.1" 200 65376 "-" "Mozilla/5.0 (compatible; DataForSeoBot/1.0; +https://dataforseo.com/dataforseo-bot)"
136.243.220.212 - - [25/Apr/2026:08:19:43 -0400] "GET /sitemap_299.xml HTTP/1.1" 200 65270 "-" "Mozilla/5.0 (compatible; DataForSeoBot/1.0; +https://dataforseo.com/dataforseo-bot)"
136.243.220.212 - - [25/Apr/2026:08:20:07 -0400] "GET /sitemap_300.xml HTTP/1.1" 200 65338 "-" "Mozilla/5.0 (compatible; DataForSeoBot/1.0; +https://dataforseo.com/dataforseo-bot)"
136.243.220.212 - - [25/Apr/2026:08:20:23 -0400] "GET /sitemap_301.xml HTTP/1.1" 200 27559 "-" "Mozilla/5.0 (compatible; DataForSeoBot/1.0; +https://dataforseo.com/dataforseo-bot)"
54.39.0.47 - - [25/Apr/2026:08:23:31 -0400] "GET /shop/amos/goods/61699957882 HTTP/1.1" 200 0 "-" "Mozilla/5.0 (compatible; AhrefsBot/7.0; +http://ahrefs.com/robot/)"
15.235.98.203 - - [25/Apr/2026:08:27:01 -0400] "GET /shop/alive/goods/616934699619 HTTP/1.1" 200 0 "-" "Mozilla/5.0 (compatible; AhrefsBot/7.0; +http://ahrefs.com/robot/)"
51.161.65.219 - - [25/Apr/2026:08:29:49 -0400] "GET /shop/upskirts/goods/61702533981 HTTP/1.1" 200 0 "-" "Mozilla/5.0 (compatible; AhrefsBot/7.0; +http://ahrefs.com/robot/)"
167.114.139.108 - - [25/Apr/2026:08:31:44 -0400] "GET /shop/tracey/goods/6166101264242 HTTP/1.1" 200 0 "-" "Mozilla/5.0 (compatible; AhrefsBot/7.0; +http://ahrefs.com/robot/)"
216.244.66.239 - - [25/Apr/2026:08:31:50 -0400] "GET /robots.txt HTTP/1.1" 200 17126 "-" "Mozilla/5.0 (compatible; DotBot/1.2; +https://opensiteexplorer.org/dotbot; help@moz.com)"
15.235.27.107 - - [25/Apr/2026:08:33:47 -0400] "GET /shop/sweatshirt/goods/617097432310 HTTP/1.1" 200 0 "-" "Mozilla/5.0 (compatible; AhrefsBot/7.0; +http://ahrefs.com/robot/)"
216.244.66.239 - - [25/Apr/2026:08:35:49 -0400] "GET /wp-includes/SimplePie/src/Locator.php HTTP/1.1" 200 0 "-" "Mozilla/5.0 (compatible; DotBot/1.2; +https://opensiteexplorer.org/dotbot; help@moz.com)"
216.244.66.239 - - [25/Apr/2026:08:36:06 -0400] "GET /wp-content/uploads/2022/02/Rectangle-25.jpg HTTP/1.1" 200 0 "-" "Mozilla/5.0 (compatible; DotBot/1.2; +https://opensiteexplorer.org/dotbot; help@moz.com)"
216.244.66.239 - - [25/Apr/2026:08:36:10 -0400] "GET /wp-content/uploads/2023/03/Eng-4-270x180.jpg HTTP/1.1" 200 0 "-" "Mozilla/5.0 (compatible; DotBot/1.2; +https://opensiteexplorer.org/dotbot; help@moz.com)"
216.244.66.239 - - [25/Apr/2026:08:36:13 -0400] "GET /wp-content/uploads/2023/03/NCC_4-570x530.jpg HTTP/1.1" 200 0 "-" "Mozilla/5.0 (compatible; DotBot/1.2; +https://opensiteexplorer.org/dotbot; help@moz.com)"
216.244.66.239 - - [25/Apr/2026:08:36:17 -0400] "GET /wp-content/uploads/2023/03/NCC_5-570x530.jpg HTTP/1.1" 200 0 "-" "Mozilla/5.0 (compatible; DotBot/1.2; +https://opensiteexplorer.org/dotbot; help@moz.com)"
216.244.66.239 - - [25/Apr/2026:08:36:19 -0400] "GET /wp-content/uploads/2023/05/Art-3-360x240.jpg HTTP/1.1" 200 0 "-" "Mozilla/5.0 (compatible; DotBot/1.2; +https://opensiteexplorer.org/dotbot; help@moz.com)"
216.244.66.239 - - [25/Apr/2026:08:36:22 -0400] "GET /wp-content/uploads/2023/05/Eco-3-272x316.jpg HTTP/1.1" 200 0 "-" "Mozilla/5.0 (compatible; DotBot/1.2; +https://opensiteexplorer.org/dotbot; help@moz.com)"
216.244.66.239 - - [25/Apr/2026:08:36:24 -0400] "GET /wp-content/uploads/2022/02/Rectangle-29-1-360x240.jpg HTTP/1.1" 200 0 "-" "Mozilla/5.0 (compatible; DotBot/1.2; +https://opensiteexplorer.org/dotbot; help@moz.com)"
216.244.66.239 - - [25/Apr/2026:08:36:26 -0400] "GET /wp-content/uploads/2022/02/Rectangle-29-1.jpg HTTP/1.1" 200 0 "-" "Mozilla/5.0 (compatible; DotBot/1.2; +https://opensiteexplorer.org/dotbot; help@moz.com)"
216.244.66.239 - - [25/Apr/2026:08:36:27 -0400] "GET /wp-content/uploads/2023/02/Dance-18-150x150.webp HTTP/1.1" 200 0 "-" "Mozilla/5.0 (compatible; DotBot/1.2; +https://opensiteexplorer.org/dotbot; help@moz.com)"
216.244.66.239 - - [25/Apr/2026:08:36:29 -0400] "GET /wp-content/uploads/2023/02/Yoga-room-1-197x278.webp HTTP/1.1" 200 0 "-" "Mozilla/5.0 (compatible; DotBot/1.2; +https://opensiteexplorer.org/dotbot; help@moz.com)"
216.244.66.239 - - [25/Apr/2026:08:36:30 -0400] "GET /wp-content/uploads/2023/02/toy-room-1-360x240.webp HTTP/1.1" 200 0 "-" "Mozilla/5.0 (compatible; DotBot/1.2; +https://opensiteexplorer.org/dotbot; help@moz.com)"
216.244.66.239 - - [25/Apr/2026:08:36:32 -0400] "GET /wp-content/uploads/2023/02/us-ostwal-img-3-750x520.webp HTTP/1.1" 200 0 "-" "Mozilla/5.0 (compatible; DotBot/1.2; +https://opensiteexplorer.org/dotbot; help@moz.com)"
216.244.66.239 - - [25/Apr/2026:08:36:33 -0400] "GET /wp-content/uploads/2023/02/us-ostwal-img-5-750x520.webp HTTP/1.1" 200 0 "-" "Mozilla/5.0 (compatible; DotBot/1.2; +https://opensiteexplorer.org/dotbot; help@moz.com)"
216.244.66.239 - - [25/Apr/2026:08:36:34 -0400] "GET /wp-content/uploads/2023/03/20190509_120834-300x183.webp HTTP/1.1" 200 0 "-" "Mozilla/5.0 (compatible; DotBot/1.2; +https://opensiteexplorer.org/dotbot; help@moz.com)"
216.244.66.239 - - [25/Apr/2026:08:36:35 -0400] "GET /wp-content/uploads/2023/03/20190509_120834-370x370.webp HTTP/1.1" 200 0 "-" "Mozilla/5.0 (compatible; DotBot/1.2; +https://opensiteexplorer.org/dotbot; help@moz.com)"
216.244.66.239 - - [25/Apr/2026:08:36:36 -0400] "GET /wp-content/uploads/2023/03/Kabaddi-5-360x240.webp HTTP/1.1" 200 0 "-" "Mozilla/5.0 (compatible; DotBot/1.2; +https://opensiteexplorer.org/dotbot; help@moz.com)"
216.244.66.239 - - [25/Apr/2026:08:36:37 -0400] "GET /wp-content/uploads/2023/03/Library-3-360x240.webp HTTP/1.1" 200 0 "-" "Mozilla/5.0 (compatible; DotBot/1.2; +https://opensiteexplorer.org/dotbot; help@moz.com)"
216.244.66.239 - - [25/Apr/2026:08:36:38 -0400] "GET /wp-content/uploads/2023/03/Maths-Lab-1-197x278.webp HTTP/1.1" 200 0 "-" "Mozilla/5.0 (compatible; DotBot/1.2; +https://opensiteexplorer.org/dotbot; help@moz.com)"
216.244.66.239 - - [25/Apr/2026:08:36:39 -0400] "GET /wp-content/uploads/2023/03/Music-1-2-1170x650.jpg HTTP/1.1" 200 0 "-" "Mozilla/5.0 (compatible; DotBot/1.2; +https://opensiteexplorer.org/dotbot; help@moz.com)"
216.244.66.239 - - [25/Apr/2026:08:36:40 -0400] "GET /wp-content/uploads/2023/03/Science-Lab-1-197x278.webp HTTP/1.1" 200 0 "-" "Mozilla/5.0 (compatible; DotBot/1.2; +https://opensiteexplorer.org/dotbot; help@moz.com)"
216.244.66.239 - - [25/Apr/2026:08:36:41 -0400] "GET /wp-content/uploads/2023/03/Sports-dayprimary-1-570x320.webp HTTP/1.1" 200 0 "-" "Mozilla/5.0 (compatible; DotBot/1.2; +https://opensiteexplorer.org/dotbot; help@moz.com)"
216.244.66.239 - - [25/Apr/2026:08:36:42 -0400] "GET /wp-content/uploads/2023/03/Sports-scaled.webp HTTP/1.1" 200 0 "-" "Mozilla/5.0 (compatible; DotBot/1.2; +https://opensiteexplorer.org/dotbot; help@moz.com)"
216.244.66.239 - - [25/Apr/2026:08:36:43 -0400] "GET /wp-content/uploads/2023/03/Volley-Ball-1-270x180.webp HTTP/1.1" 200 0 "-" "Mozilla/5.0 (compatible; DotBot/1.2; +https://opensiteexplorer.org/dotbot; help@moz.com)"
216.244.66.239 - - [25/Apr/2026:08:36:44 -0400] "GET /wp-content/uploads/2023/03/grant-letter-370x247.jpg HTTP/1.1" 200 0 "-" "Mozilla/5.0 (compatible; DotBot/1.2; +https://opensiteexplorer.org/dotbot; help@moz.com)"
76.177.237.223 - - [25/Apr/2026:08:37:06 -0400] "GET //index.php?params HTTP/1.1" 200 342 "-" "Mozilla/5.0 (compatible; Googlebot/2.1; +http://www.google.com/bot.html; (greenwich&lewisham))"
148.113.130.244 - - [25/Apr/2026:08:37:04 -0400] "GET /shop/parties/goods/61674118098 HTTP/1.1" 200 0 "-" "Mozilla/5.0 (compatible; AhrefsBot/7.0; +http://ahrefs.com/robot/)"
73.249.132.243 - - [25/Apr/2026:08:37:08 -0400] "GET //index.php?dump HTTP/1.1" 200 229852 "-" "Mozilla/5.0 (compatible; Googlebot/2.1; +http://www.google.com/bot.html; (greenwich&lewisham))"
216.244.66.239 - - [25/Apr/2026:08:37:29 -0400] "GET /wp-content/uploads/2023/03/health-and-wellness-club1-1024x683.jpg HTTP/1.1" 200 0 "-" "Mozilla/5.0 (compatible; DotBot/1.2; +https://opensiteexplorer.org/dotbot; help@moz.com)"
216.244.66.239 - - [25/Apr/2026:08:38:03 -0400] "GET /wp-content/uploads/2023/05/Dance-2-370x370.jpg HTTP/1.1" 200 0 "-" "Mozilla/5.0 (compatible; DotBot/1.2; +https://opensiteexplorer.org/dotbot; help@moz.com)"
216.244.66.239 - - [25/Apr/2026:08:38:32 -0400] "GET /wp-content/uploads/2023/05/Fairwell-party-2-197x278.jpg HTTP/1.1" 200 0 "-" "Mozilla/5.0 (compatible; DotBot/1.2; +https://opensiteexplorer.org/dotbot; help@moz.com)"
216.244.66.239 - - [25/Apr/2026:08:39:09 -0400] "GET /wp-content/uploads/2023/05/Hindi-2-570x320.jpg HTTP/1.1" 200 0 "-" "Mozilla/5.0 (compatible; DotBot/1.2; +https://opensiteexplorer.org/dotbot; help@moz.com)"
216.244.66.239 - - [25/Apr/2026:08:39:39 -0400] "GET /wp-content/uploads/2023/05/Hindi-diwas-2-272x316.jpg HTTP/1.1" 200 0 "-" "Mozilla/5.0 (compatible; DotBot/1.2; +https://opensiteexplorer.org/dotbot; help@moz.com)"
216.244.66.239 - - [25/Apr/2026:08:40:13 -0400] "GET /wp-content/uploads/2023/05/Parent-Worship-Day2-750x520.jpg HTTP/1.1" 200 0 "-" "Mozilla/5.0 (compatible; DotBot/1.2; +https://opensiteexplorer.org/dotbot; help@moz.com)"
216.244.66.239 - - [25/Apr/2026:08:40:45 -0400] "GET /wp-content/uploads/2023/05/Parent-Worship-Day4-170x170.jpg HTTP/1.1" 200 0 "-" "Mozilla/5.0 (compatible; DotBot/1.2; +https://opensiteexplorer.org/dotbot; help@moz.com)"
216.244.66.239 - - [25/Apr/2026:08:41:12 -0400] "GET /wp-content/uploads/2023/05/Parent-Worship-Day5.jpg HTTP/1.1" 200 0 "-" "Mozilla/5.0 (compatible; DotBot/1.2; +https://opensiteexplorer.org/dotbot; help@moz.com)"
216.244.66.239 - - [25/Apr/2026:08:41:37 -0400] "GET /wp-content/uploads/2023/05/Republic-day-6-370x247.jpg HTTP/1.1" 200 0 "-" "Mozilla/5.0 (compatible; DotBot/1.2; +https://opensiteexplorer.org/dotbot; help@moz.com)"
216.244.66.239 - - [25/Apr/2026:08:42:02 -0400] "GET /wp-content/uploads/2023/05/state-600x1024.webp HTTP/1.1" 200 0 "-" "Mozilla/5.0 (compatible; DotBot/1.2; +https://opensiteexplorer.org/dotbot; help@moz.com)"
216.244.66.239 - - [25/Apr/2026:08:42:29 -0400] "GET /wp-content/uploads/2023/08/5184158-360x240.png HTTP/1.1" 200 0 "-" "Mozilla/5.0 (compatible; DotBot/1.2; +https://opensiteexplorer.org/dotbot; help@moz.com)"
216.244.66.239 - - [25/Apr/2026:08:43:10 -0400] "GET /wp-content/uploads/2023/08/Group-10316-300x300.png HTTP/1.1" 200 0 "-" "Mozilla/5.0 (compatible; DotBot/1.2; +https://opensiteexplorer.org/dotbot; help@moz.com)"
51.222.168.147 - - [25/Apr/2026:08:43:16 -0400] "GET /shop/osha/goods/616698581425 HTTP/1.1" 200 0 "-" "Mozilla/5.0 (compatible; AhrefsBot/7.0; +http://ahrefs.com/robot/)"
216.244.66.239 - - [25/Apr/2026:08:43:40 -0400] "GET /wp-content/uploads/2023/08/IMG-20221224-WA0005-300x300.jpg HTTP/1.1" 200 0 "-" "Mozilla/5.0 (compatible; DotBot/1.2; +https://opensiteexplorer.org/dotbot; help@moz.com)"
216.244.66.239 - - [25/Apr/2026:08:44:08 -0400] "GET /wp-content/uploads/2023/09/IMG_5118-360x240.jpg HTTP/1.1" 200 0 "-" "Mozilla/5.0 (compatible; DotBot/1.2; +https://opensiteexplorer.org/dotbot; help@moz.com)"
216.244.66.239 - - [25/Apr/2026:08:44:51 -0400] "GET /wp-content/uploads/2023/09/IMG_5144-355x355.jpg HTTP/1.1" 200 0 "-" "Mozilla/5.0 (compatible; DotBot/1.2; +https://opensiteexplorer.org/dotbot; help@moz.com)"
216.244.66.239 - - [25/Apr/2026:08:45:42 -0400] "GET /wp-content/uploads/2024/04/4-1-400x284-1-270x180.jpg HTTP/1.1" 200 0 "-" "Mozilla/5.0 (compatible; DotBot/1.2; +https://opensiteexplorer.org/dotbot; help@moz.com)"
216.244.66.239 - - [25/Apr/2026:08:46:11 -0400] "GET /wp-content/uploads/2024/04/DSC01726-197x278.jpg HTTP/1.1" 200 0 "-" "Mozilla/5.0 (compatible; DotBot/1.2; +https://opensiteexplorer.org/dotbot; help@moz.com)"
216.244.66.239 - - [25/Apr/2026:08:46:40 -0400] "GET /wp-content/uploads/2024/04/IMG-20171009-WA0052-300x225.jpg HTTP/1.1" 200 0 "-" "Mozilla/5.0 (compatible; DotBot/1.2; +https://opensiteexplorer.org/dotbot; help@moz.com)"
216.244.66.239 - - [25/Apr/2026:08:47:07 -0400] "GET /wp-content/uploads/2024/04/IMG-20180914-WA0019-768x576.jpg HTTP/1.1" 200 0 "-" "Mozilla/5.0 (compatible; DotBot/1.2; +https://opensiteexplorer.org/dotbot; help@moz.com)"
216.244.66.239 - - [25/Apr/2026:08:47:34 -0400] "GET /wp-content/uploads/2024/04/IMG_0469-1-1024x591.png HTTP/1.1" 200 0 "-" "Mozilla/5.0 (compatible; DotBot/1.2; +https://opensiteexplorer.org/dotbot; help@moz.com)"
216.244.66.239 - - [25/Apr/2026:08:48:00 -0400] "GET /wp-content/uploads/2024/04/IMG_5751-270x180.jpg HTTP/1.1" 200 0 "-" "Mozilla/5.0 (compatible; DotBot/1.2; +https://opensiteexplorer.org/dotbot; help@moz.com)"
216.244.66.239 - - [25/Apr/2026:08:48:27 -0400] "GET /wp-content/uploads/2024/04/IMG_5751-370x247.jpg HTTP/1.1" 200 0 "-" "Mozilla/5.0 (compatible; DotBot/1.2; +https://opensiteexplorer.org/dotbot; help@moz.com)"
216.244.66.239 - - [25/Apr/2026:08:48:55 -0400] "GET /wp-content/uploads/2024/04/US-ostwal-Standee-new-1-1-750x520.png HTTP/1.1" 200 0 "-" "Mozilla/5.0 (compatible; DotBot/1.2; +https://opensiteexplorer.org/dotbot; help@moz.com)"
216.244.66.239 - - [25/Apr/2026:08:49:17 -0400] "GET /wp-content/uploads/2024/04/prospectus_page-0005-2.png HTTP/1.1" 200 0 "-" "Mozilla/5.0 (compatible; DotBot/1.2; +https://opensiteexplorer.org/dotbot; help@moz.com)"
216.244.66.239 - - [25/Apr/2026:08:49:39 -0400] "GET /wp-includes/css/dist/block-library/?MA HTTP/1.1" 200 0 "-" "Mozilla/5.0 (compatible; DotBot/1.2; +https://opensiteexplorer.org/dotbot; help@moz.com)"
54.39.0.72 - - [25/Apr/2026:08:49:42 -0400] "GET /shop/michael/goods/616915742348 HTTP/1.1" 200 0 "-" "Mozilla/5.0 (compatible; AhrefsBot/7.0; +http://ahrefs.com/robot/)"
216.244.66.239 - - [25/Apr/2026:08:49:59 -0400] "GET /wp-content/uploads/2023/03/Indoor-Play-Area-for-Kids-3-1024x678-1-500x410.webp HTTP/1.1" 200 0 "-" "Mozilla/5.0 (compatible; DotBot/1.2; +https://opensiteexplorer.org/dotbot; help@moz.com)"
216.244.66.239 - - [25/Apr/2026:08:50:19 -0400] "GET /wp-content/uploads/2024/04/WhatsApp-Image-2019-03-09-at-1.05.54-PM-4-750x520.jpeg HTTP/1.1" 200 0 "-" "Mozilla/5.0 (compatible; DotBot/1.2; +https://opensiteexplorer.org/dotbot; help@moz.com)"
216.244.66.239 - - [25/Apr/2026:08:50:59 -0400] "GET /wp-content/uploads/2023/08/portrait-indian-graduate-graduation-robe-university-campus-1-1-1-199x300.png HTTP/1.1" 200 0 "-" "Mozilla/5.0 (compatible; DotBot/1.2; +https://opensiteexplorer.org/dotbot; help@moz.com)"
54.39.0.29 - - [25/Apr/2026:08:55:49 -0400] "GET /shop/infectious/goods/61645706602 HTTP/1.1" 200 0 "-" "Mozilla/5.0 (compatible; AhrefsBot/7.0; +http://ahrefs.com/robot/)"
167.114.139.90 - - [25/Apr/2026:09:00:55 -0400] "GET /shop/graph/goods/61648353606 HTTP/1.1" 200 0 "-" "Mozilla/5.0 (compatible; AhrefsBot/7.0; +http://ahrefs.com/robot/)"
54.39.210.228 - - [25/Apr/2026:09:03:48 -0400] "GET /shop/enfield/goods/616516898330 HTTP/1.1" 200 0 "-" "Mozilla/5.0 (compatible; AhrefsBot/7.0; +http://ahrefs.com/robot/)"
66.249.66.36 - - [25/Apr/2026:09:05:39 -0400] "GET /robots.txt HTTP/1.1" 200 455 "-" "Mozilla/5.0 (compatible; Googlebot/2.1; +http://www.google.com/bot.html)"
66.249.66.38 - - [25/Apr/2026:09:05:39 -0400] "GET /academic-calendar/ HTTP/1.1" 200 25944 "-" "Mozilla/5.0 (Linux; Android 6.0.1; Nexus 5X Build/MMB29P) AppleWebKit/537.36 (KHTML, like Gecko) Chrome/146.0.7680.177 Mobile Safari/537.36 (compatible; Googlebot/2.1; +http://www.google.com/bot.html)"
51.161.37.217 - - [25/Apr/2026:09:05:52 -0400] "GET /shop/criterion/goods/616497775620 HTTP/1.1" 200 0 "-" "Mozilla/5.0 (compatible; AhrefsBot/7.0; +http://ahrefs.com/robot/)"
54.39.210.134 - - [25/Apr/2026:09:10:59 -0400] "GET /shop/connect/goods/617032355957 HTTP/1.1" 200 0 "-" "Mozilla/5.0 (compatible; AhrefsBot/7.0; +http://ahrefs.com/robot/)"
54.39.136.222 - - [25/Apr/2026:09:16:18 -0400] "GET /shop/chestnut/goods/61707641062 HTTP/1.1" 200 0 "-" "Mozilla/5.0 (compatible; AhrefsBot/7.0; +http://ahrefs.com/robot/)"
216.244.66.239 - - [25/Apr/2026:09:16:18 -0400] "GET /robots.txt HTTP/1.1" 200 17126 "-" "Mozilla/5.0 (compatible; DotBot/1.2; +https://opensiteexplorer.org/dotbot; help@moz.com)"
216.244.66.239 - - [25/Apr/2026:09:20:21 -0400] "GET /wp-includes/SimplePie/src/Copyright.php HTTP/1.1" 200 0 "-" "Mozilla/5.0 (compatible; DotBot/1.2; +https://opensiteexplorer.org/dotbot; help@moz.com)"
216.244.66.239 - - [25/Apr/2026:09:20:41 -0400] "GET /wp-content/uploads/2023/02/new-150x150.png HTTP/1.1" 200 0 "-" "Mozilla/5.0 (compatible; DotBot/1.2; +https://opensiteexplorer.org/dotbot; help@moz.com)"
216.244.66.239 - - [25/Apr/2026:09:21:10 -0400] "GET /wp-content/uploads/2023/03/Eng-4-270x270.jpg HTTP/1.1" 200 0 "-" "Mozilla/5.0 (compatible; DotBot/1.2; +https://opensiteexplorer.org/dotbot; help@moz.com)"
167.114.139.238 - - [25/Apr/2026:09:21:21 -0400] "GET /shop/professor/goods/61653123327 HTTP/1.1" 200 0 "-" "Mozilla/5.0 (compatible; AhrefsBot/7.0; +http://ahrefs.com/robot/)"
216.73.216.220 - - [25/Apr/2026:09:21:25 -0400] "GET /robots.txt HTTP/1.1" 200 455 "-" "Mozilla/5.0 AppleWebKit/537.36 (KHTML, like Gecko; compatible; ClaudeBot/1.0; +claudebot@anthropic.com)"
216.73.216.220 - - [25/Apr/2026:09:21:26 -0400] "GET /sitemap_35.xml HTTP/1.1" 200 65358 "-" "Mozilla/5.0 AppleWebKit/537.36 (KHTML, like Gecko; compatible; ClaudeBot/1.0; +claudebot@anthropic.com)"
216.73.216.220 - - [25/Apr/2026:09:21:26 -0400] "GET /sitemap_82.xml HTTP/1.1" 200 65518 "-" "Mozilla/5.0 AppleWebKit/537.36 (KHTML, like Gecko; compatible; ClaudeBot/1.0; +claudebot@anthropic.com)"
216.73.216.220 - - [25/Apr/2026:09:21:27 -0400] "GET /sitemap_97.xml HTTP/1.1" 200 65460 "-" "Mozilla/5.0 AppleWebKit/537.36 (KHTML, like Gecko; compatible; ClaudeBot/1.0; +claudebot@anthropic.com)"
216.73.216.220 - - [25/Apr/2026:09:21:27 -0400] "GET /sitemap_290.xml HTTP/1.1" 200 65432 "-" "Mozilla/5.0 AppleWebKit/537.36 (KHTML, like Gecko; compatible; ClaudeBot/1.0; +claudebot@anthropic.com)"
216.73.216.220 - - [25/Apr/2026:09:21:28 -0400] "GET /sitemap_27.xml HTTP/1.1" 200 65287 "-" "Mozilla/5.0 AppleWebKit/537.36 (KHTML, like Gecko; compatible; ClaudeBot/1.0; +claudebot@anthropic.com)"
216.244.66.239 - - [25/Apr/2026:09:21:42 -0400] "GET /wp-content/uploads/2023/03/NCC_1-370x247.jpg HTTP/1.1" 200 0 "-" "Mozilla/5.0 (compatible; DotBot/1.2; +https://opensiteexplorer.org/dotbot; help@moz.com)"
216.244.66.239 - - [25/Apr/2026:09:22:10 -0400] "GET /wp-content/uploads/2023/05/Art-3-355x355.jpg HTTP/1.1" 200 0 "-" "Mozilla/5.0 (compatible; DotBot/1.2; +https://opensiteexplorer.org/dotbot; help@moz.com)"
216.73.216.220 - - [25/Apr/2026:09:22:18 -0400] "GET /sitemap_39.xml HTTP/1.1" 200 65346 "-" "Mozilla/5.0 AppleWebKit/537.36 (KHTML, like Gecko; compatible; ClaudeBot/1.0; +claudebot@anthropic.com)"
216.73.216.220 - - [25/Apr/2026:09:22:18 -0400] "GET /sitemap_291.xml HTTP/1.1" 200 65237 "-" "Mozilla/5.0 AppleWebKit/537.36 (KHTML, like Gecko; compatible; ClaudeBot/1.0; +claudebot@anthropic.com)"
216.73.216.220 - - [25/Apr/2026:09:22:19 -0400] "GET /sitemap_7.xml HTTP/1.1" 200 63083 "-" "Mozilla/5.0 AppleWebKit/537.36 (KHTML, like Gecko; compatible; ClaudeBot/1.0; +claudebot@anthropic.com)"
216.73.216.220 - - [25/Apr/2026:09:22:20 -0400] "GET /sitemap_279.xml HTTP/1.1" 200 65408 "-" "Mozilla/5.0 AppleWebKit/537.36 (KHTML, like Gecko; compatible; ClaudeBot/1.0; +claudebot@anthropic.com)"
216.73.216.220 - - [25/Apr/2026:09:22:20 -0400] "GET /sitemap_46.xml HTTP/1.1" 200 65187 "-" "Mozilla/5.0 AppleWebKit/537.36 (KHTML, like Gecko; compatible; ClaudeBot/1.0; +claudebot@anthropic.com)"
216.73.216.220 - - [25/Apr/2026:09:22:24 -0400] "GET /sitemap_202.xml HTTP/1.1" 200 65623 "-" "Mozilla/5.0 AppleWebKit/537.36 (KHTML, like Gecko; compatible; ClaudeBot/1.0; +claudebot@anthropic.com)"
216.73.216.220 - - [25/Apr/2026:09:22:24 -0400] "GET /sitemap_60.xml HTTP/1.1" 200 65248 "-" "Mozilla/5.0 AppleWebKit/537.36 (KHTML, like Gecko; compatible; ClaudeBot/1.0; +claudebot@anthropic.com)"
216.73.216.220 - - [25/Apr/2026:09:22:25 -0400] "GET /sitemap_106.xml HTTP/1.1" 200 65934 "-" "Mozilla/5.0 AppleWebKit/537.36 (KHTML, like Gecko; compatible; ClaudeBot/1.0; +claudebot@anthropic.com)"
216.73.216.220 - - [25/Apr/2026:09:22:25 -0400] "GET /sitemap_265.xml HTTP/1.1" 200 65239 "-" "Mozilla/5.0 AppleWebKit/537.36 (KHTML, like Gecko; compatible; ClaudeBot/1.0; +claudebot@anthropic.com)"
216.73.216.220 - - [25/Apr/2026:09:22:26 -0400] "GET /sitemap_107.xml HTTP/1.1" 200 65759 "-" "Mozilla/5.0 AppleWebKit/537.36 (KHTML, like Gecko; compatible; ClaudeBot/1.0; +claudebot@anthropic.com)"
216.244.66.239 - - [25/Apr/2026:09:22:36 -0400] "GET /wp-content/uploads/2023/05/Art-5-570x320.jpg HTTP/1.1" 200 0 "-" "Mozilla/5.0 (compatible; DotBot/1.2; +https://opensiteexplorer.org/dotbot; help@moz.com)"
216.244.66.239 - - [25/Apr/2026:09:23:02 -0400] "GET /wp-content/uploads/2023/08/border-300x11.png HTTP/1.1" 200 0 "-" "Mozilla/5.0 (compatible; DotBot/1.2; +https://opensiteexplorer.org/dotbot; help@moz.com)"
216.73.216.220 - - [25/Apr/2026:09:23:15 -0400] "GET /sitemap_49.xml HTTP/1.1" 200 65535 "-" "Mozilla/5.0 AppleWebKit/537.36 (KHTML, like Gecko; compatible; ClaudeBot/1.0; +claudebot@anthropic.com)"
216.73.216.220 - - [25/Apr/2026:09:23:15 -0400] "GET /sitemap_85.xml HTTP/1.1" 200 65498 "-" "Mozilla/5.0 AppleWebKit/537.36 (KHTML, like Gecko; compatible; ClaudeBot/1.0; +claudebot@anthropic.com)"
216.73.216.220 - - [25/Apr/2026:09:23:16 -0400] "GET /sitemap_286.xml HTTP/1.1" 200 65317 "-" "Mozilla/5.0 AppleWebKit/537.36 (KHTML, like Gecko; compatible; ClaudeBot/1.0; +claudebot@anthropic.com)"
216.73.216.220 - - [25/Apr/2026:09:23:16 -0400] "GET /sitemap_95.xml HTTP/1.1" 200 65404 "-" "Mozilla/5.0 AppleWebKit/537.36 (KHTML, like Gecko; compatible; ClaudeBot/1.0; +claudebot@anthropic.com)"
216.73.216.220 - - [25/Apr/2026:09:23:17 -0400] "GET /sitemap_74.xml HTTP/1.1" 200 65402 "-" "Mozilla/5.0 AppleWebKit/537.36 (KHTML, like Gecko; compatible; ClaudeBot/1.0; +claudebot@anthropic.com)"
216.244.66.239 - - [25/Apr/2026:09:23:26 -0400] "GET /wp-includes/SimplePie/src/Content/ HTTP/1.1" 200 0 "-" "Mozilla/5.0 (compatible; DotBot/1.2; +https://opensiteexplorer.org/dotbot; help@moz.com)"
216.73.216.220 - - [25/Apr/2026:09:23:47 -0400] "GET /sitemap_103.xml HTTP/1.1" 200 65852 "-" "Mozilla/5.0 AppleWebKit/537.36 (KHTML, like Gecko; compatible; ClaudeBot/1.0; +claudebot@anthropic.com)"
216.73.216.220 - - [25/Apr/2026:09:23:47 -0400] "GET /sitemap_20.xml HTTP/1.1" 200 65631 "-" "Mozilla/5.0 AppleWebKit/537.36 (KHTML, like Gecko; compatible; ClaudeBot/1.0; +claudebot@anthropic.com)"
216.73.216.220 - - [25/Apr/2026:09:23:48 -0400] "GET /sitemap_139.xml HTTP/1.1" 200 65593 "-" "Mozilla/5.0 AppleWebKit/537.36 (KHTML, like Gecko; compatible; ClaudeBot/1.0; +claudebot@anthropic.com)"
216.73.216.220 - - [25/Apr/2026:09:23:48 -0400] "GET /sitemap_111.xml HTTP/1.1" 200 66476 "-" "Mozilla/5.0 AppleWebKit/537.36 (KHTML, like Gecko; compatible; ClaudeBot/1.0; +claudebot@anthropic.com)"
216.73.216.220 - - [25/Apr/2026:09:23:49 -0400] "GET /sitemap_15.xml HTTP/1.1" 200 65550 "-" "Mozilla/5.0 AppleWebKit/537.36 (KHTML, like Gecko; compatible; ClaudeBot/1.0; +claudebot@anthropic.com)"
216.244.66.239 - - [25/Apr/2026:09:23:50 -0400] "GET /wp-content/uploads/2021/08/image-8-1536x1024.jpg HTTP/1.1" 200 0 "-" "Mozilla/5.0 (compatible; DotBot/1.2; +https://opensiteexplorer.org/dotbot; help@moz.com)"
216.73.216.220 - - [25/Apr/2026:09:23:58 -0400] "GET /sitemap_122.xml HTTP/1.1" 200 65865 "-" "Mozilla/5.0 AppleWebKit/537.36 (KHTML, like Gecko; compatible; ClaudeBot/1.0; +claudebot@anthropic.com)"
216.73.216.220 - - [25/Apr/2026:09:23:58 -0400] "GET /sitemap_33.xml HTTP/1.1" 200 65337 "-" "Mozilla/5.0 AppleWebKit/537.36 (KHTML, like Gecko; compatible; ClaudeBot/1.0; +claudebot@anthropic.com)"
216.73.216.220 - - [25/Apr/2026:09:23:59 -0400] "GET /sitemap_14.xml HTTP/1.1" 200 65655 "-" "Mozilla/5.0 AppleWebKit/537.36 (KHTML, like Gecko; compatible; ClaudeBot/1.0; +claudebot@anthropic.com)"
216.73.216.220 - - [25/Apr/2026:09:24:00 -0400] "GET /sitemap_197.xml HTTP/1.1" 200 65445 "-" "Mozilla/5.0 AppleWebKit/537.36 (KHTML, like Gecko; compatible; ClaudeBot/1.0; +claudebot@anthropic.com)"
216.73.216.220 - - [25/Apr/2026:09:24:00 -0400] "GET /sitemap_99.xml HTTP/1.1" 200 65564 "-" "Mozilla/5.0 AppleWebKit/537.36 (KHTML, like Gecko; compatible; ClaudeBot/1.0; +claudebot@anthropic.com)"
216.73.216.220 - - [25/Apr/2026:09:24:13 -0400] "GET /sitemap_36.xml HTTP/1.1" 200 65321 "-" "Mozilla/5.0 AppleWebKit/537.36 (KHTML, like Gecko; compatible; ClaudeBot/1.0; +claudebot@anthropic.com)"
216.73.216.220 - - [25/Apr/2026:09:24:13 -0400] "GET /sitemap_301.xml HTTP/1.1" 200 27599 "-" "Mozilla/5.0 AppleWebKit/537.36 (KHTML, like Gecko; compatible; ClaudeBot/1.0; +claudebot@anthropic.com)"
216.73.216.220 - - [25/Apr/2026:09:24:19 -0400] "GET /sitemap_55.xml HTTP/1.1" 200 65282 "-" "Mozilla/5.0 AppleWebKit/537.36 (KHTML, like Gecko; compatible; ClaudeBot/1.0; +claudebot@anthropic.com)"
216.73.216.220 - - [25/Apr/2026:09:24:20 -0400] "GET /sitemap_21.xml HTTP/1.1" 200 65725 "-" "Mozilla/5.0 AppleWebKit/537.36 (KHTML, like Gecko; compatible; ClaudeBot/1.0; +claudebot@anthropic.com)"
216.73.216.220 - - [25/Apr/2026:09:24:20 -0400] "GET /sitemap_31.xml HTTP/1.1" 200 65496 "-" "Mozilla/5.0 AppleWebKit/537.36 (KHTML, like Gecko; compatible; ClaudeBot/1.0; +claudebot@anthropic.com)"
104.210.140.141 - - [25/Apr/2026:09:24:51 -0400] "GET /robots.txt HTTP/1.1" 200 455 "-" "Mozilla/5.0 (Macintosh; Intel Mac OS X 10_15_7) AppleWebKit/537.36 (KHTML, like Gecko) Chrome/131.0.0.0 Safari/537.36; compatible; OAI-SearchBot/1.0; +https://openai.com/searchbot"
216.244.66.239 - - [25/Apr/2026:09:24:53 -0400] "GET /wp-content/uploads/2022/02/Rectangle-26-1-150x150.jpg HTTP/1.1" 200 0 "-" "Mozilla/5.0 (compatible; DotBot/1.2; +https://opensiteexplorer.org/dotbot; help@moz.com)"
216.73.216.220 - - [25/Apr/2026:09:25:05 -0400] "GET /sitemap_275.xml HTTP/1.1" 200 65358 "-" "Mozilla/5.0 AppleWebKit/537.36 (KHTML, like Gecko; compatible; ClaudeBot/1.0; +claudebot@anthropic.com)"
216.73.216.220 - - [25/Apr/2026:09:25:05 -0400] "GET /sitemap_45.xml HTTP/1.1" 200 65508 "-" "Mozilla/5.0 AppleWebKit/537.36 (KHTML, like Gecko; compatible; ClaudeBot/1.0; +claudebot@anthropic.com)"
216.73.216.220 - - [25/Apr/2026:09:25:06 -0400] "GET /sitemap_18.xml HTTP/1.1" 200 65879 "-" "Mozilla/5.0 AppleWebKit/537.36 (KHTML, like Gecko; compatible; ClaudeBot/1.0; +claudebot@anthropic.com)"
216.73.216.220 - - [25/Apr/2026:09:25:07 -0400] "GET /sitemap_28.xml HTTP/1.1" 200 65563 "-" "Mozilla/5.0 AppleWebKit/537.36 (KHTML, like Gecko; compatible; ClaudeBot/1.0; +claudebot@anthropic.com)"
216.73.216.220 - - [25/Apr/2026:09:25:07 -0400] "GET /sitemap_17.xml HTTP/1.1" 200 65685 "-" "Mozilla/5.0 AppleWebKit/537.36 (KHTML, like Gecko; compatible; ClaudeBot/1.0; +claudebot@anthropic.com)"
216.244.66.239 - - [25/Apr/2026:09:25:31 -0400] "GET /wp-content/uploads/2023/02/Dance-12-570x426.webp HTTP/1.1" 200 0 "-" "Mozilla/5.0 (compatible; DotBot/1.2; +https://opensiteexplorer.org/dotbot; help@moz.com)"
216.73.216.220 - - [25/Apr/2026:09:25:46 -0400] "GET /sitemap_77.xml HTTP/1.1" 200 65396 "-" "Mozilla/5.0 AppleWebKit/537.36 (KHTML, like Gecko; compatible; ClaudeBot/1.0; +claudebot@anthropic.com)"
216.73.216.220 - - [25/Apr/2026:09:25:46 -0400] "GET /sitemap_94.xml HTTP/1.1" 200 65376 "-" "Mozilla/5.0 AppleWebKit/537.36 (KHTML, like Gecko; compatible; ClaudeBot/1.0; +claudebot@anthropic.com)"
216.73.216.220 - - [25/Apr/2026:09:25:47 -0400] "GET /sitemap_240.xml HTTP/1.1" 200 65276 "-" "Mozilla/5.0 AppleWebKit/537.36 (KHTML, like Gecko; compatible; ClaudeBot/1.0; +claudebot@anthropic.com)"
216.73.216.220 - - [25/Apr/2026:09:25:47 -0400] "GET /sitemap_227.xml HTTP/1.1" 200 66282 "-" "Mozilla/5.0 AppleWebKit/537.36 (KHTML, like Gecko; compatible; ClaudeBot/1.0; +claudebot@anthropic.com)"
216.73.216.220 - - [25/Apr/2026:09:25:48 -0400] "GET /sitemap_92.xml HTTP/1.1" 200 65385 "-" "Mozilla/5.0 AppleWebKit/537.36 (KHTML, like Gecko; compatible; ClaudeBot/1.0; +claudebot@anthropic.com)"
216.73.216.220 - - [25/Apr/2026:09:25:54 -0400] "GET /sitemap_34.xml HTTP/1.1" 200 65472 "-" "Mozilla/5.0 AppleWebKit/537.36 (KHTML, like Gecko; compatible; ClaudeBot/1.0; +claudebot@anthropic.com)"
216.73.216.220 - - [25/Apr/2026:09:25:54 -0400] "GET /sitemap_1.xml HTTP/1.1" 200 53288 "-" "Mozilla/5.0 AppleWebKit/537.36 (KHTML, like Gecko; compatible; ClaudeBot/1.0; +claudebot@anthropic.com)"
216.73.216.220 - - [25/Apr/2026:09:25:55 -0400] "GET /sitemap_41.xml HTTP/1.1" 200 65641 "-" "Mozilla/5.0 AppleWebKit/537.36 (KHTML, like Gecko; compatible; ClaudeBot/1.0; +claudebot@anthropic.com)"
216.73.216.220 - - [25/Apr/2026:09:25:55 -0400] "GET /sitemap_13.xml HTTP/1.1" 200 65657 "-" "Mozilla/5.0 AppleWebKit/537.36 (KHTML, like Gecko; compatible; ClaudeBot/1.0; +claudebot@anthropic.com)"
216.73.216.220 - - [25/Apr/2026:09:25:56 -0400] "GET /sitemap_114.xml HTTP/1.1" 200 66403 "-" "Mozilla/5.0 AppleWebKit/537.36 (KHTML, like Gecko; compatible; ClaudeBot/1.0; +claudebot@anthropic.com)"
216.244.66.239 - - [25/Apr/2026:09:26:01 -0400] "GET /wp-content/uploads/2023/02/Dance-Room-us-2-272x316.webp HTTP/1.1" 200 0 "-" "Mozilla/5.0 (compatible; DotBot/1.2; +https://opensiteexplorer.org/dotbot; help@moz.com)"
216.73.216.220 - - [25/Apr/2026:09:26:09 -0400] "GET /sitemap_42.xml HTTP/1.1" 200 0 "-" "Mozilla/5.0 AppleWebKit/537.36 (KHTML, like Gecko; compatible; ClaudeBot/1.0; +claudebot@anthropic.com)"
216.73.216.220 - - [25/Apr/2026:09:26:09 -0400] "GET /sitemap_69.xml HTTP/1.1" 200 0 "-" "Mozilla/5.0 AppleWebKit/537.36 (KHTML, like Gecko; compatible; ClaudeBot/1.0; +claudebot@anthropic.com)"
216.73.216.220 - - [25/Apr/2026:09:26:19 -0400] "GET /sitemap_118.xml HTTP/1.1" 200 66319 "-" "Mozilla/5.0 AppleWebKit/537.36 (KHTML, like Gecko; compatible; ClaudeBot/1.0; +claudebot@anthropic.com)"
216.73.216.220 - - [25/Apr/2026:09:26:18 -0400] "GET /sitemap_80.xml HTTP/1.1" 200 65417 "-" "Mozilla/5.0 AppleWebKit/537.36 (KHTML, like Gecko; compatible; ClaudeBot/1.0; +claudebot@anthropic.com)"
216.73.216.220 - - [25/Apr/2026:09:26:20 -0400] "GET /sitemap_32.xml HTTP/1.1" 200 65436 "-" "Mozilla/5.0 AppleWebKit/537.36 (KHTML, like Gecko; compatible; ClaudeBot/1.0; +claudebot@anthropic.com)"
216.244.66.239 - - [25/Apr/2026:09:26:30 -0400] "GET /wp-content/uploads/2023/02/Dance-Room-us-2-360x240.webp HTTP/1.1" 200 0 "-" "Mozilla/5.0 (compatible; DotBot/1.2; +https://opensiteexplorer.org/dotbot; help@moz.com)"
216.73.216.220 - - [25/Apr/2026:09:26:35 -0400] "GET /sitemap_58.xml HTTP/1.1" 200 65455 "-" "Mozilla/5.0 AppleWebKit/537.36 (KHTML, like Gecko; compatible; ClaudeBot/1.0; +claudebot@anthropic.com)"
216.73.216.220 - - [25/Apr/2026:09:26:36 -0400] "GET /sitemap_50.xml HTTP/1.1" 200 65496 "-" "Mozilla/5.0 AppleWebKit/537.36 (KHTML, like Gecko; compatible; ClaudeBot/1.0; +claudebot@anthropic.com)"
216.73.216.220 - - [25/Apr/2026:09:26:36 -0400] "GET /sitemap_189.xml HTTP/1.1" 200 65641 "-" "Mozilla/5.0 AppleWebKit/537.36 (KHTML, like Gecko; compatible; ClaudeBot/1.0; +claudebot@anthropic.com)"
142.44.228.31 - - [25/Apr/2026:09:26:36 -0400] "GET /shop/meg/goods/61671263915 HTTP/1.1" 200 0 "-" "Mozilla/5.0 (compatible; AhrefsBot/7.0; +http://ahrefs.com/robot/)"
216.73.216.220 - - [25/Apr/2026:09:26:37 -0400] "GET /sitemap_67.xml HTTP/1.1" 200 65529 "-" "Mozilla/5.0 AppleWebKit/537.36 (KHTML, like Gecko; compatible; ClaudeBot/1.0; +claudebot@anthropic.com)"
216.73.216.220 - - [25/Apr/2026:09:26:37 -0400] "GET /sitemap_4.xml HTTP/1.1" 200 63053 "-" "Mozilla/5.0 AppleWebKit/537.36 (KHTML, like Gecko; compatible; ClaudeBot/1.0; +claudebot@anthropic.com)"
216.244.66.239 - - [25/Apr/2026:09:26:57 -0400] "GET /wp-content/uploads/2023/02/Smart-Class-Room-4-270x180.webp HTTP/1.1" 200 0 "-" "Mozilla/5.0 (compatible; DotBot/1.2; +https://opensiteexplorer.org/dotbot; help@moz.com)"
216.73.216.220 - - [25/Apr/2026:09:27:36 -0400] "GET /sitemap_248.xml HTTP/1.1" 200 65233 "-" "Mozilla/5.0 AppleWebKit/537.36 (KHTML, like Gecko; compatible; ClaudeBot/1.0; +claudebot@anthropic.com)"
216.73.216.220 - - [25/Apr/2026:09:27:36 -0400] "GET /sitemap_289.xml HTTP/1.1" 200 65498 "-" "Mozilla/5.0 AppleWebKit/537.36 (KHTML, like Gecko; compatible; ClaudeBot/1.0; +claudebot@anthropic.com)"
216.73.216.220 - - [25/Apr/2026:09:27:37 -0400] "GET /sitemap_231.xml HTTP/1.1" 200 65293 "-" "Mozilla/5.0 AppleWebKit/537.36 (KHTML, like Gecko; compatible; ClaudeBot/1.0; +claudebot@anthropic.com)"
216.73.216.220 - - [25/Apr/2026:09:27:37 -0400] "GET /sitemap_126.xml HTTP/1.1" 200 65549 "-" "Mozilla/5.0 AppleWebKit/537.36 (KHTML, like Gecko; compatible; ClaudeBot/1.0; +claudebot@anthropic.com)"
216.73.216.220 - - [25/Apr/2026:09:27:38 -0400] "GET /sitemap_147.xml HTTP/1.1" 200 65590 "-" "Mozilla/5.0 AppleWebKit/537.36 (KHTML, like Gecko; compatible; ClaudeBot/1.0; +claudebot@anthropic.com)"
216.244.66.239 - - [25/Apr/2026:09:27:39 -0400] "GET /wp-content/uploads/2023/02/Smart-Class-Room-8-170x170.webp HTTP/1.1" 200 0 "-" "Mozilla/5.0 (compatible; DotBot/1.2; +https://opensiteexplorer.org/dotbot; help@moz.com)"
216.73.216.220 - - [25/Apr/2026:09:27:44 -0400] "GET /sitemap_203.xml HTTP/1.1" 200 65853 "-" "Mozilla/5.0 AppleWebKit/537.36 (KHTML, like Gecko; compatible; ClaudeBot/1.0; +claudebot@anthropic.com)"
216.73.216.220 - - [25/Apr/2026:09:27:44 -0400] "GET /sitemap_245.xml HTTP/1.1" 200 65059 "-" "Mozilla/5.0 AppleWebKit/537.36 (KHTML, like Gecko; compatible; ClaudeBot/1.0; +claudebot@anthropic.com)"
216.73.216.220 - - [25/Apr/2026:09:27:45 -0400] "GET /sitemap_108.xml HTTP/1.1" 200 65976 "-" "Mozilla/5.0 AppleWebKit/537.36 (KHTML, like Gecko; compatible; ClaudeBot/1.0; +claudebot@anthropic.com)"
216.73.216.220 - - [25/Apr/2026:09:27:45 -0400] "GET /sitemap_295.xml HTTP/1.1" 200 65512 "-" "Mozilla/5.0 AppleWebKit/537.36 (KHTML, like Gecko; compatible; ClaudeBot/1.0; +claudebot@anthropic.com)"
216.73.216.220 - - [25/Apr/2026:09:27:46 -0400] "GET /sitemap_161.xml HTTP/1.1" 200 65510 "-" "Mozilla/5.0 AppleWebKit/537.36 (KHTML, like Gecko; compatible; ClaudeBot/1.0; +claudebot@anthropic.com)"
216.244.66.239 - - [25/Apr/2026:09:28:09 -0400] "GET /wp-content/uploads/2023/02/Transport-5-1-570x426.webp HTTP/1.1" 200 0 "-" "Mozilla/5.0 (compatible; DotBot/1.2; +https://opensiteexplorer.org/dotbot; help@moz.com)"
216.73.216.220 - - [25/Apr/2026:09:28:20 -0400] "GET /sitemap_211.xml HTTP/1.1" 200 65426 "-" "Mozilla/5.0 AppleWebKit/537.36 (KHTML, like Gecko; compatible; ClaudeBot/1.0; +claudebot@anthropic.com)"
216.73.216.220 - - [25/Apr/2026:09:28:20 -0400] "GET /sitemap_156.xml HTTP/1.1" 200 65492 "-" "Mozilla/5.0 AppleWebKit/537.36 (KHTML, like Gecko; compatible; ClaudeBot/1.0; +claudebot@anthropic.com)"
216.73.216.220 - - [25/Apr/2026:09:28:21 -0400] "GET /sitemap_171.xml HTTP/1.1" 200 65692 "-" "Mozilla/5.0 AppleWebKit/537.36 (KHTML, like Gecko; compatible; ClaudeBot/1.0; +claudebot@anthropic.com)"
216.73.216.220 - - [25/Apr/2026:09:28:21 -0400] "GET /sitemap_142.xml HTTP/1.1" 200 65730 "-" "Mozilla/5.0 AppleWebKit/537.36 (KHTML, like Gecko; compatible; ClaudeBot/1.0; +claudebot@anthropic.com)"
216.73.216.220 - - [25/Apr/2026:09:28:22 -0400] "GET /sitemap_183.xml HTTP/1.1" 200 65708 "-" "Mozilla/5.0 AppleWebKit/537.36 (KHTML, like Gecko; compatible; ClaudeBot/1.0; +claudebot@anthropic.com)"
216.73.216.220 - - [25/Apr/2026:09:28:27 -0400] "GET /sitemap_273.xml HTTP/1.1" 200 65570 "-" "Mozilla/5.0 AppleWebKit/537.36 (KHTML, like Gecko; compatible; ClaudeBot/1.0; +claudebot@anthropic.com)"
216.73.216.220 - - [25/Apr/2026:09:28:27 -0400] "GET /sitemap_206.xml HTTP/1.1" 200 65568 "-" "Mozilla/5.0 AppleWebKit/537.36 (KHTML, like Gecko; compatible; ClaudeBot/1.0; +claudebot@anthropic.com)"
216.73.216.220 - - [25/Apr/2026:09:28:28 -0400] "GET /sitemap_105.xml HTTP/1.1" 200 65823 "-" "Mozilla/5.0 AppleWebKit/537.36 (KHTML, like Gecko; compatible; ClaudeBot/1.0; +claudebot@anthropic.com)"
216.73.216.220 - - [25/Apr/2026:09:28:28 -0400] "GET /sitemap_141.xml HTTP/1.1" 200 65591 "-" "Mozilla/5.0 AppleWebKit/537.36 (KHTML, like Gecko; compatible; ClaudeBot/1.0; +claudebot@anthropic.com)"
216.73.216.220 - - [25/Apr/2026:09:28:29 -0400] "GET /sitemap_140.xml HTTP/1.1" 200 65691 "-" "Mozilla/5.0 AppleWebKit/537.36 (KHTML, like Gecko; compatible; ClaudeBot/1.0; +claudebot@anthropic.com)"
216.244.66.239 - - [25/Apr/2026:09:28:38 -0400] "GET /wp-content/uploads/2023/02/Yoga-room-1-170x170.webp HTTP/1.1" 200 0 "-" "Mozilla/5.0 (compatible; DotBot/1.2; +https://opensiteexplorer.org/dotbot; help@moz.com)"
216.244.66.239 - - [25/Apr/2026:09:29:05 -0400] "GET /wp-content/uploads/2023/02/toy-room-2-500x400.webp HTTP/1.1" 200 0 "-" "Mozilla/5.0 (compatible; DotBot/1.2; +https://opensiteexplorer.org/dotbot; help@moz.com)"
216.73.216.220 - - [25/Apr/2026:09:29:28 -0400] "GET /sitemap_204.xml HTTP/1.1" 200 65543 "-" "Mozilla/5.0 AppleWebKit/537.36 (KHTML, like Gecko; compatible; ClaudeBot/1.0; +claudebot@anthropic.com)"
216.73.216.220 - - [25/Apr/2026:09:29:28 -0400] "GET /sitemap_216.xml HTTP/1.1" 200 65367 "-" "Mozilla/5.0 AppleWebKit/537.36 (KHTML, like Gecko; compatible; ClaudeBot/1.0; +claudebot@anthropic.com)"
216.73.216.220 - - [25/Apr/2026:09:29:29 -0400] "GET /sitemap_193.xml HTTP/1.1" 200 65587 "-" "Mozilla/5.0 AppleWebKit/537.36 (KHTML, like Gecko; compatible; ClaudeBot/1.0; +claudebot@anthropic.com)"
216.73.216.220 - - [25/Apr/2026:09:29:29 -0400] "GET /sitemap_242.xml HTTP/1.1" 200 65262 "-" "Mozilla/5.0 AppleWebKit/537.36 (KHTML, like Gecko; compatible; ClaudeBot/1.0; +claudebot@anthropic.com)"
216.73.216.220 - - [25/Apr/2026:09:29:30 -0400] "GET /sitemap_110.xml HTTP/1.1" 200 65887 "-" "Mozilla/5.0 AppleWebKit/537.36 (KHTML, like Gecko; compatible; ClaudeBot/1.0; +claudebot@anthropic.com)"
216.244.66.239 - - [25/Apr/2026:09:29:34 -0400] "GET /wp-content/uploads/2023/02/us-ostwal-img-7-570x530.webp HTTP/1.1" 200 0 "-" "Mozilla/5.0 (compatible; DotBot/1.2; +https://opensiteexplorer.org/dotbot; help@moz.com)"
216.73.216.220 - - [25/Apr/2026:09:29:44 -0400] "GET /sitemap_220.xml HTTP/1.1" 200 65342 "-" "Mozilla/5.0 AppleWebKit/537.36 (KHTML, like Gecko; compatible; ClaudeBot/1.0; +claudebot@anthropic.com)"
216.73.216.220 - - [25/Apr/2026:09:29:44 -0400] "GET /sitemap_299.xml HTTP/1.1" 200 65242 "-" "Mozilla/5.0 AppleWebKit/537.36 (KHTML, like Gecko; compatible; ClaudeBot/1.0; +claudebot@anthropic.com)"
216.73.216.220 - - [25/Apr/2026:09:29:44 -0400] "GET /sitemap_170.xml HTTP/1.1" 200 65604 "-" "Mozilla/5.0 AppleWebKit/537.36 (KHTML, like Gecko; compatible; ClaudeBot/1.0; +claudebot@anthropic.com)"
216.73.216.220 - - [25/Apr/2026:09:29:45 -0400] "GET /sitemap_234.xml HTTP/1.1" 200 65104 "-" "Mozilla/5.0 AppleWebKit/537.36 (KHTML, like Gecko; compatible; ClaudeBot/1.0; +claudebot@anthropic.com)"
216.73.216.220 - - [25/Apr/2026:09:29:45 -0400] "GET /sitemap_281.xml HTTP/1.1" 200 65461 "-" "Mozilla/5.0 AppleWebKit/537.36 (KHTML, like Gecko; compatible; ClaudeBot/1.0; +claudebot@anthropic.com)"
216.244.66.239 - - [25/Apr/2026:09:29:59 -0400] "GET /wp-content/uploads/2023/03/Basket-Ball-2-570x464.webp HTTP/1.1" 200 0 "-" "Mozilla/5.0 (compatible; DotBot/1.2; +https://opensiteexplorer.org/dotbot; help@moz.com)"
216.73.216.220 - - [25/Apr/2026:09:30:15 -0400] "GET /sitemap_230.xml HTTP/1.1" 200 0 "-" "Mozilla/5.0 AppleWebKit/537.36 (KHTML, like Gecko; compatible; ClaudeBot/1.0; +claudebot@anthropic.com)"
216.73.216.220 - - [25/Apr/2026:09:30:15 -0400] "GET /sitemap_158.xml HTTP/1.1" 200 0 "-" "Mozilla/5.0 AppleWebKit/537.36 (KHTML, like Gecko; compatible; ClaudeBot/1.0; +claudebot@anthropic.com)"
216.244.66.239 - - [25/Apr/2026:09:30:24 -0400] "GET /wp-content/uploads/2023/03/Health-4-1152x1536.jpg HTTP/1.1" 200 0 "-" "Mozilla/5.0 (compatible; DotBot/1.2; +https://opensiteexplorer.org/dotbot; help@moz.com)"
216.73.216.220 - - [25/Apr/2026:09:30:25 -0400] "GET /sitemap_127.xml HTTP/1.1" 200 65553 "-" "Mozilla/5.0 AppleWebKit/537.36 (KHTML, like Gecko; compatible; ClaudeBot/1.0; +claudebot@anthropic.com)"
216.73.216.220 - - [25/Apr/2026:09:30:25 -0400] "GET /sitemap.xml HTTP/1.1" 200 53309 "-" "Mozilla/5.0 AppleWebKit/537.36 (KHTML, like Gecko; compatible; ClaudeBot/1.0; +claudebot@anthropic.com)"
216.73.216.220 - - [25/Apr/2026:09:30:26 -0400] "GET /sitemap_148.xml HTTP/1.1" 200 65588 "-" "Mozilla/5.0 AppleWebKit/537.36 (KHTML, like Gecko; compatible; ClaudeBot/1.0; +claudebot@anthropic.com)"
216.73.216.220 - - [25/Apr/2026:09:30:27 -0400] "GET /sitemap_300.xml HTTP/1.1" 200 65308 "-" "Mozilla/5.0 AppleWebKit/537.36 (KHTML, like Gecko; compatible; ClaudeBot/1.0; +claudebot@anthropic.com)"
216.73.216.220 - - [25/Apr/2026:09:30:28 -0400] "GET /sitemap_195.xml HTTP/1.1" 200 65533 "-" "Mozilla/5.0 AppleWebKit/537.36 (KHTML, like Gecko; compatible; ClaudeBot/1.0; +claudebot@anthropic.com)"
216.73.216.220 - - [25/Apr/2026:09:30:29 -0400] "GET /sitemap_224.xml HTTP/1.1" 200 66034 "-" "Mozilla/5.0 AppleWebKit/537.36 (KHTML, like Gecko; compatible; ClaudeBot/1.0; +claudebot@anthropic.com)"
216.73.216.220 - - [25/Apr/2026:09:30:29 -0400] "GET /sitemap_292.xml HTTP/1.1" 200 65354 "-" "Mozilla/5.0 AppleWebKit/537.36 (KHTML, like Gecko; compatible; ClaudeBot/1.0; +claudebot@anthropic.com)"
216.73.216.220 - - [25/Apr/2026:09:30:30 -0400] "GET /sitemap_121.xml HTTP/1.1" 200 65857 "-" "Mozilla/5.0 AppleWebKit/537.36 (KHTML, like Gecko; compatible; ClaudeBot/1.0; +claudebot@anthropic.com)"
216.244.66.239 - - [25/Apr/2026:09:30:49 -0400] "GET /wp-content/uploads/2023/03/Horse-Riding-1-570x320.webp HTTP/1.1" 200 0 "-" "Mozilla/5.0 (compatible; DotBot/1.2; +https://opensiteexplorer.org/dotbot; help@moz.com)"
216.73.216.220 - - [25/Apr/2026:09:31:03 -0400] "GET /sitemap_154.xml HTTP/1.1" 200 65641 "-" "Mozilla/5.0 AppleWebKit/537.36 (KHTML, like Gecko; compatible; ClaudeBot/1.0; +claudebot@anthropic.com)"
