144.76.32.241 - - [25/Apr/2026:13:04:19 -0400] "GET /shop/srs/goods/61692060006 HTTP/1.1" 200 30710 "-" "Mozilla/5.0 (compatible; SERankingBacklinksBot/1.0; +https://seranking.com/backlinks-crawler)"
144.76.32.241 - - [25/Apr/2026:13:04:23 -0400] "GET /shop/our/goods/61671072638 HTTP/1.1" 200 32455 "-" "Mozilla/5.0 (compatible; SERankingBacklinksBot/1.0; +https://seranking.com/backlinks-crawler)"
144.76.32.241 - - [25/Apr/2026:13:04:27 -0400] "GET /shop/srs/goods/61692139954 HTTP/1.1" 200 33087 "-" "Mozilla/5.0 (compatible; SERankingBacklinksBot/1.0; +https://seranking.com/backlinks-crawler)"
144.76.32.241 - - [25/Apr/2026:13:04:31 -0400] "GET /shop/our/goods/61671092625 HTTP/1.1" 200 31689 "-" "Mozilla/5.0 (compatible; SERankingBacklinksBot/1.0; +https://seranking.com/backlinks-crawler)"
144.76.32.241 - - [25/Apr/2026:13:04:34 -0400] "GET /shop/srs/goods/61692159941 HTTP/1.1" 200 31252 "-" "Mozilla/5.0 (compatible; SERankingBacklinksBot/1.0; +https://seranking.com/backlinks-crawler)"
144.76.32.241 - - [25/Apr/2026:13:04:38 -0400] "GET /shop/our/goods/61671252521 HTTP/1.1" 200 33474 "-" "Mozilla/5.0 (compatible; SERankingBacklinksBot/1.0; +https://seranking.com/backlinks-crawler)"
144.76.32.241 - - [25/Apr/2026:13:04:42 -0400] "GET /shop/srs/goods/61702270841 HTTP/1.1" 200 31727 "-" "Mozilla/5.0 (compatible; SERankingBacklinksBot/1.0; +https://seranking.com/backlinks-crawler)"
144.76.32.241 - - [25/Apr/2026:13:04:46 -0400] "GET /shop/our/goods/61671272508 HTTP/1.1" 200 30950 "-" "Mozilla/5.0 (compatible; SERankingBacklinksBot/1.0; +https://seranking.com/backlinks-crawler)"
144.76.32.241 - - [25/Apr/2026:13:04:51 -0400] "GET /shop/srs/goods/61702310815 HTTP/1.1" 200 31409 "-" "Mozilla/5.0 (compatible; SERankingBacklinksBot/1.0; +https://seranking.com/backlinks-crawler)"
144.76.32.241 - - [25/Apr/2026:13:04:55 -0400] "GET /shop/our/goods/61671432404 HTTP/1.1" 200 34665 "-" "Mozilla/5.0 (compatible; SERankingBacklinksBot/1.0; +https://seranking.com/backlinks-crawler)"
144.76.32.241 - - [25/Apr/2026:13:04:58 -0400] "GET /shop/srs/goods/61702410750 HTTP/1.1" 200 31169 "-" "Mozilla/5.0 (compatible; SERankingBacklinksBot/1.0; +https://seranking.com/backlinks-crawler)"
144.76.32.241 - - [25/Apr/2026:13:05:02 -0400] "GET /shop/our/goods/61691714165 HTTP/1.1" 200 31305 "-" "Mozilla/5.0 (compatible; SERankingBacklinksBot/1.0; +https://seranking.com/backlinks-crawler)"
144.76.32.241 - - [25/Apr/2026:13:05:06 -0400] "GET /shop/srs/goods/61702430737 HTTP/1.1" 200 31743 "-" "Mozilla/5.0 (compatible; SERankingBacklinksBot/1.0; +https://seranking.com/backlinks-crawler)"
144.76.32.241 - - [25/Apr/2026:13:05:10 -0400] "GET /shop/our/goods/61691794113 HTTP/1.1" 200 31820 "-" "Mozilla/5.0 (compatible; SERankingBacklinksBot/1.0; +https://seranking.com/backlinks-crawler)"
144.76.32.241 - - [25/Apr/2026:13:05:14 -0400] "GET /shop/srs/goods/61702490698 HTTP/1.1" 200 32129 "-" "Mozilla/5.0 (compatible; SERankingBacklinksBot/1.0; +https://seranking.com/backlinks-crawler)"
144.76.32.241 - - [25/Apr/2026:13:05:18 -0400] "GET /shop/our/goods/61691814100 HTTP/1.1" 200 31453 "-" "Mozilla/5.0 (compatible; SERankingBacklinksBot/1.0; +https://seranking.com/backlinks-crawler)"
144.76.32.241 - - [25/Apr/2026:13:05:22 -0400] "GET /shop/srs/goods/61702670581 HTTP/1.1" 200 31953 "-" "Mozilla/5.0 (compatible; SERankingBacklinksBot/1.0; +https://seranking.com/backlinks-crawler)"
144.76.32.241 - - [25/Apr/2026:13:05:27 -0400] "GET /shop/our/goods/61691874061 HTTP/1.1" 200 31829 "-" "Mozilla/5.0 (compatible; SERankingBacklinksBot/1.0; +https://seranking.com/backlinks-crawler)"
144.76.32.241 - - [25/Apr/2026:13:05:31 -0400] "GET /shop/srs/goods/61702710555 HTTP/1.1" 200 32917 "-" "Mozilla/5.0 (compatible; SERankingBacklinksBot/1.0; +https://seranking.com/backlinks-crawler)"
144.76.32.241 - - [25/Apr/2026:13:05:36 -0400] "GET /shop/our/goods/61691934022 HTTP/1.1" 200 31659 "-" "Mozilla/5.0 (compatible; SERankingBacklinksBot/1.0; +https://seranking.com/backlinks-crawler)"
144.76.32.241 - - [25/Apr/2026:13:05:40 -0400] "GET /shop/ssa/goods/61671061840 HTTP/1.1" 200 31401 "-" "Mozilla/5.0 (compatible; SERankingBacklinksBot/1.0; +https://seranking.com/backlinks-crawler)"
144.76.32.241 - - [25/Apr/2026:13:05:44 -0400] "GET /shop/our/goods/61692133892 HTTP/1.1" 200 32237 "-" "Mozilla/5.0 (compatible; SERankingBacklinksBot/1.0; +https://seranking.com/backlinks-crawler)"
66.249.66.200 - - [25/Apr/2026:13:05:46 -0400] "GET /?shop/nel/goods/6165592974 HTTP/1.1" 200 26483 "-" "Mozilla/5.0 (Linux; Android 6.0.1; Nexus 5X Build/MMB29P) AppleWebKit/537.36 (KHTML, like Gecko) Chrome/146.0.7680.177 Mobile Safari/537.36 (compatible; Googlebot/2.1; +http://www.google.com/bot.html)"
144.76.32.241 - - [25/Apr/2026:13:05:48 -0400] "GET /shop/ssa/goods/61671181762 HTTP/1.1" 200 32187 "-" "Mozilla/5.0 (compatible; SERankingBacklinksBot/1.0; +https://seranking.com/backlinks-crawler)"
144.76.32.241 - - [25/Apr/2026:13:05:52 -0400] "GET /shop/our/goods/61692153879 HTTP/1.1" 200 31218 "-" "Mozilla/5.0 (compatible; SERankingBacklinksBot/1.0; +https://seranking.com/backlinks-crawler)"
144.76.32.241 - - [25/Apr/2026:13:05:56 -0400] "GET /shop/ssa/goods/61671261710 HTTP/1.1" 200 31240 "-" "Mozilla/5.0 (compatible; SERankingBacklinksBot/1.0; +https://seranking.com/backlinks-crawler)"
144.76.32.241 - - [25/Apr/2026:13:06:00 -0400] "GET /shop/our/goods/61692173866 HTTP/1.1" 200 31902 "-" "Mozilla/5.0 (compatible; SERankingBacklinksBot/1.0; +https://seranking.com/backlinks-crawler)"
144.76.32.241 - - [25/Apr/2026:13:06:04 -0400] "GET /shop/ssa/goods/61671281697 HTTP/1.1" 200 31679 "-" "Mozilla/5.0 (compatible; SERankingBacklinksBot/1.0; +https://seranking.com/backlinks-crawler)"
144.76.32.241 - - [25/Apr/2026:13:06:08 -0400] "GET /shop/our/goods/61692193853 HTTP/1.1" 200 31925 "-" "Mozilla/5.0 (compatible; SERankingBacklinksBot/1.0; +https://seranking.com/backlinks-crawler)"
144.76.32.241 - - [25/Apr/2026:13:06:12 -0400] "GET /shop/ssa/goods/61671301684 HTTP/1.1" 200 31503 "-" "Mozilla/5.0 (compatible; SERankingBacklinksBot/1.0; +https://seranking.com/backlinks-crawler)"
144.76.32.241 - - [25/Apr/2026:13:06:16 -0400] "GET /shop/our/goods/61702244792 HTTP/1.1" 200 32695 "-" "Mozilla/5.0 (compatible; SERankingBacklinksBot/1.0; +https://seranking.com/backlinks-crawler)"
144.76.32.241 - - [25/Apr/2026:13:06:20 -0400] "GET /shop/ssa/goods/61671381632 HTTP/1.1" 200 31259 "-" "Mozilla/5.0 (compatible; SERankingBacklinksBot/1.0; +https://seranking.com/backlinks-crawler)"
144.76.32.241 - - [25/Apr/2026:13:06:24 -0400] "GET /shop/our/goods/61702444662 HTTP/1.1" 200 32585 "-" "Mozilla/5.0 (compatible; SERankingBacklinksBot/1.0; +https://seranking.com/backlinks-crawler)"
144.76.32.241 - - [25/Apr/2026:13:06:28 -0400] "GET /shop/ssa/goods/61681552493 HTTP/1.1" 200 32389 "-" "Mozilla/5.0 (compatible; SERankingBacklinksBot/1.0; +https://seranking.com/backlinks-crawler)"
144.76.32.241 - - [25/Apr/2026:13:06:33 -0400] "GET /shop/our/goods/61702524610 HTTP/1.1" 200 31220 "-" "Mozilla/5.0 (compatible; SERankingBacklinksBot/1.0; +https://seranking.com/backlinks-crawler)"
144.76.32.241 - - [25/Apr/2026:13:06:37 -0400] "GET /shop/ssa/goods/61681712389 HTTP/1.1" 200 33159 "-" "Mozilla/5.0 (compatible; SERankingBacklinksBot/1.0; +https://seranking.com/backlinks-crawler)"
144.76.32.241 - - [25/Apr/2026:13:06:41 -0400] "GET /shop/our/goods/61702564584 HTTP/1.1" 200 32826 "-" "Mozilla/5.0 (compatible; SERankingBacklinksBot/1.0; +https://seranking.com/backlinks-crawler)"
144.76.32.241 - - [25/Apr/2026:13:06:46 -0400] "GET /shop/ssa/goods/61691863263 HTTP/1.1" 200 31430 "-" "Mozilla/5.0 (compatible; SERankingBacklinksBot/1.0; +https://seranking.com/backlinks-crawler)"
144.76.32.241 - - [25/Apr/2026:13:06:50 -0400] "GET /shop/ours/goods/6164105817 HTTP/1.1" 200 32725 "-" "Mozilla/5.0 (compatible; SERankingBacklinksBot/1.0; +https://seranking.com/backlinks-crawler)"
144.76.32.241 - - [25/Apr/2026:13:06:54 -0400] "GET /shop/ssa/goods/61691923224 HTTP/1.1" 200 31870 "-" "Mozilla/5.0 (compatible; SERankingBacklinksBot/1.0; +https://seranking.com/backlinks-crawler)"
144.76.32.241 - - [25/Apr/2026:13:06:58 -0400] "GET /shop/ours/goods/6164205752 HTTP/1.1" 200 32052 "-" "Mozilla/5.0 (compatible; SERankingBacklinksBot/1.0; +https://seranking.com/backlinks-crawler)"
144.76.32.241 - - [25/Apr/2026:13:07:02 -0400] "GET /shop/ssa/goods/61692003172 HTTP/1.1" 200 31552 "-" "Mozilla/5.0 (compatible; SERankingBacklinksBot/1.0; +https://seranking.com/backlinks-crawler)"
144.76.32.241 - - [25/Apr/2026:13:07:06 -0400] "GET /shop/ours/goods/6165416587 HTTP/1.1" 200 33697 "-" "Mozilla/5.0 (compatible; SERankingBacklinksBot/1.0; +https://seranking.com/backlinks-crawler)"
144.76.32.241 - - [25/Apr/2026:13:07:10 -0400] "GET /shop/ssa/goods/61692023159 HTTP/1.1" 200 31139 "-" "Mozilla/5.0 (compatible; SERankingBacklinksBot/1.0; +https://seranking.com/backlinks-crawler)"
144.76.32.241 - - [25/Apr/2026:13:07:14 -0400] "GET /shop/ours/goods/6165536509 HTTP/1.1" 200 32452 "-" "Mozilla/5.0 (compatible; SERankingBacklinksBot/1.0; +https://seranking.com/backlinks-crawler)"
144.76.32.241 - - [25/Apr/2026:13:07:18 -0400] "GET /shop/ssa/goods/61692043146 HTTP/1.1" 200 32559 "-" "Mozilla/5.0 (compatible; SERankingBacklinksBot/1.0; +https://seranking.com/backlinks-crawler)"
144.76.32.241 - - [25/Apr/2026:13:07:22 -0400] "GET /shop/ours/goods/6165696405 HTTP/1.1" 200 31528 "-" "Mozilla/5.0 (compatible; SERankingBacklinksBot/1.0; +https://seranking.com/backlinks-crawler)"
144.76.32.241 - - [25/Apr/2026:13:07:26 -0400] "GET /shop/ssa/goods/61692103107 HTTP/1.1" 200 31820 "-" "Mozilla/5.0 (compatible; SERankingBacklinksBot/1.0; +https://seranking.com/backlinks-crawler)"
144.76.32.241 - - [25/Apr/2026:13:07:30 -0400] "GET /shop/out/goods/61671157029 HTTP/1.1" 200 31180 "-" "Mozilla/5.0 (compatible; SERankingBacklinksBot/1.0; +https://seranking.com/backlinks-crawler)"
144.76.32.241 - - [25/Apr/2026:13:07:34 -0400] "GET /shop/ssa/goods/61692123094 HTTP/1.1" 200 31574 "-" "Mozilla/5.0 (compatible; SERankingBacklinksBot/1.0; +https://seranking.com/backlinks-crawler)"
144.76.32.241 - - [25/Apr/2026:13:07:38 -0400] "GET /shop/out/goods/61671177016 HTTP/1.1" 200 31811 "-" "Mozilla/5.0 (compatible; SERankingBacklinksBot/1.0; +https://seranking.com/backlinks-crawler)"
144.76.32.241 - - [25/Apr/2026:13:07:42 -0400] "GET /shop/ssa/goods/61692183055 HTTP/1.1" 200 31015 "-" "Mozilla/5.0 (compatible; SERankingBacklinksBot/1.0; +https://seranking.com/backlinks-crawler)"
144.76.32.241 - - [25/Apr/2026:13:07:46 -0400] "GET /shop/out/goods/61671236977 HTTP/1.1" 200 31373 "-" "Mozilla/5.0 (compatible; SERankingBacklinksBot/1.0; +https://seranking.com/backlinks-crawler)"
144.76.32.241 - - [25/Apr/2026:13:07:51 -0400] "GET /shop/ssa/goods/61702233994 HTTP/1.1" 200 31298 "-" "Mozilla/5.0 (compatible; SERankingBacklinksBot/1.0; +https://seranking.com/backlinks-crawler)"
144.76.32.241 - - [25/Apr/2026:13:07:55 -0400] "GET /shop/out/goods/61671256964 HTTP/1.1" 200 31487 "-" "Mozilla/5.0 (compatible; SERankingBacklinksBot/1.0; +https://seranking.com/backlinks-crawler)"
144.76.32.241 - - [25/Apr/2026:13:08:00 -0400] "GET /shop/ssa/goods/61702273968 HTTP/1.1" 200 31797 "-" "Mozilla/5.0 (compatible; SERankingBacklinksBot/1.0; +https://seranking.com/backlinks-crawler)"
144.76.32.241 - - [25/Apr/2026:13:08:04 -0400] "GET /shop/out/goods/61671436847 HTTP/1.1" 200 34226 "-" "Mozilla/5.0 (compatible; SERankingBacklinksBot/1.0; +https://seranking.com/backlinks-crawler)"
144.76.32.241 - - [25/Apr/2026:13:08:08 -0400] "GET /shop/ssa/goods/61702313942 HTTP/1.1" 200 31865 "-" "Mozilla/5.0 (compatible; SERankingBacklinksBot/1.0; +https://seranking.com/backlinks-crawler)"
144.76.32.241 - - [25/Apr/2026:13:08:12 -0400] "GET /shop/out/goods/61681487786 HTTP/1.1" 200 31862 "-" "Mozilla/5.0 (compatible; SERankingBacklinksBot/1.0; +https://seranking.com/backlinks-crawler)"
144.76.32.241 - - [25/Apr/2026:13:08:16 -0400] "GET /shop/ssa/goods/61702373903 HTTP/1.1" 200 31067 "-" "Mozilla/5.0 (compatible; SERankingBacklinksBot/1.0; +https://seranking.com/backlinks-crawler)"
144.76.32.241 - - [25/Apr/2026:13:08:20 -0400] "GET /shop/out/goods/61681607708 HTTP/1.1" 200 32560 "-" "Mozilla/5.0 (compatible; SERankingBacklinksBot/1.0; +https://seranking.com/backlinks-crawler)"
111.225.148.80 - - [25/Apr/2026:13:08:24 -0400] "GET /robots.txt HTTP/1.1" 200 105 "-" "Mozilla/5.0 (Linux; Android 5.0) AppleWebKit/537.36 (KHTML, like Gecko) Mobile Safari/537.36 (compatible; Bytespider; https://zhanzhang.toutiao.com/)"
144.76.32.241 - - [25/Apr/2026:13:08:24 -0400] "GET /shop/ssa/goods/61702673708 HTTP/1.1" 200 31568 "-" "Mozilla/5.0 (compatible; SERankingBacklinksBot/1.0; +https://seranking.com/backlinks-crawler)"
144.76.32.241 - - [25/Apr/2026:13:08:29 -0400] "GET /shop/out/goods/61681707643 HTTP/1.1" 200 35662 "-" "Mozilla/5.0 (compatible; SERankingBacklinksBot/1.0; +https://seranking.com/backlinks-crawler)"
66.249.66.200 - - [25/Apr/2026:13:08:32 -0400] "GET /?shop/deciding/goods/61681525200 HTTP/1.1" 200 27553 "-" "Mozilla/5.0 (Linux; Android 6.0.1; Nexus 5X Build/MMB29P) AppleWebKit/537.36 (KHTML, like Gecko) Chrome/146.0.7680.177 Mobile Safari/537.36 (compatible; Googlebot/2.1; +http://www.google.com/bot.html)"
144.76.32.241 - - [25/Apr/2026:13:08:33 -0400] "GET /shop/ssh/goods/61671032538 HTTP/1.1" 200 30984 "-" "Mozilla/5.0 (compatible; SERankingBacklinksBot/1.0; +https://seranking.com/backlinks-crawler)"
144.76.32.241 - - [25/Apr/2026:13:08:37 -0400] "GET /shop/out/goods/61691958452 HTTP/1.1" 200 32153 "-" "Mozilla/5.0 (compatible; SERankingBacklinksBot/1.0; +https://seranking.com/backlinks-crawler)"
144.76.32.241 - - [25/Apr/2026:13:08:41 -0400] "GET /shop/ssh/goods/61671052525 HTTP/1.1" 200 31572 "-" "Mozilla/5.0 (compatible; SERankingBacklinksBot/1.0; +https://seranking.com/backlinks-crawler)"
144.76.32.241 - - [25/Apr/2026:13:08:45 -0400] "GET /shop/out/goods/61692018413 HTTP/1.1" 200 31550 "-" "Mozilla/5.0 (compatible; SERankingBacklinksBot/1.0; +https://seranking.com/backlinks-crawler)"
144.76.32.241 - - [25/Apr/2026:13:08:49 -0400] "GET /shop/ssh/goods/61671092499 HTTP/1.1" 200 32121 "-" "Mozilla/5.0 (compatible; SERankingBacklinksBot/1.0; +https://seranking.com/backlinks-crawler)"
144.76.32.241 - - [25/Apr/2026:13:08:52 -0400] "GET /shop/out/goods/61692038400 HTTP/1.1" 200 30990 "-" "Mozilla/5.0 (compatible; SERankingBacklinksBot/1.0; +https://seranking.com/backlinks-crawler)"
144.76.32.241 - - [25/Apr/2026:13:08:56 -0400] "GET /shop/ssh/goods/61671212421 HTTP/1.1" 200 33718 "-" "Mozilla/5.0 (compatible; SERankingBacklinksBot/1.0; +https://seranking.com/backlinks-crawler)"
144.76.32.241 - - [25/Apr/2026:13:09:00 -0400] "GET /shop/out/goods/61692138335 HTTP/1.1" 200 31364 "-" "Mozilla/5.0 (compatible; SERankingBacklinksBot/1.0; +https://seranking.com/backlinks-crawler)"
144.76.32.241 - - [25/Apr/2026:13:09:04 -0400] "GET /shop/ssh/goods/61671272382 HTTP/1.1" 200 31947 "-" "Mozilla/5.0 (compatible; SERankingBacklinksBot/1.0; +https://seranking.com/backlinks-crawler)"
144.76.32.241 - - [25/Apr/2026:13:09:09 -0400] "GET /shop/out/goods/61692178309 HTTP/1.1" 200 31456 "-" "Mozilla/5.0 (compatible; SERankingBacklinksBot/1.0; +https://seranking.com/backlinks-crawler)"
144.76.32.241 - - [25/Apr/2026:13:09:14 -0400] "GET /shop/ssh/goods/61671312356 HTTP/1.1" 200 31392 "-" "Mozilla/5.0 (compatible; SERankingBacklinksBot/1.0; +https://seranking.com/backlinks-crawler)"
144.76.32.241 - - [25/Apr/2026:13:09:18 -0400] "GET /shop/out/goods/61692198296 HTTP/1.1" 200 31602 "-" "Mozilla/5.0 (compatible; SERankingBacklinksBot/1.0; +https://seranking.com/backlinks-crawler)"
144.76.32.241 - - [25/Apr/2026:13:09:22 -0400] "GET /shop/ssh/goods/61671392304 HTTP/1.1" 200 31276 "-" "Mozilla/5.0 (compatible; SERankingBacklinksBot/1.0; +https://seranking.com/backlinks-crawler)"
144.76.32.241 - - [25/Apr/2026:13:09:26 -0400] "GET /shop/out/goods/61702369157 HTTP/1.1" 200 31829 "-" "Mozilla/5.0 (compatible; SERankingBacklinksBot/1.0; +https://seranking.com/backlinks-crawler)"
144.76.32.241 - - [25/Apr/2026:13:09:30 -0400] "GET /shop/ssh/goods/61681443243 HTTP/1.1" 200 32772 "-" "Mozilla/5.0 (compatible; SERankingBacklinksBot/1.0; +https://seranking.com/backlinks-crawler)"
144.76.32.241 - - [25/Apr/2026:13:09:34 -0400] "GET /shop/out/goods/61702529053 HTTP/1.1" 200 32155 "-" "Mozilla/5.0 (compatible; SERankingBacklinksBot/1.0; +https://seranking.com/backlinks-crawler)"
144.76.32.241 - - [25/Apr/2026:13:09:38 -0400] "GET /shop/ssh/goods/61681503204 HTTP/1.1" 200 33788 "-" "Mozilla/5.0 (compatible; SERankingBacklinksBot/1.0; +https://seranking.com/backlinks-crawler)"
144.76.32.241 - - [25/Apr/2026:13:09:43 -0400] "GET /shop/out/goods/61702549040 HTTP/1.1" 200 32465 "-" "Mozilla/5.0 (compatible; SERankingBacklinksBot/1.0; +https://seranking.com/backlinks-crawler)"
144.76.32.241 - - [25/Apr/2026:13:09:47 -0400] "GET /shop/ssh/goods/61681543178 HTTP/1.1" 200 32699 "-" "Mozilla/5.0 (compatible; SERankingBacklinksBot/1.0; +https://seranking.com/backlinks-crawler)"
144.76.32.241 - - [25/Apr/2026:13:09:51 -0400] "GET /shop/out/goods/61702708936 HTTP/1.1" 200 32031 "-" "Mozilla/5.0 (compatible; SERankingBacklinksBot/1.0; +https://seranking.com/backlinks-crawler)"
144.76.32.241 - - [25/Apr/2026:13:09:55 -0400] "GET /shop/ssh/goods/61681583152 HTTP/1.1" 200 33252 "-" "Mozilla/5.0 (compatible; SERankingBacklinksBot/1.0; +https://seranking.com/backlinks-crawler)"
144.76.32.241 - - [25/Apr/2026:13:09:59 -0400] "GET /shop/outer/goods/616438400 HTTP/1.1" 200 32803 "-" "Mozilla/5.0 (compatible; SERankingBacklinksBot/1.0; +https://seranking.com/backlinks-crawler)"
144.76.32.241 - - [25/Apr/2026:13:10:04 -0400] "GET /shop/ssh/goods/61681623126 HTTP/1.1" 200 33547 "-" "Mozilla/5.0 (compatible; SERankingBacklinksBot/1.0; +https://seranking.com/backlinks-crawler)"
144.76.32.241 - - [25/Apr/2026:13:10:08 -0400] "GET /shop/outs/goods/6164106873 HTTP/1.1" 200 32140 "-" "Mozilla/5.0 (compatible; SERankingBacklinksBot/1.0; +https://seranking.com/backlinks-crawler)"
144.76.32.241 - - [25/Apr/2026:13:10:12 -0400] "GET /shop/ssh/goods/61681643113 HTTP/1.1" 200 32811 "-" "Mozilla/5.0 (compatible; SERankingBacklinksBot/1.0; +https://seranking.com/backlinks-crawler)"
144.76.32.241 - - [25/Apr/2026:13:10:16 -0400] "GET /shop/outs/goods/6164166834 HTTP/1.1" 200 32585 "-" "Mozilla/5.0 (compatible; SERankingBacklinksBot/1.0; +https://seranking.com/backlinks-crawler)"
144.76.32.241 - - [25/Apr/2026:13:10:21 -0400] "GET /shop/ssh/goods/61691833961 HTTP/1.1" 200 30698 "-" "Mozilla/5.0 (compatible; SERankingBacklinksBot/1.0; +https://seranking.com/backlinks-crawler)"
144.76.32.241 - - [25/Apr/2026:13:10:25 -0400] "GET /shop/outs/goods/6164186821 HTTP/1.1" 200 32768 "-" "Mozilla/5.0 (compatible; SERankingBacklinksBot/1.0; +https://seranking.com/backlinks-crawler)"
144.76.32.241 - - [25/Apr/2026:13:10:29 -0400] "GET /shop/ssh/goods/61692053818 HTTP/1.1" 200 31400 "-" "Mozilla/5.0 (compatible; SERankingBacklinksBot/1.0; +https://seranking.com/backlinks-crawler)"
144.76.32.241 - - [25/Apr/2026:13:10:33 -0400] "GET /shop/outs/goods/6164226795 HTTP/1.1" 200 31276 "-" "Mozilla/5.0 (compatible; SERankingBacklinksBot/1.0; +https://seranking.com/backlinks-crawler)"
144.76.32.241 - - [25/Apr/2026:13:10:37 -0400] "GET /shop/ssh/goods/61692173740 HTTP/1.1" 200 31349 "-" "Mozilla/5.0 (compatible; SERankingBacklinksBot/1.0; +https://seranking.com/backlinks-crawler)"
144.76.32.241 - - [25/Apr/2026:13:10:41 -0400] "GET /shop/outs/goods/6164246782 HTTP/1.1" 200 31272 "-" "Mozilla/5.0 (compatible; SERankingBacklinksBot/1.0; +https://seranking.com/backlinks-crawler)"
144.76.32.241 - - [25/Apr/2026:13:10:45 -0400] "GET /shop/ssh/goods/61692193727 HTTP/1.1" 200 32497 "-" "Mozilla/5.0 (compatible; SERankingBacklinksBot/1.0; +https://seranking.com/backlinks-crawler)"
144.76.32.241 - - [25/Apr/2026:13:10:49 -0400] "GET /shop/outs/goods/6165357682 HTTP/1.1" 200 33226 "-" "Mozilla/5.0 (compatible; SERankingBacklinksBot/1.0; +https://seranking.com/backlinks-crawler)"
144.76.32.241 - - [25/Apr/2026:13:10:53 -0400] "GET /shop/ssh/goods/61702244666 HTTP/1.1" 200 33889 "-" "Mozilla/5.0 (compatible; SERankingBacklinksBot/1.0; +https://seranking.com/backlinks-crawler)"
144.76.32.241 - - [25/Apr/2026:13:10:57 -0400] "GET /shop/outs/goods/6165657487 HTTP/1.1" 200 31879 "-" "Mozilla/5.0 (compatible; SERankingBacklinksBot/1.0; +https://seranking.com/backlinks-crawler)"
144.76.32.241 - - [25/Apr/2026:13:11:01 -0400] "GET /shop/ssh/goods/61702444536 HTTP/1.1" 200 31319 "-" "Mozilla/5.0 (compatible; SERankingBacklinksBot/1.0; +https://seranking.com/backlinks-crawler)"
144.76.32.241 - - [25/Apr/2026:13:11:05 -0400] "GET /shop/outs/goods/6165757422 HTTP/1.1" 200 32658 "-" "Mozilla/5.0 (compatible; SERankingBacklinksBot/1.0; +https://seranking.com/backlinks-crawler)"
144.76.32.241 - - [25/Apr/2026:13:11:09 -0400] "GET /shop/ssh/goods/61702624419 HTTP/1.1" 200 31405 "-" "Mozilla/5.0 (compatible; SERankingBacklinksBot/1.0; +https://seranking.com/backlinks-crawler)"
144.76.32.241 - - [25/Apr/2026:13:11:14 -0400] "GET /shop/outs/goods/6165777409 HTTP/1.1" 200 32453 "-" "Mozilla/5.0 (compatible; SERankingBacklinksBot/1.0; +https://seranking.com/backlinks-crawler)"
144.76.32.241 - - [25/Apr/2026:13:11:17 -0400] "GET /shop/ssh/goods/61702644406 HTTP/1.1" 200 33529 "-" "Mozilla/5.0 (compatible; SERankingBacklinksBot/1.0; +https://seranking.com/backlinks-crawler)"
144.76.32.241 - - [25/Apr/2026:13:11:21 -0400] "GET /shop/outs/goods/6166828348 HTTP/1.1" 200 32852 "-" "Mozilla/5.0 (compatible; SERankingBacklinksBot/1.0; +https://seranking.com/backlinks-crawler)"
144.76.32.241 - - [25/Apr/2026:13:11:25 -0400] "GET /shop/ssh/goods/61702684380 HTTP/1.1" 200 31222 "-" "Mozilla/5.0 (compatible; SERankingBacklinksBot/1.0; +https://seranking.com/backlinks-crawler)"
144.76.32.241 - - [25/Apr/2026:13:11:29 -0400] "GET /shop/outs/goods/6167959235 HTTP/1.1" 200 33423 "-" "Mozilla/5.0 (compatible; SERankingBacklinksBot/1.0; +https://seranking.com/backlinks-crawler)"
144.76.32.241 - - [25/Apr/2026:13:11:34 -0400] "GET /shop/ssi/goods/61671001147 HTTP/1.1" 200 31594 "-" "Mozilla/5.0 (compatible; SERankingBacklinksBot/1.0; +https://seranking.com/backlinks-crawler)"
144.76.32.241 - - [25/Apr/2026:13:11:38 -0400] "GET /shop/oval/goods/6164163802 HTTP/1.1" 200 31701 "-" "Mozilla/5.0 (compatible; SERankingBacklinksBot/1.0; +https://seranking.com/backlinks-crawler)"
144.76.32.241 - - [25/Apr/2026:13:11:42 -0400] "GET /shop/ssi/goods/61671021134 HTTP/1.1" 200 31550 "-" "Mozilla/5.0 (compatible; SERankingBacklinksBot/1.0; +https://seranking.com/backlinks-crawler)"
144.76.32.241 - - [25/Apr/2026:13:11:46 -0400] "GET /shop/oval/goods/6164203776 HTTP/1.1" 200 33604 "-" "Mozilla/5.0 (compatible; SERankingBacklinksBot/1.0; +https://seranking.com/backlinks-crawler)"
144.76.32.241 - - [25/Apr/2026:13:11:50 -0400] "GET /shop/ssi/goods/61671081095 HTTP/1.1" 200 31271 "-" "Mozilla/5.0 (compatible; SERankingBacklinksBot/1.0; +https://seranking.com/backlinks-crawler)"
144.76.32.241 - - [25/Apr/2026:13:11:54 -0400] "GET /shop/oval/goods/6165454585 HTTP/1.1" 200 31785 "-" "Mozilla/5.0 (compatible; SERankingBacklinksBot/1.0; +https://seranking.com/backlinks-crawler)"
144.76.32.241 - - [25/Apr/2026:13:11:58 -0400] "GET /shop/ssi/goods/61671161043 HTTP/1.1" 200 33374 "-" "Mozilla/5.0 (compatible; SERankingBacklinksBot/1.0; +https://seranking.com/backlinks-crawler)"
144.76.32.241 - - [25/Apr/2026:13:12:02 -0400] "GET /shop/oval/goods/6165634468 HTTP/1.1" 200 31466 "-" "Mozilla/5.0 (compatible; SERankingBacklinksBot/1.0; +https://seranking.com/backlinks-crawler)"
144.76.32.241 - - [25/Apr/2026:13:12:06 -0400] "GET /shop/ssi/goods/61671221004 HTTP/1.1" 200 31003 "-" "Mozilla/5.0 (compatible; SERankingBacklinksBot/1.0; +https://seranking.com/backlinks-crawler)"
144.76.32.241 - - [25/Apr/2026:13:12:10 -0400] "GET /shop/oval/goods/6165654455 HTTP/1.1" 200 31820 "-" "Mozilla/5.0 (compatible; SERankingBacklinksBot/1.0; +https://seranking.com/backlinks-crawler)"
144.76.32.241 - - [25/Apr/2026:13:12:14 -0400] "GET /shop/ssi/goods/61671320939 HTTP/1.1" 200 31959 "-" "Mozilla/5.0 (compatible; SERankingBacklinksBot/1.0; +https://seranking.com/backlinks-crawler)"
144.76.32.241 - - [25/Apr/2026:13:12:18 -0400] "GET /shop/oval/goods/6165674442 HTTP/1.1" 200 31500 "-" "Mozilla/5.0 (compatible; SERankingBacklinksBot/1.0; +https://seranking.com/backlinks-crawler)"
144.76.32.241 - - [25/Apr/2026:13:12:22 -0400] "GET /shop/ssi/goods/61671360913 HTTP/1.1" 200 31171 "-" "Mozilla/5.0 (compatible; SERankingBacklinksBot/1.0; +https://seranking.com/backlinks-crawler)"
144.76.32.241 - - [25/Apr/2026:13:12:26 -0400] "GET /shop/oval/goods/6165694429 HTTP/1.1" 200 31088 "-" "Mozilla/5.0 (compatible; SERankingBacklinksBot/1.0; +https://seranking.com/backlinks-crawler)"
144.76.32.241 - - [25/Apr/2026:13:12:30 -0400] "GET /shop/ssi/goods/61681471813 HTTP/1.1" 200 32450 "-" "Mozilla/5.0 (compatible; SERankingBacklinksBot/1.0; +https://seranking.com/backlinks-crawler)"
144.76.32.241 - - [25/Apr/2026:13:12:35 -0400] "GET /shop/oval/goods/6165754390 HTTP/1.1" 200 31754 "-" "Mozilla/5.0 (compatible; SERankingBacklinksBot/1.0; +https://seranking.com/backlinks-crawler)"
144.76.32.241 - - [25/Apr/2026:13:12:39 -0400] "GET /shop/ssi/goods/61681511787 HTTP/1.1" 200 32804 "-" "Mozilla/5.0 (compatible; SERankingBacklinksBot/1.0; +https://seranking.com/backlinks-crawler)"
144.76.32.241 - - [25/Apr/2026:13:12:44 -0400] "GET /shop/oval/goods/6165774377 HTTP/1.1" 200 32291 "-" "Mozilla/5.0 (compatible; SERankingBacklinksBot/1.0; +https://seranking.com/backlinks-crawler)"
144.76.32.241 - - [25/Apr/2026:13:12:48 -0400] "GET /shop/ssi/goods/61691762596 HTTP/1.1" 200 31396 "-" "Mozilla/5.0 (compatible; SERankingBacklinksBot/1.0; +https://seranking.com/backlinks-crawler)"
144.76.32.241 - - [25/Apr/2026:13:12:52 -0400] "GET /shop/oval/goods/6166785342 HTTP/1.1" 200 31812 "-" "Mozilla/5.0 (compatible; SERankingBacklinksBot/1.0; +https://seranking.com/backlinks-crawler)"
216.73.217.105 - - [25/Apr/2026:13:12:56 -0400] "GET /shop/executing/goods/616557393903 HTTP/1.1" 500 0 "-" "Mozilla/5.0 AppleWebKit/537.36 (KHTML, like Gecko; compatible; ClaudeBot/1.0; +claudebot@anthropic.com)"
144.76.32.241 - - [25/Apr/2026:13:12:56 -0400] "GET /shop/ssi/goods/61691802570 HTTP/1.1" 200 33065 "-" "Mozilla/5.0 (compatible; SERankingBacklinksBot/1.0; +https://seranking.com/backlinks-crawler)"
144.76.32.241 - - [25/Apr/2026:13:13:00 -0400] "GET /shop/oval/goods/6166805329 HTTP/1.1" 200 32096 "-" "Mozilla/5.0 (compatible; SERankingBacklinksBot/1.0; +https://seranking.com/backlinks-crawler)"
216.73.217.105 - - [25/Apr/2026:13:13:01 -0400] "GET /shop/examples/goods/616959026247 HTTP/1.1" 500 0 "-" "Mozilla/5.0 AppleWebKit/537.36 (KHTML, like Gecko; compatible; ClaudeBot/1.0; +claudebot@anthropic.com)"
144.76.32.241 - - [25/Apr/2026:13:13:04 -0400] "GET /shop/ssi/goods/61691822557 HTTP/1.1" 200 31062 "-" "Mozilla/5.0 (compatible; SERankingBacklinksBot/1.0; +https://seranking.com/backlinks-crawler)"
216.73.217.105 - - [25/Apr/2026:13:13:06 -0400] "GET /shop/programmer/goods/616560042367 HTTP/1.1" 500 0 "-" "Mozilla/5.0 AppleWebKit/537.36 (KHTML, like Gecko; compatible; ClaudeBot/1.0; +claudebot@anthropic.com)"
144.76.32.241 - - [25/Apr/2026:13:13:09 -0400] "GET /shop/oval/goods/6166865290 HTTP/1.1" 200 31507 "-" "Mozilla/5.0 (compatible; SERankingBacklinksBot/1.0; +https://seranking.com/backlinks-crawler)"
216.73.217.105 - - [25/Apr/2026:13:13:11 -0400] "GET /shop/scripture/goods/616557411953 HTTP/1.1" 500 0 "-" "Mozilla/5.0 AppleWebKit/537.36 (KHTML, like Gecko; compatible; ClaudeBot/1.0; +claudebot@anthropic.com)"
144.76.32.241 - - [25/Apr/2026:13:13:13 -0400] "GET /shop/ssi/goods/61692062401 HTTP/1.1" 200 32108 "-" "Mozilla/5.0 (compatible; SERankingBacklinksBot/1.0; +https://seranking.com/backlinks-crawler)"
216.73.217.105 - - [25/Apr/2026:13:13:16 -0400] "GET /shop/pta/goods/61684385752 HTTP/1.1" 500 0 "-" "Mozilla/5.0 AppleWebKit/537.36 (KHTML, like Gecko; compatible; ClaudeBot/1.0; +claudebot@anthropic.com)"
144.76.32.241 - - [25/Apr/2026:13:13:17 -0400] "GET /shop/oval/goods/6166905264 HTTP/1.1" 200 31144 "-" "Mozilla/5.0 (compatible; SERankingBacklinksBot/1.0; +https://seranking.com/backlinks-crawler)"
144.76.32.241 - - [25/Apr/2026:13:13:21 -0400] "GET /shop/ssi/goods/61702273236 HTTP/1.1" 200 33043 "-" "Mozilla/5.0 (compatible; SERankingBacklinksBot/1.0; +https://seranking.com/backlinks-crawler)"
144.76.32.241 - - [25/Apr/2026:13:13:25 -0400] "GET /shop/oven/goods/6164108128 HTTP/1.1" 200 32758 "-" "Mozilla/5.0 (compatible; SERankingBacklinksBot/1.0; +https://seranking.com/backlinks-crawler)"
144.76.32.241 - - [25/Apr/2026:13:13:29 -0400] "GET /shop/ssi/goods/61702313210 HTTP/1.1" 200 33109 "-" "Mozilla/5.0 (compatible; SERankingBacklinksBot/1.0; +https://seranking.com/backlinks-crawler)"
144.76.32.241 - - [25/Apr/2026:13:13:32 -0400] "GET /shop/oven/goods/6164128115 HTTP/1.1" 200 31956 "-" "Mozilla/5.0 (compatible; SERankingBacklinksBot/1.0; +https://seranking.com/backlinks-crawler)"
144.76.32.241 - - [25/Apr/2026:13:13:36 -0400] "GET /shop/ssi/goods/61702473106 HTTP/1.1" 200 33846 "-" "Mozilla/5.0 (compatible; SERankingBacklinksBot/1.0; +https://seranking.com/backlinks-crawler)"
144.76.32.241 - - [25/Apr/2026:13:13:40 -0400] "GET /shop/oven/goods/6164208063 HTTP/1.1" 200 31064 "-" "Mozilla/5.0 (compatible; SERankingBacklinksBot/1.0; +https://seranking.com/backlinks-crawler)"
144.76.32.241 - - [25/Apr/2026:13:13:44 -0400] "GET /shop/ssi/goods/61702533067 HTTP/1.1" 200 33518 "-" "Mozilla/5.0 (compatible; SERankingBacklinksBot/1.0; +https://seranking.com/backlinks-crawler)"
144.76.32.241 - - [25/Apr/2026:13:13:48 -0400] "GET /shop/oven/goods/6165338950 HTTP/1.1" 200 32352 "-" "Mozilla/5.0 (compatible; SERankingBacklinksBot/1.0; +https://seranking.com/backlinks-crawler)"
144.76.32.241 - - [25/Apr/2026:13:13:52 -0400] "GET /shop/ssi/goods/61702573041 HTTP/1.1" 200 32738 "-" "Mozilla/5.0 (compatible; SERankingBacklinksBot/1.0; +https://seranking.com/backlinks-crawler)"
144.76.32.241 - - [25/Apr/2026:13:13:56 -0400] "GET /shop/oven/goods/6165378924 HTTP/1.1" 200 32667 "-" "Mozilla/5.0 (compatible; SERankingBacklinksBot/1.0; +https://seranking.com/backlinks-crawler)"
144.76.32.241 - - [25/Apr/2026:13:14:01 -0400] "GET /shop/ssk/goods/61671256322 HTTP/1.1" 200 32745 "-" "Mozilla/5.0 (compatible; SERankingBacklinksBot/1.0; +https://seranking.com/backlinks-crawler)"
144.76.32.241 - - [25/Apr/2026:13:14:05 -0400] "GET /shop/oven/goods/6165458872 HTTP/1.1" 200 32428 "-" "Mozilla/5.0 (compatible; SERankingBacklinksBot/1.0; +https://seranking.com/backlinks-crawler)"
144.76.32.241 - - [25/Apr/2026:13:14:09 -0400] "GET /shop/ssk/goods/61671276309 HTTP/1.1" 200 32039 "-" "Mozilla/5.0 (compatible; SERankingBacklinksBot/1.0; +https://seranking.com/backlinks-crawler)"
144.76.32.241 - - [25/Apr/2026:13:14:13 -0400] "GET /shop/oven/goods/6165478859 HTTP/1.1" 200 31628 "-" "Mozilla/5.0 (compatible; SERankingBacklinksBot/1.0; +https://seranking.com/backlinks-crawler)"
144.76.32.241 - - [25/Apr/2026:13:14:17 -0400] "GET /shop/ssk/goods/61671376244 HTTP/1.1" 200 33516 "-" "Mozilla/5.0 (compatible; SERankingBacklinksBot/1.0; +https://seranking.com/backlinks-crawler)"
144.76.32.241 - - [25/Apr/2026:13:14:21 -0400] "GET /shop/oven/goods/6165538820 HTTP/1.1" 200 32859 "-" "Mozilla/5.0 (compatible; SERankingBacklinksBot/1.0; +https://seranking.com/backlinks-crawler)"
216.73.217.105 - - [25/Apr/2026:13:14:23 -0400] "GET /shop/inserted/goods/616457101338 HTTP/1.1" 500 0 "-" "Mozilla/5.0 AppleWebKit/537.36 (KHTML, like Gecko; compatible; ClaudeBot/1.0; +claudebot@anthropic.com)"
144.76.32.241 - - [25/Apr/2026:13:14:25 -0400] "GET /shop/ssk/goods/61681547105 HTTP/1.1" 200 33211 "-" "Mozilla/5.0 (compatible; SERankingBacklinksBot/1.0; +https://seranking.com/backlinks-crawler)"
216.73.217.105 - - [25/Apr/2026:13:14:28 -0400] "GET /shop/vulnerability/goods/616557310132 HTTP/1.1" 500 0 "-" "Mozilla/5.0 AppleWebKit/537.36 (KHTML, like Gecko; compatible; ClaudeBot/1.0; +claudebot@anthropic.com)"
144.76.32.241 - - [25/Apr/2026:13:14:29 -0400] "GET /shop/oven/goods/6165718703 HTTP/1.1" 200 31582 "-" "Mozilla/5.0 (compatible; SERankingBacklinksBot/1.0; +https://seranking.com/backlinks-crawler)"
66.249.66.39 - - [25/Apr/2026:13:14:30 -0400] "GET /wp-content/themes/Divi/includes/builder/images/cursor-select-goal.png HTTP/1.1" 200 1017 "-" "Googlebot-Image/1.0"
216.73.217.105 - - [25/Apr/2026:13:14:33 -0400] "GET /shop/inside/goods/616457059373 HTTP/1.1" 500 0 "-" "Mozilla/5.0 AppleWebKit/537.36 (KHTML, like Gecko; compatible; ClaudeBot/1.0; +claudebot@anthropic.com)"
144.76.32.241 - - [25/Apr/2026:13:14:33 -0400] "GET /shop/ssk/goods/61691757940 HTTP/1.1" 200 31533 "-" "Mozilla/5.0 (compatible; SERankingBacklinksBot/1.0; +https://seranking.com/backlinks-crawler)"
216.73.217.105 - - [25/Apr/2026:13:14:38 -0400] "GET /shop/misc/goods/616763477092 HTTP/1.1" 500 0 "-" "Mozilla/5.0 AppleWebKit/537.36 (KHTML, like Gecko; compatible; ClaudeBot/1.0; +claudebot@anthropic.com)"
144.76.32.241 - - [25/Apr/2026:13:14:37 -0400] "GET /shop/oven/goods/6165758677 HTTP/1.1" 200 32289 "-" "Mozilla/5.0 (compatible; SERankingBacklinksBot/1.0; +https://seranking.com/backlinks-crawler)"
144.76.32.241 - - [25/Apr/2026:13:14:42 -0400] "GET /shop/ssk/goods/61691877862 HTTP/1.1" 200 31451 "-" "Mozilla/5.0 (compatible; SERankingBacklinksBot/1.0; +https://seranking.com/backlinks-crawler)"
216.73.217.105 - - [25/Apr/2026:13:14:43 -0400] "GET /shop/constantly/goods/616958812285 HTTP/1.1" 500 0 "-" "Mozilla/5.0 AppleWebKit/537.36 (KHTML, like Gecko; compatible; ClaudeBot/1.0; +claudebot@anthropic.com)"
144.76.32.241 - - [25/Apr/2026:13:14:46 -0400] "GET /shop/oven/goods/6165778664 HTTP/1.1" 200 31875 "-" "Mozilla/5.0 (compatible; SERankingBacklinksBot/1.0; +https://seranking.com/backlinks-crawler)"
216.73.217.105 - - [25/Apr/2026:13:14:48 -0400] "GET /shop/workgroup/goods/616858606972 HTTP/1.1" 500 0 "-" "Mozilla/5.0 AppleWebKit/537.36 (KHTML, like Gecko; compatible; ClaudeBot/1.0; +claudebot@anthropic.com)"
144.76.32.241 - - [25/Apr/2026:13:14:50 -0400] "GET /shop/ssk/goods/61691917836 HTTP/1.1" 200 31527 "-" "Mozilla/5.0 (compatible; SERankingBacklinksBot/1.0; +https://seranking.com/backlinks-crawler)"
216.73.217.105 - - [25/Apr/2026:13:14:53 -0400] "GET /shop/hostage/goods/616763522718 HTTP/1.1" 500 0 "-" "Mozilla/5.0 AppleWebKit/537.36 (KHTML, like Gecko; compatible; ClaudeBot/1.0; +claudebot@anthropic.com)"
144.76.32.241 - - [25/Apr/2026:13:14:54 -0400] "GET /shop/oven/goods/6166929538 HTTP/1.1" 200 33048 "-" "Mozilla/5.0 (compatible; SERankingBacklinksBot/1.0; +https://seranking.com/backlinks-crawler)"
216.73.217.105 - - [25/Apr/2026:13:14:58 -0400] "GET /shop/protocol/goods/616863963347 HTTP/1.1" 500 0 "-" "Mozilla/5.0 AppleWebKit/537.36 (KHTML, like Gecko; compatible; ClaudeBot/1.0; +claudebot@anthropic.com)"
144.76.32.241 - - [25/Apr/2026:13:14:58 -0400] "GET /shop/ssk/goods/61691977797 HTTP/1.1" 200 31646 "-" "Mozilla/5.0 (compatible; SERankingBacklinksBot/1.0; +https://seranking.com/backlinks-crawler)"
216.73.217.105 - - [25/Apr/2026:13:15:03 -0400] "GET /shop/statute/goods/616861161237 HTTP/1.1" 500 0 "-" "Mozilla/5.0 AppleWebKit/537.36 (KHTML, like Gecko; compatible; ClaudeBot/1.0; +claudebot@anthropic.com)"
144.76.32.241 - - [25/Apr/2026:13:15:02 -0400] "GET /shop/over/goods/6164136170 HTTP/1.1" 200 31299 "-" "Mozilla/5.0 (compatible; SERankingBacklinksBot/1.0; +https://seranking.com/backlinks-crawler)"
144.76.32.241 - - [25/Apr/2026:13:15:07 -0400] "GET /shop/ssk/goods/61692057745 HTTP/1.1" 200 31937 "-" "Mozilla/5.0 (compatible; SERankingBacklinksBot/1.0; +https://seranking.com/backlinks-crawler)"
216.73.217.105 - - [25/Apr/2026:13:15:08 -0400] "GET /shop/optimisation/goods/616459911703 HTTP/1.1" 500 0 "-" "Mozilla/5.0 AppleWebKit/537.36 (KHTML, like Gecko; compatible; ClaudeBot/1.0; +claudebot@anthropic.com)"
144.76.32.241 - - [25/Apr/2026:13:15:12 -0400] "GET /shop/over/goods/6164196131 HTTP/1.1" 200 31308 "-" "Mozilla/5.0 (compatible; SERankingBacklinksBot/1.0; +https://seranking.com/backlinks-crawler)"
216.73.217.105 - - [25/Apr/2026:13:15:13 -0400] "GET /shop/transform/goods/616959068658 HTTP/1.1" 500 0 "-" "Mozilla/5.0 AppleWebKit/537.36 (KHTML, like Gecko; compatible; ClaudeBot/1.0; +claudebot@anthropic.com)"
144.76.32.241 - - [25/Apr/2026:13:15:16 -0400] "GET /shop/ssk/goods/61692137693 HTTP/1.1" 200 31038 "-" "Mozilla/5.0 (compatible; SERankingBacklinksBot/1.0; +https://seranking.com/backlinks-crawler)"
216.73.217.105 - - [25/Apr/2026:13:15:18 -0400] "GET /shop/webcast/goods/616961621917 HTTP/1.1" 500 0 "-" "Mozilla/5.0 AppleWebKit/537.36 (KHTML, like Gecko; compatible; ClaudeBot/1.0; +claudebot@anthropic.com)"
144.76.32.241 - - [25/Apr/2026:13:15:20 -0400] "GET /shop/over/goods/6164276079 HTTP/1.1" 200 32142 "-" "Mozilla/5.0 (compatible; SERankingBacklinksBot/1.0; +https://seranking.com/backlinks-crawler)"
216.73.217.105 - - [25/Apr/2026:13:15:23 -0400] "GET /shop/irc/goods/616757920882 HTTP/1.1" 500 0 "-" "Mozilla/5.0 AppleWebKit/537.36 (KHTML, like Gecko; compatible; ClaudeBot/1.0; +claudebot@anthropic.com)"
144.76.32.241 - - [25/Apr/2026:13:15:24 -0400] "GET /shop/ssk/goods/61702528411 HTTP/1.1" 200 31259 "-" "Mozilla/5.0 (compatible; SERankingBacklinksBot/1.0; +https://seranking.com/backlinks-crawler)"
216.73.217.105 - - [25/Apr/2026:13:15:28 -0400] "GET /shop/rust/goods/616758348713 HTTP/1.1" 500 0 "-" "Mozilla/5.0 AppleWebKit/537.36 (KHTML, like Gecko; compatible; ClaudeBot/1.0; +claudebot@anthropic.com)"
144.76.32.241 - - [25/Apr/2026:13:15:27 -0400] "GET /shop/over/goods/6165366992 HTTP/1.1" 200 31309 "-" "Mozilla/5.0 (compatible; SERankingBacklinksBot/1.0; +https://seranking.com/backlinks-crawler)"
144.76.32.241 - - [25/Apr/2026:13:15:32 -0400] "GET /shop/ssk/goods/61702588372 HTTP/1.1" 200 31223 "-" "Mozilla/5.0 (compatible; SERankingBacklinksBot/1.0; +https://seranking.com/backlinks-crawler)"
216.73.217.105 - - [25/Apr/2026:13:15:33 -0400] "GET /shop/poll/goods/616562995707 HTTP/1.1" 500 0 "-" "Mozilla/5.0 AppleWebKit/537.36 (KHTML, like Gecko; compatible; ClaudeBot/1.0; +claudebot@anthropic.com)"
144.76.32.241 - - [25/Apr/2026:13:15:36 -0400] "GET /shop/over/goods/6165666797 HTTP/1.1" 200 34177 "-" "Mozilla/5.0 (compatible; SERankingBacklinksBot/1.0; +https://seranking.com/backlinks-crawler)"
216.73.217.105 - - [25/Apr/2026:13:15:38 -0400] "GET /shop/engine/goods/616758146022 HTTP/1.1" 500 0 "-" "Mozilla/5.0 AppleWebKit/537.36 (KHTML, like Gecko; compatible; ClaudeBot/1.0; +claudebot@anthropic.com)"
144.76.32.241 - - [25/Apr/2026:13:15:40 -0400] "GET /shop/ssk/goods/61702608359 HTTP/1.1" 200 31391 "-" "Mozilla/5.0 (compatible; SERankingBacklinksBot/1.0; +https://seranking.com/backlinks-crawler)"
216.73.217.105 - - [25/Apr/2026:13:15:43 -0400] "GET /shop/launch/goods/616563095085 HTTP/1.1" 500 0 "-" "Mozilla/5.0 AppleWebKit/537.36 (KHTML, like Gecko; compatible; ClaudeBot/1.0; +claudebot@anthropic.com)"
144.76.32.241 - - [25/Apr/2026:13:15:44 -0400] "GET /shop/over/goods/6167968545 HTTP/1.1" 200 31122 "-" "Mozilla/5.0 (compatible; SERankingBacklinksBot/1.0; +https://seranking.com/backlinks-crawler)"
216.73.217.105 - - [25/Apr/2026:13:15:48 -0400] "GET /shop/perception/goods/616457055612 HTTP/1.1" 500 0 "-" "Mozilla/5.0 AppleWebKit/537.36 (KHTML, like Gecko; compatible; ClaudeBot/1.0; +claudebot@anthropic.com)"
144.76.32.241 - - [25/Apr/2026:13:15:48 -0400] "GET /shop/ssk/goods/61702628346 HTTP/1.1" 200 34894 "-" "Mozilla/5.0 (compatible; SERankingBacklinksBot/1.0; +https://seranking.com/backlinks-crawler)"
144.76.32.241 - - [25/Apr/2026:13:15:52 -0400] "GET /shop/over/goods/6167988532 HTTP/1.1" 200 31660 "-" "Mozilla/5.0 (compatible; SERankingBacklinksBot/1.0; +https://seranking.com/backlinks-crawler)"
216.73.217.105 - - [25/Apr/2026:13:15:53 -0400] "GET /shop/serv/goods/616457172357 HTTP/1.1" 500 0 "-" "Mozilla/5.0 AppleWebKit/537.36 (KHTML, like Gecko; compatible; ClaudeBot/1.0; +claudebot@anthropic.com)"
144.76.32.241 - - [25/Apr/2026:13:15:56 -0400] "GET /shop/ssk/goods/61702668320 HTTP/1.1" 200 31971 "-" "Mozilla/5.0 (compatible; SERankingBacklinksBot/1.0; +https://seranking.com/backlinks-crawler)"
216.73.217.105 - - [25/Apr/2026:13:15:58 -0400] "GET /shop/origin/goods/616864081462 HTTP/1.1" 500 0 "-" "Mozilla/5.0 AppleWebKit/537.36 (KHTML, like Gecko; compatible; ClaudeBot/1.0; +claudebot@anthropic.com)"
144.76.32.241 - - [25/Apr/2026:13:16:00 -0400] "GET /shop/owe/goods/61671014430 HTTP/1.1" 200 31166 "-" "Mozilla/5.0 (compatible; SERankingBacklinksBot/1.0; +https://seranking.com/backlinks-crawler)"
216.73.217.105 - - [25/Apr/2026:13:16:03 -0400] "GET /shop/fringe/goods/616459960432 HTTP/1.1" 500 0 "-" "Mozilla/5.0 AppleWebKit/537.36 (KHTML, like Gecko; compatible; ClaudeBot/1.0; +claudebot@anthropic.com)"
144.76.32.241 - - [25/Apr/2026:13:16:04 -0400] "GET /shop/ssk/goods/61702708294 HTTP/1.1" 200 30995 "-" "Mozilla/5.0 (compatible; SERankingBacklinksBot/1.0; +https://seranking.com/backlinks-crawler)"
144.76.32.241 - - [25/Apr/2026:13:16:08 -0400] "GET /shop/owe/goods/61671134352 HTTP/1.1" 200 32179 "-" "Mozilla/5.0 (compatible; SERankingBacklinksBot/1.0; +https://seranking.com/backlinks-crawler)"
216.73.217.105 - - [25/Apr/2026:13:16:08 -0400] "GET /shop/optional/goods/616861142492 HTTP/1.1" 500 0 "-" "Mozilla/5.0 AppleWebKit/537.36 (KHTML, like Gecko; compatible; ClaudeBot/1.0; +claudebot@anthropic.com)"
144.76.32.241 - - [25/Apr/2026:13:16:12 -0400] "GET /shop/ssl/goods/61671007925 HTTP/1.1" 200 31728 "-" "Mozilla/5.0 (compatible; SERankingBacklinksBot/1.0; +https://seranking.com/backlinks-crawler)"
216.73.217.105 - - [25/Apr/2026:13:16:13 -0400] "GET /shop/needles/goods/616457192602 HTTP/1.1" 500 0 "-" "Mozilla/5.0 AppleWebKit/537.36 (KHTML, like Gecko; compatible; ClaudeBot/1.0; +claudebot@anthropic.com)"
144.76.32.241 - - [25/Apr/2026:13:16:16 -0400] "GET /shop/owe/goods/61671254274 HTTP/1.1" 200 31092 "-" "Mozilla/5.0 (compatible; SERankingBacklinksBot/1.0; +https://seranking.com/backlinks-crawler)"
216.73.217.105 - - [25/Apr/2026:13:16:18 -0400] "GET /shop/creatures/goods/616961661243 HTTP/1.1" 500 0 "-" "Mozilla/5.0 AppleWebKit/537.36 (KHTML, like Gecko; compatible; ClaudeBot/1.0; +claudebot@anthropic.com)"
144.76.32.241 - - [25/Apr/2026:13:16:20 -0400] "GET /shop/ssl/goods/61671027912 HTTP/1.1" 200 30788 "-" "Mozilla/5.0 (compatible; SERankingBacklinksBot/1.0; +https://seranking.com/backlinks-crawler)"
216.73.217.105 - - [25/Apr/2026:13:16:23 -0400] "GET /shop/rush/goods/616557629878 HTTP/1.1" 500 0 "-" "Mozilla/5.0 AppleWebKit/537.36 (KHTML, like Gecko; compatible; ClaudeBot/1.0; +claudebot@anthropic.com)"
144.76.32.241 - - [25/Apr/2026:13:16:25 -0400] "GET /shop/owe/goods/61671334222 HTTP/1.1" 200 31550 "-" "Mozilla/5.0 (compatible; SERankingBacklinksBot/1.0; +https://seranking.com/backlinks-crawler)"
216.73.217.105 - - [25/Apr/2026:13:16:28 -0400] "GET /shop/securely/goods/616462478003 HTTP/1.1" 500 0 "-" "Mozilla/5.0 AppleWebKit/537.36 (KHTML, like Gecko; compatible; ClaudeBot/1.0; +claudebot@anthropic.com)"
144.76.32.241 - - [25/Apr/2026:13:16:29 -0400] "GET /shop/ssl/goods/61671047899 HTTP/1.1" 200 33077 "-" "Mozilla/5.0 (compatible; SERankingBacklinksBot/1.0; +https://seranking.com/backlinks-crawler)"
216.73.217.105 - - [25/Apr/2026:13:16:33 -0400] "GET /shop/bool/goods/616760748182 HTTP/1.1" 500 0 "-" "Mozilla/5.0 AppleWebKit/537.36 (KHTML, like Gecko; compatible; ClaudeBot/1.0; +claudebot@anthropic.com)"
144.76.32.241 - - [25/Apr/2026:13:16:33 -0400] "GET /shop/owe/goods/61681445122 HTTP/1.1" 200 33929 "-" "Mozilla/5.0 (compatible; SERankingBacklinksBot/1.0; +https://seranking.com/backlinks-crawler)"
144.76.32.241 - - [25/Apr/2026:13:16:37 -0400] "GET /shop/ssl/goods/61671307730 HTTP/1.1" 200 31504 "-" "Mozilla/5.0 (compatible; SERankingBacklinksBot/1.0; +https://seranking.com/backlinks-crawler)"
216.73.217.105 - - [25/Apr/2026:13:16:38 -0400] "GET /shop/emphasizes/goods/616758094110 HTTP/1.1" 500 0 "-" "Mozilla/5.0 AppleWebKit/537.36 (KHTML, like Gecko; compatible; ClaudeBot/1.0; +claudebot@anthropic.com)"
144.76.32.241 - - [25/Apr/2026:13:16:41 -0400] "GET /shop/owe/goods/61681605018 HTTP/1.1" 200 32180 "-" "Mozilla/5.0 (compatible; SERankingBacklinksBot/1.0; +https://seranking.com/backlinks-crawler)"
216.73.217.105 - - [25/Apr/2026:13:16:43 -0400] "GET /shop/feedback/goods/616459895532 HTTP/1.1" 500 0 "-" "Mozilla/5.0 AppleWebKit/537.36 (KHTML, like Gecko; compatible; ClaudeBot/1.0; +claudebot@anthropic.com)"
144.76.32.241 - - [25/Apr/2026:13:16:45 -0400] "GET /shop/ssl/goods/61671387678 HTTP/1.1" 200 31200 "-" "Mozilla/5.0 (compatible; SERankingBacklinksBot/1.0; +https://seranking.com/backlinks-crawler)"
216.73.217.105 - - [25/Apr/2026:13:16:48 -0400] "GET /shop/bauer/goods/616557349408 HTTP/1.1" 500 0 "-" "Mozilla/5.0 AppleWebKit/537.36 (KHTML, like Gecko; compatible; ClaudeBot/1.0; +claudebot@anthropic.com)"
144.76.32.241 - - [25/Apr/2026:13:16:49 -0400] "GET /shop/owe/goods/61681684966 HTTP/1.1" 200 33454 "-" "Mozilla/5.0 (compatible; SERankingBacklinksBot/1.0; +https://seranking.com/backlinks-crawler)"
216.73.217.105 - - [25/Apr/2026:13:16:53 -0400] "GET /shop/discs/goods/616757926335 HTTP/1.1" 500 0 "-" "Mozilla/5.0 AppleWebKit/537.36 (KHTML, like Gecko; compatible; ClaudeBot/1.0; +claudebot@anthropic.com)"
144.76.32.241 - - [25/Apr/2026:13:16:54 -0400] "GET /shop/ssl/goods/61681478591 HTTP/1.1" 200 33247 "-" "Mozilla/5.0 (compatible; SERankingBacklinksBot/1.0; +https://seranking.com/backlinks-crawler)"
216.73.217.105 - - [25/Apr/2026:13:16:58 -0400] "GET /shop/disabled/goods/616657761477 HTTP/1.1" 500 0 "-" "Mozilla/5.0 AppleWebKit/537.36 (KHTML, like Gecko; compatible; ClaudeBot/1.0; +claudebot@anthropic.com)"
144.76.32.241 - - [25/Apr/2026:13:16:58 -0400] "GET /shop/owe/goods/61691775879 HTTP/1.1" 200 32366 "-" "Mozilla/5.0 (compatible; SERankingBacklinksBot/1.0; +https://seranking.com/backlinks-crawler)"
144.76.32.241 - - [25/Apr/2026:13:17:02 -0400] "GET /shop/ssl/goods/61681518565 HTTP/1.1" 200 31680 "-" "Mozilla/5.0 (compatible; SERankingBacklinksBot/1.0; +https://seranking.com/backlinks-crawler)"
216.73.217.105 - - [25/Apr/2026:13:17:03 -0400] "GET /shop/gradually/goods/616457040658 HTTP/1.1" 500 0 "-" "Mozilla/5.0 AppleWebKit/537.36 (KHTML, like Gecko; compatible; ClaudeBot/1.0; +claudebot@anthropic.com)"
144.76.32.241 - - [25/Apr/2026:13:17:06 -0400] "GET /shop/owe/goods/61691875814 HTTP/1.1" 200 33557 "-" "Mozilla/5.0 (compatible; SERankingBacklinksBot/1.0; +https://seranking.com/backlinks-crawler)"
216.73.217.105 - - [25/Apr/2026:13:17:08 -0400] "GET /shop/xt/goods/616462509752 HTTP/1.1" 500 0 "-" "Mozilla/5.0 AppleWebKit/537.36 (KHTML, like Gecko; compatible; ClaudeBot/1.0; +claudebot@anthropic.com)"
144.76.32.241 - - [25/Apr/2026:13:17:11 -0400] "GET /shop/ssl/goods/61681578526 HTTP/1.1" 200 33763 "-" "Mozilla/5.0 (compatible; SERankingBacklinksBot/1.0; +https://seranking.com/backlinks-crawler)"
216.73.217.105 - - [25/Apr/2026:13:17:13 -0400] "GET /shop/pillows/goods/616763671997 HTTP/1.1" 500 0 "-" "Mozilla/5.0 AppleWebKit/537.36 (KHTML, like Gecko; compatible; ClaudeBot/1.0; +claudebot@anthropic.com)"
144.76.32.241 - - [25/Apr/2026:13:17:15 -0400] "GET /shop/owe/goods/61691915788 HTTP/1.1" 200 31026 "-" "Mozilla/5.0 (compatible; SERankingBacklinksBot/1.0; +https://seranking.com/backlinks-crawler)"
216.73.217.105 - - [25/Apr/2026:13:17:18 -0400] "GET /shop/profiling/goods/616457140433 HTTP/1.1" 500 0 "-" "Mozilla/5.0 AppleWebKit/537.36 (KHTML, like Gecko; compatible; ClaudeBot/1.0; +claudebot@anthropic.com)"
144.76.32.241 - - [25/Apr/2026:13:17:19 -0400] "GET /shop/ssl/goods/61681598513 HTTP/1.1" 200 33522 "-" "Mozilla/5.0 (compatible; SERankingBacklinksBot/1.0; +https://seranking.com/backlinks-crawler)"
144.76.32.241 - - [25/Apr/2026:13:17:23 -0400] "GET /shop/owe/goods/61691935775 HTTP/1.1" 200 31925 "-" "Mozilla/5.0 (compatible; SERankingBacklinksBot/1.0; +https://seranking.com/backlinks-crawler)"
216.73.217.105 - - [25/Apr/2026:13:17:24 -0400] "GET /shop/actuarial/goods/61653082348 HTTP/1.1" 500 0 "-" "Mozilla/5.0 AppleWebKit/537.36 (KHTML, like Gecko; compatible; ClaudeBot/1.0; +claudebot@anthropic.com)"
144.76.32.241 - - [25/Apr/2026:13:17:27 -0400] "GET /shop/ssl/goods/61681658474 HTTP/1.1" 200 33376 "-" "Mozilla/5.0 (compatible; SERankingBacklinksBot/1.0; +https://seranking.com/backlinks-crawler)"
216.73.217.105 - - [25/Apr/2026:13:17:28 -0400] "GET /shop/slide/goods/616910155921 HTTP/1.1" 500 0 "-" "Mozilla/5.0 AppleWebKit/537.36 (KHTML, like Gecko; compatible; ClaudeBot/1.0; +claudebot@anthropic.com)"
144.76.32.241 - - [25/Apr/2026:13:17:31 -0400] "GET /shop/owe/goods/61691995736 HTTP/1.1" 200 33993 "-" "Mozilla/5.0 (compatible; SERankingBacklinksBot/1.0; +https://seranking.com/backlinks-crawler)"
216.73.217.105 - - [25/Apr/2026:13:17:33 -0400] "GET /shop/institutes/goods/61687001811 HTTP/1.1" 500 0 "-" "Mozilla/5.0 AppleWebKit/537.36 (KHTML, like Gecko; compatible; ClaudeBot/1.0; +claudebot@anthropic.com)"
144.76.32.241 - - [25/Apr/2026:13:17:36 -0400] "GET /shop/ssl/goods/61692189101 HTTP/1.1" 200 32208 "-" "Mozilla/5.0 (compatible; SERankingBacklinksBot/1.0; +https://seranking.com/backlinks-crawler)"
216.73.217.105 - - [25/Apr/2026:13:17:38 -0400] "GET /shop/major/goods/61684235079 HTTP/1.1" 500 0 "-" "Mozilla/5.0 AppleWebKit/537.36 (KHTML, like Gecko; compatible; ClaudeBot/1.0; +claudebot@anthropic.com)"
144.76.32.241 - - [25/Apr/2026:13:17:40 -0400] "GET /shop/owe/goods/61692055697 HTTP/1.1" 200 33307 "-" "Mozilla/5.0 (compatible; SERankingBacklinksBot/1.0; +https://seranking.com/backlinks-crawler)"
216.73.217.105 - - [25/Apr/2026:13:17:43 -0400] "GET /shop/shoppy/goods/616763799498 HTTP/1.1" 500 0 "-" "Mozilla/5.0 AppleWebKit/537.36 (KHTML, like Gecko; compatible; ClaudeBot/1.0; +claudebot@anthropic.com)"
