216.73.217.105 - - [25/Apr/2026:12:34:23 -0400] "GET /shop/weigh/goods/616527476162 HTTP/1.1" 500 0 "-" "Mozilla/5.0 AppleWebKit/537.36 (KHTML, like Gecko; compatible; ClaudeBot/1.0; +claudebot@anthropic.com)"
144.76.32.241 - - [25/Apr/2026:12:34:25 -0400] "GET /shop/orf/goods/61702440057 HTTP/1.1" 200 31252 "-" "Mozilla/5.0 (compatible; SERankingBacklinksBot/1.0; +https://seranking.com/backlinks-crawler)"
216.73.217.105 - - [25/Apr/2026:12:34:28 -0400] "GET /shop/waterproof/goods/617032318708 HTTP/1.1" 500 0 "-" "Mozilla/5.0 AppleWebKit/537.36 (KHTML, like Gecko; compatible; ClaudeBot/1.0; +claudebot@anthropic.com)"
144.76.32.241 - - [25/Apr/2026:12:34:29 -0400] "GET /shop/rei/goods/61671023097 HTTP/1.1" 200 32683 "-" "Mozilla/5.0 (compatible; SERankingBacklinksBot/1.0; +https://seranking.com/backlinks-crawler)"
216.73.217.105 - - [25/Apr/2026:12:34:33 -0400] "GET /shop/ahead/goods/616758320096 HTTP/1.1" 500 0 "-" "Mozilla/5.0 AppleWebKit/537.36 (KHTML, like Gecko; compatible; ClaudeBot/1.0; +claudebot@anthropic.com)"
144.76.32.241 - - [25/Apr/2026:12:34:33 -0400] "GET /shop/orf/goods/61702699888 HTTP/1.1" 200 33770 "-" "Mozilla/5.0 (compatible; SERankingBacklinksBot/1.0; +https://seranking.com/backlinks-crawler)"
144.76.32.241 - - [25/Apr/2026:12:34:37 -0400] "GET /shop/rei/goods/61671063071 HTTP/1.1" 200 31674 "-" "Mozilla/5.0 (compatible; SERankingBacklinksBot/1.0; +https://seranking.com/backlinks-crawler)"
216.73.217.105 - - [25/Apr/2026:12:34:38 -0400] "GET /shop/alton/goods/61674037203 HTTP/1.1" 500 0 "-" "Mozilla/5.0 AppleWebKit/537.36 (KHTML, like Gecko; compatible; ClaudeBot/1.0; +claudebot@anthropic.com)"
144.76.32.241 - - [25/Apr/2026:12:34:41 -0400] "GET /shop/org/goods/61671008080 HTTP/1.1" 200 31560 "-" "Mozilla/5.0 (compatible; SERankingBacklinksBot/1.0; +https://seranking.com/backlinks-crawler)"
216.73.217.105 - - [25/Apr/2026:12:34:43 -0400] "GET /shop/seizure/goods/616910168710 HTTP/1.1" 500 0 "-" "Mozilla/5.0 AppleWebKit/537.36 (KHTML, like Gecko; compatible; ClaudeBot/1.0; +claudebot@anthropic.com)"
144.76.32.241 - - [25/Apr/2026:12:34:45 -0400] "GET /shop/rei/goods/61671083058 HTTP/1.1" 200 32000 "-" "Mozilla/5.0 (compatible; SERankingBacklinksBot/1.0; +https://seranking.com/backlinks-crawler)"
216.73.217.105 - - [25/Apr/2026:12:34:48 -0400] "GET /shop/gardens/goods/61702554106 HTTP/1.1" 500 0 "-" "Mozilla/5.0 AppleWebKit/537.36 (KHTML, like Gecko; compatible; ClaudeBot/1.0; +claudebot@anthropic.com)"
144.76.32.241 - - [25/Apr/2026:12:34:49 -0400] "GET /shop/org/goods/61671287898 HTTP/1.1" 200 33535 "-" "Mozilla/5.0 (compatible; SERankingBacklinksBot/1.0; +https://seranking.com/backlinks-crawler)"
216.73.217.105 - - [25/Apr/2026:12:34:54 -0400] "GET /shop/quorum/goods/617024387259 HTTP/1.1" 500 0 "-" "Mozilla/5.0 AppleWebKit/537.36 (KHTML, like Gecko; compatible; ClaudeBot/1.0; +claudebot@anthropic.com)"
144.76.32.241 - - [25/Apr/2026:12:34:54 -0400] "GET /shop/rei/goods/61671143019 HTTP/1.1" 200 32711 "-" "Mozilla/5.0 (compatible; SERankingBacklinksBot/1.0; +https://seranking.com/backlinks-crawler)"
216.73.217.105 - - [25/Apr/2026:12:34:57 -0400] "GET /shop/numbers/goods/61676444530 HTTP/1.1" 500 0 "-" "Mozilla/5.0 AppleWebKit/537.36 (KHTML, like Gecko; compatible; ClaudeBot/1.0; +claudebot@anthropic.com)"
144.76.32.241 - - [25/Apr/2026:12:34:58 -0400] "GET /shop/org/goods/61671307885 HTTP/1.1" 200 31614 "-" "Mozilla/5.0 (compatible; SERankingBacklinksBot/1.0; +https://seranking.com/backlinks-crawler)"
216.73.217.105 - - [25/Apr/2026:12:35:02 -0400] "GET /shop/palm/goods/616926291265 HTTP/1.1" 500 0 "-" "Mozilla/5.0 AppleWebKit/537.36 (KHTML, like Gecko; compatible; ClaudeBot/1.0; +claudebot@anthropic.com)"
144.76.32.241 - - [25/Apr/2026:12:35:03 -0400] "GET /shop/rei/goods/61671322902 HTTP/1.1" 200 31041 "-" "Mozilla/5.0 (compatible; SERankingBacklinksBot/1.0; +https://seranking.com/backlinks-crawler)"
216.73.217.105 - - [25/Apr/2026:12:35:07 -0400] "GET /shop/lineup/goods/616625294095 HTTP/1.1" 500 0 "-" "Mozilla/5.0 AppleWebKit/537.36 (KHTML, like Gecko; compatible; ClaudeBot/1.0; +claudebot@anthropic.com)"
144.76.32.241 - - [25/Apr/2026:12:35:07 -0400] "GET /shop/org/goods/61681678616 HTTP/1.1" 200 35515 "-" "Mozilla/5.0 (compatible; SERankingBacklinksBot/1.0; +https://seranking.com/backlinks-crawler)"
144.76.32.241 - - [25/Apr/2026:12:35:11 -0400] "GET /shop/rei/goods/61671382863 HTTP/1.1" 200 32334 "-" "Mozilla/5.0 (compatible; SERankingBacklinksBot/1.0; +https://seranking.com/backlinks-crawler)"
216.73.217.105 - - [25/Apr/2026:12:35:12 -0400] "GET /shop/cardiovascular/goods/61702251453 HTTP/1.1" 500 0 "-" "Mozilla/5.0 AppleWebKit/537.36 (KHTML, like Gecko; compatible; ClaudeBot/1.0; +claudebot@anthropic.com)"
144.76.32.241 - - [25/Apr/2026:12:35:15 -0400] "GET /shop/org/goods/61691809503 HTTP/1.1" 200 32061 "-" "Mozilla/5.0 (compatible; SERankingBacklinksBot/1.0; +https://seranking.com/backlinks-crawler)"
216.73.217.105 - - [25/Apr/2026:12:35:17 -0400] "GET /shop/seychelles/goods/61694828876 HTTP/1.1" 500 0 "-" "Mozilla/5.0 AppleWebKit/537.36 (KHTML, like Gecko; compatible; ClaudeBot/1.0; +claudebot@anthropic.com)"
144.76.32.241 - - [25/Apr/2026:12:35:19 -0400] "GET /shop/rei/goods/61681473776 HTTP/1.1" 200 32257 "-" "Mozilla/5.0 (compatible; SERankingBacklinksBot/1.0; +https://seranking.com/backlinks-crawler)"
216.73.217.105 - - [25/Apr/2026:12:35:22 -0400] "GET /shop/welcomed/goods/61655714185 HTTP/1.1" 500 0 "-" "Mozilla/5.0 AppleWebKit/537.36 (KHTML, like Gecko; compatible; ClaudeBot/1.0; +claudebot@anthropic.com)"
144.76.32.241 - - [25/Apr/2026:12:35:23 -0400] "GET /shop/org/goods/61691849477 HTTP/1.1" 200 30651 "-" "Mozilla/5.0 (compatible; SERankingBacklinksBot/1.0; +https://seranking.com/backlinks-crawler)"
216.73.217.105 - - [25/Apr/2026:12:35:28 -0400] "GET /shop/lehigh/goods/61676743525 HTTP/1.1" 500 0 "-" "Mozilla/5.0 AppleWebKit/537.36 (KHTML, like Gecko; compatible; ClaudeBot/1.0; +claudebot@anthropic.com)"
144.76.32.241 - - [25/Apr/2026:12:35:27 -0400] "GET /shop/rei/goods/61681593698 HTTP/1.1" 200 32872 "-" "Mozilla/5.0 (compatible; SERankingBacklinksBot/1.0; +https://seranking.com/backlinks-crawler)"
144.76.32.241 - - [25/Apr/2026:12:35:32 -0400] "GET /shop/org/goods/61691969399 HTTP/1.1" 200 32874 "-" "Mozilla/5.0 (compatible; SERankingBacklinksBot/1.0; +https://seranking.com/backlinks-crawler)"
216.73.217.105 - - [25/Apr/2026:12:35:32 -0400] "GET /shop/complain/goods/61704928170 HTTP/1.1" 500 0 "-" "Mozilla/5.0 AppleWebKit/537.36 (KHTML, like Gecko; compatible; ClaudeBot/1.0; +claudebot@anthropic.com)"
144.76.32.241 - - [25/Apr/2026:12:35:36 -0400] "GET /shop/rei/goods/61691744572 HTTP/1.1" 200 31247 "-" "Mozilla/5.0 (compatible; SERankingBacklinksBot/1.0; +https://seranking.com/backlinks-crawler)"
216.73.217.105 - - [25/Apr/2026:12:35:37 -0400] "GET /shop/ligand/goods/61656096428 HTTP/1.1" 500 0 "-" "Mozilla/5.0 AppleWebKit/537.36 (KHTML, like Gecko; compatible; ClaudeBot/1.0; +claudebot@anthropic.com)"
144.76.32.241 - - [25/Apr/2026:12:35:40 -0400] "GET /shop/org/goods/61692129295 HTTP/1.1" 200 31896 "-" "Mozilla/5.0 (compatible; SERankingBacklinksBot/1.0; +https://seranking.com/backlinks-crawler)"
216.73.217.105 - - [25/Apr/2026:12:35:43 -0400] "GET /shop/ivory/goods/616427152774 HTTP/1.1" 500 0 "-" "Mozilla/5.0 AppleWebKit/537.36 (KHTML, like Gecko; compatible; ClaudeBot/1.0; +claudebot@anthropic.com)"
144.76.32.241 - - [25/Apr/2026:12:35:44 -0400] "GET /shop/rei/goods/61691804533 HTTP/1.1" 200 31393 "-" "Mozilla/5.0 (compatible; SERankingBacklinksBot/1.0; +https://seranking.com/backlinks-crawler)"
216.73.217.105 - - [25/Apr/2026:12:35:48 -0400] "GET /shop/republicans/goods/61642840253 HTTP/1.1" 500 0 "-" "Mozilla/5.0 AppleWebKit/537.36 (KHTML, like Gecko; compatible; ClaudeBot/1.0; +claudebot@anthropic.com)"
144.76.32.241 - - [25/Apr/2026:12:35:48 -0400] "GET /shop/org/goods/61692189256 HTTP/1.1" 200 31117 "-" "Mozilla/5.0 (compatible; SERankingBacklinksBot/1.0; +https://seranking.com/backlinks-crawler)"
216.73.217.105 - - [25/Apr/2026:12:35:53 -0400] "GET /shop/macroeconomic/goods/61702214921 HTTP/1.1" 500 0 "-" "Mozilla/5.0 AppleWebKit/537.36 (KHTML, like Gecko; compatible; ClaudeBot/1.0; +claudebot@anthropic.com)"
144.76.32.241 - - [25/Apr/2026:12:35:53 -0400] "GET /shop/rei/goods/61691904468 HTTP/1.1" 200 35012 "-" "Mozilla/5.0 (compatible; SERankingBacklinksBot/1.0; +https://seranking.com/backlinks-crawler)"
144.76.32.241 - - [25/Apr/2026:12:35:57 -0400] "GET /shop/org/goods/61702240195 HTTP/1.1" 200 33741 "-" "Mozilla/5.0 (compatible; SERankingBacklinksBot/1.0; +https://seranking.com/backlinks-crawler)"
216.73.217.105 - - [25/Apr/2026:12:35:58 -0400] "GET /shop/professionally/goods/61642834620 HTTP/1.1" 500 0 "-" "Mozilla/5.0 AppleWebKit/537.36 (KHTML, like Gecko; compatible; ClaudeBot/1.0; +claudebot@anthropic.com)"
144.76.32.241 - - [25/Apr/2026:12:36:02 -0400] "GET /shop/rei/goods/61691984416 HTTP/1.1" 200 31652 "-" "Mozilla/5.0 (compatible; SERankingBacklinksBot/1.0; +https://seranking.com/backlinks-crawler)"
216.73.217.105 - - [25/Apr/2026:12:36:03 -0400] "GET /shop/hormone/goods/61653390530 HTTP/1.1" 500 0 "-" "Mozilla/5.0 AppleWebKit/537.36 (KHTML, like Gecko; compatible; ClaudeBot/1.0; +claudebot@anthropic.com)"
144.76.32.241 - - [25/Apr/2026:12:36:06 -0400] "GET /shop/org/goods/61702480039 HTTP/1.1" 200 32019 "-" "Mozilla/5.0 (compatible; SERankingBacklinksBot/1.0; +https://seranking.com/backlinks-crawler)"
216.73.217.105 - - [25/Apr/2026:12:36:08 -0400] "GET /shop/bastard/goods/616913062887 HTTP/1.1" 500 0 "-" "Mozilla/5.0 AppleWebKit/537.36 (KHTML, like Gecko; compatible; ClaudeBot/1.0; +claudebot@anthropic.com)"
144.76.32.241 - - [25/Apr/2026:12:36:10 -0400] "GET /shop/rei/goods/61692024390 HTTP/1.1" 200 31417 "-" "Mozilla/5.0 (compatible; SERankingBacklinksBot/1.0; +https://seranking.com/backlinks-crawler)"
66.249.66.201 - - [25/Apr/2026:12:36:12 -0400] "GET /?shop/cars/goods/61702406109 HTTP/1.1" 200 26067 "-" "Mozilla/5.0 (Linux; Android 6.0.1; Nexus 5X Build/MMB29P) AppleWebKit/537.36 (KHTML, like Gecko) Chrome/146.0.7680.177 Mobile Safari/537.36 (compatible; Googlebot/2.1; +http://www.google.com/bot.html)"
216.73.217.105 - - [25/Apr/2026:12:36:13 -0400] "GET /shop/newsgroup/goods/61697173172 HTTP/1.1" 500 0 "-" "Mozilla/5.0 AppleWebKit/537.36 (KHTML, like Gecko; compatible; ClaudeBot/1.0; +claudebot@anthropic.com)"
144.76.32.241 - - [25/Apr/2026:12:36:13 -0400] "GET /shop/org/goods/61702520013 HTTP/1.1" 200 31436 "-" "Mozilla/5.0 (compatible; SERankingBacklinksBot/1.0; +https://seranking.com/backlinks-crawler)"
216.73.217.105 - - [25/Apr/2026:12:36:18 -0400] "GET /shop/stylish/goods/61681688636 HTTP/1.1" 500 0 "-" "Mozilla/5.0 AppleWebKit/537.36 (KHTML, like Gecko; compatible; ClaudeBot/1.0; +claudebot@anthropic.com)"
144.76.32.241 - - [25/Apr/2026:12:36:17 -0400] "GET /shop/rei/goods/61702295186 HTTP/1.1" 200 31724 "-" "Mozilla/5.0 (compatible; SERankingBacklinksBot/1.0; +https://seranking.com/backlinks-crawler)"
144.76.32.241 - - [25/Apr/2026:12:36:21 -0400] "GET /shop/org/goods/61702579974 HTTP/1.1" 200 30734 "-" "Mozilla/5.0 (compatible; SERankingBacklinksBot/1.0; +https://seranking.com/backlinks-crawler)"
216.73.217.105 - - [25/Apr/2026:12:36:23 -0400] "GET /shop/motif/goods/61689746722 HTTP/1.1" 500 0 "-" "Mozilla/5.0 AppleWebKit/537.36 (KHTML, like Gecko; compatible; ClaudeBot/1.0; +claudebot@anthropic.com)"
144.76.32.241 - - [25/Apr/2026:12:36:26 -0400] "GET /shop/rei/goods/61702315173 HTTP/1.1" 200 31435 "-" "Mozilla/5.0 (compatible; SERankingBacklinksBot/1.0; +https://seranking.com/backlinks-crawler)"
216.73.217.105 - - [25/Apr/2026:12:36:28 -0400] "GET /shop/conditioners/goods/617010658787 HTTP/1.1" 500 0 "-" "Mozilla/5.0 AppleWebKit/537.36 (KHTML, like Gecko; compatible; ClaudeBot/1.0; +claudebot@anthropic.com)"
144.76.32.241 - - [25/Apr/2026:12:36:30 -0400] "GET /shop/org/goods/61702639935 HTTP/1.1" 200 30853 "-" "Mozilla/5.0 (compatible; SERankingBacklinksBot/1.0; +https://seranking.com/backlinks-crawler)"
216.73.217.105 - - [25/Apr/2026:12:36:33 -0400] "GET /shop/aquatic/goods/61674095911 HTTP/1.1" 500 0 "-" "Mozilla/5.0 AppleWebKit/537.36 (KHTML, like Gecko; compatible; ClaudeBot/1.0; +claudebot@anthropic.com)"
144.76.32.241 - - [25/Apr/2026:12:36:34 -0400] "GET /shop/rei/goods/61702355147 HTTP/1.1" 200 31119 "-" "Mozilla/5.0 (compatible; SERankingBacklinksBot/1.0; +https://seranking.com/backlinks-crawler)"
216.73.217.105 - - [25/Apr/2026:12:36:38 -0400] "GET /shop/malignant/goods/61702477711 HTTP/1.1" 500 0 "-" "Mozilla/5.0 AppleWebKit/537.36 (KHTML, like Gecko; compatible; ClaudeBot/1.0; +claudebot@anthropic.com)"
144.76.32.241 - - [25/Apr/2026:12:36:38 -0400] "GET /shop/org/goods/61702679909 HTTP/1.1" 200 30949 "-" "Mozilla/5.0 (compatible; SERankingBacklinksBot/1.0; +https://seranking.com/backlinks-crawler)"
144.76.32.241 - - [25/Apr/2026:12:36:42 -0400] "GET /shop/rei/goods/61702395121 HTTP/1.1" 200 32031 "-" "Mozilla/5.0 (compatible; SERankingBacklinksBot/1.0; +https://seranking.com/backlinks-crawler)"
216.73.217.105 - - [25/Apr/2026:12:36:43 -0400] "GET /shop/redundancy/goods/616413739602 HTTP/1.1" 500 0 "-" "Mozilla/5.0 AppleWebKit/537.36 (KHTML, like Gecko; compatible; ClaudeBot/1.0; +claudebot@anthropic.com)"
144.76.32.241 - - [25/Apr/2026:12:36:45 -0400] "GET /shop/organ/goods/616420447 HTTP/1.1" 200 30998 "-" "Mozilla/5.0 (compatible; SERankingBacklinksBot/1.0; +https://seranking.com/backlinks-crawler)"
216.73.217.105 - - [25/Apr/2026:12:36:49 -0400] "GET /shop/moto/goods/61676755602 HTTP/1.1" 500 0 "-" "Mozilla/5.0 AppleWebKit/537.36 (KHTML, like Gecko; compatible; ClaudeBot/1.0; +claudebot@anthropic.com)"
144.76.32.241 - - [25/Apr/2026:12:36:50 -0400] "GET /shop/rei/goods/61702515043 HTTP/1.1" 200 32353 "-" "Mozilla/5.0 (compatible; SERankingBacklinksBot/1.0; +https://seranking.com/backlinks-crawler)"
144.76.32.241 - - [25/Apr/2026:12:36:54 -0400] "GET /shop/organs/goods/61646206 HTTP/1.1" 200 32748 "-" "Mozilla/5.0 (compatible; SERankingBacklinksBot/1.0; +https://seranking.com/backlinks-crawler)"
216.73.217.105 - - [25/Apr/2026:12:36:54 -0400] "GET /shop/indirectly/goods/616912892802 HTTP/1.1" 500 0 "-" "Mozilla/5.0 AppleWebKit/537.36 (KHTML, like Gecko; compatible; ClaudeBot/1.0; +claudebot@anthropic.com)"
216.73.217.105 - - [25/Apr/2026:12:36:59 -0400] "GET /shop/dwight/goods/61702502951 HTTP/1.1" 500 0 "-" "Mozilla/5.0 AppleWebKit/537.36 (KHTML, like Gecko; compatible; ClaudeBot/1.0; +claudebot@anthropic.com)"
144.76.32.241 - - [25/Apr/2026:12:36:59 -0400] "GET /shop/rei/goods/61702575004 HTTP/1.1" 200 31593 "-" "Mozilla/5.0 (compatible; SERankingBacklinksBot/1.0; +https://seranking.com/backlinks-crawler)"
144.76.32.241 - - [25/Apr/2026:12:37:02 -0400] "GET /shop/orgy/goods/6164170323 HTTP/1.1" 200 31040 "-" "Mozilla/5.0 (compatible; SERankingBacklinksBot/1.0; +https://seranking.com/backlinks-crawler)"
216.73.217.105 - - [25/Apr/2026:12:37:04 -0400] "GET /shop/twist/goods/616926400062 HTTP/1.1" 500 0 "-" "Mozilla/5.0 AppleWebKit/537.36 (KHTML, like Gecko; compatible; ClaudeBot/1.0; +claudebot@anthropic.com)"
66.249.66.71 - - [25/Apr/2026:12:37:06 -0400] "GET /?shop/checking/goods/61681638240 HTTP/1.1" 200 32254 "-" "Mozilla/5.0 (Linux; Android 6.0.1; Nexus 5X Build/MMB29P) AppleWebKit/537.36 (KHTML, like Gecko) Chrome/146.0.7680.177 Mobile Safari/537.36 (compatible; Googlebot/2.1; +http://www.google.com/bot.html)"
144.76.32.241 - - [25/Apr/2026:12:37:07 -0400] "GET /shop/rei/goods/61702594991 HTTP/1.1" 200 31806 "-" "Mozilla/5.0 (compatible; SERankingBacklinksBot/1.0; +https://seranking.com/backlinks-crawler)"
216.73.217.105 - - [25/Apr/2026:12:37:09 -0400] "GET /shop/professionals/goods/616424568264 HTTP/1.1" 500 0 "-" "Mozilla/5.0 AppleWebKit/537.36 (KHTML, like Gecko; compatible; ClaudeBot/1.0; +claudebot@anthropic.com)"
144.76.32.241 - - [25/Apr/2026:12:37:11 -0400] "GET /shop/orgy/goods/6164270258 HTTP/1.1" 200 31493 "-" "Mozilla/5.0 (compatible; SERankingBacklinksBot/1.0; +https://seranking.com/backlinks-crawler)"
216.73.217.105 - - [25/Apr/2026:12:37:14 -0400] "GET /shop/britney/goods/616413573485 HTTP/1.1" 500 0 "-" "Mozilla/5.0 AppleWebKit/537.36 (KHTML, like Gecko; compatible; ClaudeBot/1.0; +claudebot@anthropic.com)"
144.76.32.241 - - [25/Apr/2026:12:37:15 -0400] "GET /shop/rei/goods/61702614978 HTTP/1.1" 200 31726 "-" "Mozilla/5.0 (compatible; SERankingBacklinksBot/1.0; +https://seranking.com/backlinks-crawler)"
216.73.217.105 - - [25/Apr/2026:12:37:19 -0400] "GET /shop/clay/goods/61676727322 HTTP/1.1" 500 0 "-" "Mozilla/5.0 AppleWebKit/537.36 (KHTML, like Gecko; compatible; ClaudeBot/1.0; +claudebot@anthropic.com)"
144.76.32.241 - - [25/Apr/2026:12:37:19 -0400] "GET /shop/orgy/goods/6165301210 HTTP/1.1" 200 31308 "-" "Mozilla/5.0 (compatible; SERankingBacklinksBot/1.0; +https://seranking.com/backlinks-crawler)"
144.76.32.241 - - [25/Apr/2026:12:37:23 -0400] "GET /shop/rei/goods/61702674939 HTTP/1.1" 200 33926 "-" "Mozilla/5.0 (compatible; SERankingBacklinksBot/1.0; +https://seranking.com/backlinks-crawler)"
216.73.217.105 - - [25/Apr/2026:12:37:24 -0400] "GET /shop/promptly/goods/61697291545 HTTP/1.1" 500 0 "-" "Mozilla/5.0 AppleWebKit/537.36 (KHTML, like Gecko; compatible; ClaudeBot/1.0; +claudebot@anthropic.com)"
144.76.32.241 - - [25/Apr/2026:12:37:28 -0400] "GET /shop/orgy/goods/6165341184 HTTP/1.1" 200 31421 "-" "Mozilla/5.0 (compatible; SERankingBacklinksBot/1.0; +https://seranking.com/backlinks-crawler)"
216.73.217.105 - - [25/Apr/2026:12:37:29 -0400] "GET /shop/altogether/goods/616725409923 HTTP/1.1" 500 0 "-" "Mozilla/5.0 AppleWebKit/537.36 (KHTML, like Gecko; compatible; ClaudeBot/1.0; +claudebot@anthropic.com)"
144.76.32.241 - - [25/Apr/2026:12:37:32 -0400] "GET /shop/reich/goods/616412472 HTTP/1.1" 200 31893 "-" "Mozilla/5.0 (compatible; SERankingBacklinksBot/1.0; +https://seranking.com/backlinks-crawler)"
144.76.32.241 - - [25/Apr/2026:12:37:36 -0400] "GET /shop/orgy/goods/6165521067 HTTP/1.1" 200 32316 "-" "Mozilla/5.0 (compatible; SERankingBacklinksBot/1.0; +https://seranking.com/backlinks-crawler)"
216.73.217.105 - - [25/Apr/2026:12:37:37 -0400] "GET /shop/mz/goods/616723136660 HTTP/1.1" 500 0 "-" "Mozilla/5.0 AppleWebKit/537.36 (KHTML, like Gecko; compatible; ClaudeBot/1.0; +claudebot@anthropic.com)"
144.76.32.241 - - [25/Apr/2026:12:37:40 -0400] "GET /shop/reid/goods/6164203744 HTTP/1.1" 200 33819 "-" "Mozilla/5.0 (compatible; SERankingBacklinksBot/1.0; +https://seranking.com/backlinks-crawler)"
216.73.217.105 - - [25/Apr/2026:12:37:42 -0400] "GET /shop/solder/goods/616514064952 HTTP/1.1" 500 0 "-" "Mozilla/5.0 AppleWebKit/537.36 (KHTML, like Gecko; compatible; ClaudeBot/1.0; +claudebot@anthropic.com)"
144.76.32.241 - - [25/Apr/2026:12:37:44 -0400] "GET /shop/orgy/goods/6165561041 HTTP/1.1" 200 33461 "-" "Mozilla/5.0 (compatible; SERankingBacklinksBot/1.0; +https://seranking.com/backlinks-crawler)"
216.73.217.105 - - [25/Apr/2026:12:37:47 -0400] "GET /shop/racism/goods/616923807640 HTTP/1.1" 500 0 "-" "Mozilla/5.0 AppleWebKit/537.36 (KHTML, like Gecko; compatible; ClaudeBot/1.0; +claudebot@anthropic.com)"
144.76.32.241 - - [25/Apr/2026:12:37:48 -0400] "GET /shop/reid/goods/6164223731 HTTP/1.1" 200 31165 "-" "Mozilla/5.0 (compatible; SERankingBacklinksBot/1.0; +https://seranking.com/backlinks-crawler)"
216.73.217.105 - - [25/Apr/2026:12:37:50 -0400] "GET /shop/manufacturing/goods/61702538665 HTTP/1.1" 500 0 "-" "Mozilla/5.0 AppleWebKit/537.36 (KHTML, like Gecko; compatible; ClaudeBot/1.0; +claudebot@anthropic.com)"
144.76.32.241 - - [25/Apr/2026:12:37:52 -0400] "GET /shop/orgy/goods/6165640989 HTTP/1.1" 200 31866 "-" "Mozilla/5.0 (compatible; SERankingBacklinksBot/1.0; +https://seranking.com/backlinks-crawler)"
216.73.217.105 - - [25/Apr/2026:12:37:55 -0400] "GET /shop/blonde/goods/61691828816 HTTP/1.1" 500 0 "-" "Mozilla/5.0 AppleWebKit/537.36 (KHTML, like Gecko; compatible; ClaudeBot/1.0; +claudebot@anthropic.com)"
144.76.32.241 - - [25/Apr/2026:12:37:56 -0400] "GET /shop/reid/goods/6164263705 HTTP/1.1" 200 32976 "-" "Mozilla/5.0 (compatible; SERankingBacklinksBot/1.0; +https://seranking.com/backlinks-crawler)"
216.73.217.105 - - [25/Apr/2026:12:38:00 -0400] "GET /shop/clearer/goods/61708042886 HTTP/1.1" 500 0 "-" "Mozilla/5.0 AppleWebKit/537.36 (KHTML, like Gecko; compatible; ClaudeBot/1.0; +claudebot@anthropic.com)"
144.76.32.241 - - [25/Apr/2026:12:38:01 -0400] "GET /shop/orgy/goods/6165780898 HTTP/1.1" 200 33035 "-" "Mozilla/5.0 (compatible; SERankingBacklinksBot/1.0; +https://seranking.com/backlinks-crawler)"
216.73.217.105 - - [25/Apr/2026:12:38:04 -0400] "GET /shop/bernie/goods/616424687090 HTTP/1.1" 500 0 "-" "Mozilla/5.0 AppleWebKit/537.36 (KHTML, like Gecko; compatible; ClaudeBot/1.0; +claudebot@anthropic.com)"
144.76.32.241 - - [25/Apr/2026:12:38:05 -0400] "GET /shop/reid/goods/6165474540 HTTP/1.1" 200 31323 "-" "Mozilla/5.0 (compatible; SERankingBacklinksBot/1.0; +https://seranking.com/backlinks-crawler)"
144.76.32.241 - - [25/Apr/2026:12:38:08 -0400] "GET /shop/orgy/goods/6166791863 HTTP/1.1" 200 31613 "-" "Mozilla/5.0 (compatible; SERankingBacklinksBot/1.0; +https://seranking.com/backlinks-crawler)"
216.73.217.105 - - [25/Apr/2026:12:38:09 -0400] "GET /shop/psalms/goods/61691771016 HTTP/1.1" 500 0 "-" "Mozilla/5.0 AppleWebKit/537.36 (KHTML, like Gecko; compatible; ClaudeBot/1.0; +claudebot@anthropic.com)"
144.76.32.241 - - [25/Apr/2026:12:38:13 -0400] "GET /shop/reid/goods/6165754358 HTTP/1.1" 200 31101 "-" "Mozilla/5.0 (compatible; SERankingBacklinksBot/1.0; +https://seranking.com/backlinks-crawler)"
216.73.217.105 - - [25/Apr/2026:12:38:14 -0400] "GET /shop/delightful/goods/616728123259 HTTP/1.1" 500 0 "-" "Mozilla/5.0 AppleWebKit/537.36 (KHTML, like Gecko; compatible; ClaudeBot/1.0; +claudebot@anthropic.com)"
144.76.32.241 - - [25/Apr/2026:12:38:17 -0400] "GET /shop/orgy/goods/6166891798 HTTP/1.1" 200 32354 "-" "Mozilla/5.0 (compatible; SERankingBacklinksBot/1.0; +https://seranking.com/backlinks-crawler)"
216.73.217.105 - - [25/Apr/2026:12:38:19 -0400] "GET /shop/statues/goods/616527571687 HTTP/1.1" 500 0 "-" "Mozilla/5.0 AppleWebKit/537.36 (KHTML, like Gecko; compatible; ClaudeBot/1.0; +claudebot@anthropic.com)"
144.76.32.241 - - [25/Apr/2026:12:38:21 -0400] "GET /shop/reid/goods/6166825284 HTTP/1.1" 200 32041 "-" "Mozilla/5.0 (compatible; SERankingBacklinksBot/1.0; +https://seranking.com/backlinks-crawler)"
216.73.217.105 - - [25/Apr/2026:12:38:24 -0400] "GET /shop/hearings/goods/616527646821 HTTP/1.1" 500 0 "-" "Mozilla/5.0 AppleWebKit/537.36 (KHTML, like Gecko; compatible; ClaudeBot/1.0; +claudebot@anthropic.com)"
144.76.32.241 - - [25/Apr/2026:12:38:25 -0400] "GET /shop/orgy/goods/6167942737 HTTP/1.1" 200 31384 "-" "Mozilla/5.0 (compatible; SERankingBacklinksBot/1.0; +https://seranking.com/backlinks-crawler)"
216.73.217.105 - - [25/Apr/2026:12:38:29 -0400] "GET /shop/generations/goods/616524934489 HTTP/1.1" 500 0 "-" "Mozilla/5.0 AppleWebKit/537.36 (KHTML, like Gecko; compatible; ClaudeBot/1.0; +claudebot@anthropic.com)"
144.76.32.241 - - [25/Apr/2026:12:38:29 -0400] "GET /shop/reid/goods/6167976158 HTTP/1.1" 200 33366 "-" "Mozilla/5.0 (compatible; SERankingBacklinksBot/1.0; +https://seranking.com/backlinks-crawler)"
144.76.32.241 - - [25/Apr/2026:12:38:34 -0400] "GET /shop/orig/goods/6164271448 HTTP/1.1" 200 30969 "-" "Mozilla/5.0 (compatible; SERankingBacklinksBot/1.0; +https://seranking.com/backlinks-crawler)"
216.73.217.105 - - [25/Apr/2026:12:38:34 -0400] "GET /shop/estates/goods/616424491893 HTTP/1.1" 500 0 "-" "Mozilla/5.0 AppleWebKit/537.36 (KHTML, like Gecko; compatible; ClaudeBot/1.0; +claudebot@anthropic.com)"
144.76.32.241 - - [25/Apr/2026:12:38:38 -0400] "GET /shop/reid/goods/6167996145 HTTP/1.1" 200 31327 "-" "Mozilla/5.0 (compatible; SERankingBacklinksBot/1.0; +https://seranking.com/backlinks-crawler)"
216.73.217.105 - - [25/Apr/2026:12:38:39 -0400] "GET /shop/fortran/goods/616828788187 HTTP/1.1" 500 0 "-" "Mozilla/5.0 AppleWebKit/537.36 (KHTML, like Gecko; compatible; ClaudeBot/1.0; +claudebot@anthropic.com)"
144.76.32.241 - - [25/Apr/2026:12:38:42 -0400] "GET /shop/orig/goods/6165602205 HTTP/1.1" 200 31085 "-" "Mozilla/5.0 (compatible; SERankingBacklinksBot/1.0; +https://seranking.com/backlinks-crawler)"
216.73.217.105 - - [25/Apr/2026:12:38:44 -0400] "GET /shop/fucked/goods/616725616624 HTTP/1.1" 500 0 "-" "Mozilla/5.0 AppleWebKit/537.36 (KHTML, like Gecko; compatible; ClaudeBot/1.0; +claudebot@anthropic.com)"
144.76.32.241 - - [25/Apr/2026:12:38:46 -0400] "GET /shop/reiki/goods/616493067 HTTP/1.1" 200 31855 "-" "Mozilla/5.0 (compatible; SERankingBacklinksBot/1.0; +https://seranking.com/backlinks-crawler)"
66.249.66.39 - - [25/Apr/2026:12:38:47 -0400] "GET /wp-content/themes/Divi/includes/builder/images/ui-bg_glass_95_fef1ec_1x400.png HTTP/1.1" 200 332 "-" "Googlebot-Image/1.0"
216.73.217.105 - - [25/Apr/2026:12:38:49 -0400] "GET /shop/knights/goods/616931677673 HTTP/1.1" 500 0 "-" "Mozilla/5.0 AppleWebKit/537.36 (KHTML, like Gecko; compatible; ClaudeBot/1.0; +claudebot@anthropic.com)"
144.76.32.241 - - [25/Apr/2026:12:38:50 -0400] "GET /shop/orig/goods/6165702140 HTTP/1.1" 200 31789 "-" "Mozilla/5.0 (compatible; SERankingBacklinksBot/1.0; +https://seranking.com/backlinks-crawler)"
216.73.217.105 - - [25/Apr/2026:12:38:54 -0400] "GET /shop/trina/goods/61673815150 HTTP/1.1" 500 0 "-" "Mozilla/5.0 AppleWebKit/537.36 (KHTML, like Gecko; compatible; ClaudeBot/1.0; +claudebot@anthropic.com)"
144.76.32.241 - - [25/Apr/2026:12:38:55 -0400] "GET /shop/rel/goods/61671037868 HTTP/1.1" 200 31075 "-" "Mozilla/5.0 (compatible; SERankingBacklinksBot/1.0; +https://seranking.com/backlinks-crawler)"
216.73.217.105 - - [25/Apr/2026:12:38:59 -0400] "GET /shop/federally/goods/616614434147 HTTP/1.1" 500 0 "-" "Mozilla/5.0 AppleWebKit/537.36 (KHTML, like Gecko; compatible; ClaudeBot/1.0; +claudebot@anthropic.com)"
144.76.32.241 - - [25/Apr/2026:12:38:59 -0400] "GET /shop/orig/goods/6166932962 HTTP/1.1" 200 31803 "-" "Mozilla/5.0 (compatible; SERankingBacklinksBot/1.0; +https://seranking.com/backlinks-crawler)"
144.76.32.241 - - [25/Apr/2026:12:39:04 -0400] "GET /shop/rel/goods/61671077842 HTTP/1.1" 200 32248 "-" "Mozilla/5.0 (compatible; SERankingBacklinksBot/1.0; +https://seranking.com/backlinks-crawler)"
216.73.217.105 - - [25/Apr/2026:12:39:04 -0400] "GET /shop/dunno/goods/616728306544 HTTP/1.1" 500 0 "-" "Mozilla/5.0 AppleWebKit/537.36 (KHTML, like Gecko; compatible; ClaudeBot/1.0; +claudebot@anthropic.com)"
216.73.217.105 - - [25/Apr/2026:12:39:08 -0400] "GET /shop/pvt/goods/61686957641 HTTP/1.1" 500 0 "-" "Mozilla/5.0 AppleWebKit/537.36 (KHTML, like Gecko; compatible; ClaudeBot/1.0; +claudebot@anthropic.com)"
144.76.32.241 - - [25/Apr/2026:12:39:08 -0400] "GET /shop/orig/goods/6167963914 HTTP/1.1" 200 31662 "-" "Mozilla/5.0 (compatible; SERankingBacklinksBot/1.0; +https://seranking.com/backlinks-crawler)"
144.76.32.241 - - [25/Apr/2026:12:39:12 -0400] "GET /shop/rel/goods/61671237738 HTTP/1.1" 200 32743 "-" "Mozilla/5.0 (compatible; SERankingBacklinksBot/1.0; +https://seranking.com/backlinks-crawler)"
216.73.217.105 - - [25/Apr/2026:12:39:15 -0400] "GET /shop/leroy/goods/61705242485 HTTP/1.1" 500 0 "-" "Mozilla/5.0 AppleWebKit/537.36 (KHTML, like Gecko; compatible; ClaudeBot/1.0; +claudebot@anthropic.com)"
144.76.32.241 - - [25/Apr/2026:12:39:15 -0400] "GET /shop/orion/goods/616458726 HTTP/1.1" 200 33117 "-" "Mozilla/5.0 (compatible; SERankingBacklinksBot/1.0; +https://seranking.com/backlinks-crawler)"
144.76.32.241 - - [25/Apr/2026:12:39:19 -0400] "GET /shop/rel/goods/61671297699 HTTP/1.1" 200 31259 "-" "Mozilla/5.0 (compatible; SERankingBacklinksBot/1.0; +https://seranking.com/backlinks-crawler)"
216.73.217.105 - - [25/Apr/2026:12:39:20 -0400] "GET /shop/lawsuit/goods/61676641313 HTTP/1.1" 500 0 "-" "Mozilla/5.0 AppleWebKit/537.36 (KHTML, like Gecko; compatible; ClaudeBot/1.0; +claudebot@anthropic.com)"
144.76.32.241 - - [25/Apr/2026:12:39:23 -0400] "GET /shop/oro/goods/61671019937 HTTP/1.1" 200 31101 "-" "Mozilla/5.0 (compatible; SERankingBacklinksBot/1.0; +https://seranking.com/backlinks-crawler)"
216.73.217.105 - - [25/Apr/2026:12:39:25 -0400] "GET /shop/northeastern/goods/617013188903 HTTP/1.1" 500 0 "-" "Mozilla/5.0 AppleWebKit/537.36 (KHTML, like Gecko; compatible; ClaudeBot/1.0; +claudebot@anthropic.com)"
144.76.32.241 - - [25/Apr/2026:12:39:27 -0400] "GET /shop/rel/goods/61671397634 HTTP/1.1" 200 31148 "-" "Mozilla/5.0 (compatible; SERankingBacklinksBot/1.0; +https://seranking.com/backlinks-crawler)"
216.73.217.105 - - [25/Apr/2026:12:39:30 -0400] "GET /shop/esa/goods/616627962787 HTTP/1.1" 500 0 "-" "Mozilla/5.0 AppleWebKit/537.36 (KHTML, like Gecko; compatible; ClaudeBot/1.0; +claudebot@anthropic.com)"
144.76.32.241 - - [25/Apr/2026:12:39:32 -0400] "GET /shop/oro/goods/61671079898 HTTP/1.1" 200 31244 "-" "Mozilla/5.0 (compatible; SERankingBacklinksBot/1.0; +https://seranking.com/backlinks-crawler)"
216.73.217.105 - - [25/Apr/2026:12:39:35 -0400] "GET /shop/stove/goods/616926274662 HTTP/1.1" 500 0 "-" "Mozilla/5.0 AppleWebKit/537.36 (KHTML, like Gecko; compatible; ClaudeBot/1.0; +claudebot@anthropic.com)"
144.76.32.241 - - [25/Apr/2026:12:39:36 -0400] "GET /shop/rel/goods/61671437608 HTTP/1.1" 200 32366 "-" "Mozilla/5.0 (compatible; SERankingBacklinksBot/1.0; +https://seranking.com/backlinks-crawler)"
144.76.32.241 - - [25/Apr/2026:12:39:40 -0400] "GET /shop/oro/goods/61671099885 HTTP/1.1" 200 32195 "-" "Mozilla/5.0 (compatible; SERankingBacklinksBot/1.0; +https://seranking.com/backlinks-crawler)"
216.73.217.105 - - [25/Apr/2026:12:39:40 -0400] "GET /shop/callaway/goods/616525166862 HTTP/1.1" 500 0 "-" "Mozilla/5.0 AppleWebKit/537.36 (KHTML, like Gecko; compatible; ClaudeBot/1.0; +claudebot@anthropic.com)"
144.76.32.241 - - [25/Apr/2026:12:39:44 -0400] "GET /shop/rel/goods/61681508534 HTTP/1.1" 200 31960 "-" "Mozilla/5.0 (compatible; SERankingBacklinksBot/1.0; +https://seranking.com/backlinks-crawler)"
216.73.217.105 - - [25/Apr/2026:12:39:45 -0400] "GET /shop/receipts/goods/616929145445 HTTP/1.1" 500 0 "-" "Mozilla/5.0 AppleWebKit/537.36 (KHTML, like Gecko; compatible; ClaudeBot/1.0; +claudebot@anthropic.com)"
144.76.32.241 - - [25/Apr/2026:12:39:48 -0400] "GET /shop/oro/goods/61671119872 HTTP/1.1" 200 31644 "-" "Mozilla/5.0 (compatible; SERankingBacklinksBot/1.0; +https://seranking.com/backlinks-crawler)"
216.73.217.105 - - [25/Apr/2026:12:39:50 -0400] "GET /shop/equestrian/goods/616413597108 HTTP/1.1" 500 0 "-" "Mozilla/5.0 AppleWebKit/537.36 (KHTML, like Gecko; compatible; ClaudeBot/1.0; +claudebot@anthropic.com)"
144.76.32.241 - - [25/Apr/2026:12:39:52 -0400] "GET /shop/rel/goods/61681608469 HTTP/1.1" 200 32695 "-" "Mozilla/5.0 (compatible; SERankingBacklinksBot/1.0; +https://seranking.com/backlinks-crawler)"
216.73.217.105 - - [25/Apr/2026:12:39:55 -0400] "GET /shop/wastes/goods/61707738177 HTTP/1.1" 500 0 "-" "Mozilla/5.0 AppleWebKit/537.36 (KHTML, like Gecko; compatible; ClaudeBot/1.0; +claudebot@anthropic.com)"
144.76.32.241 - - [25/Apr/2026:12:39:58 -0400] "GET /shop/oro/goods/61671159846 HTTP/1.1" 200 31777 "-" "Mozilla/5.0 (compatible; SERankingBacklinksBot/1.0; +https://seranking.com/backlinks-crawler)"
216.73.217.105 - - [25/Apr/2026:12:40:00 -0400] "GET /shop/radiology/goods/61653435946 HTTP/1.1" 500 0 "-" "Mozilla/5.0 AppleWebKit/537.36 (KHTML, like Gecko; compatible; ClaudeBot/1.0; +claudebot@anthropic.com)"
144.76.32.241 - - [25/Apr/2026:12:40:02 -0400] "GET /shop/rel/goods/61681628456 HTTP/1.1" 200 36595 "-" "Mozilla/5.0 (compatible; SERankingBacklinksBot/1.0; +https://seranking.com/backlinks-crawler)"
144.76.32.241 - - [25/Apr/2026:12:40:06 -0400] "GET /shop/oro/goods/61671239794 HTTP/1.1" 200 31151 "-" "Mozilla/5.0 (compatible; SERankingBacklinksBot/1.0; +https://seranking.com/backlinks-crawler)"
216.73.217.105 - - [25/Apr/2026:12:40:09 -0400] "GET /shop/analysts/goods/617059649952 HTTP/1.1" 500 0 "-" "Mozilla/5.0 AppleWebKit/537.36 (KHTML, like Gecko; compatible; ClaudeBot/1.0; +claudebot@anthropic.com)"
216.73.217.105 - - [25/Apr/2026:12:40:10 -0400] "GET /shop/libtool/goods/616760767789 HTTP/1.1" 500 0 "-" "Mozilla/5.0 AppleWebKit/537.36 (KHTML, like Gecko; compatible; ClaudeBot/1.0; +claudebot@anthropic.com)"
144.76.32.241 - - [25/Apr/2026:12:40:10 -0400] "GET /shop/rel/goods/61681708404 HTTP/1.1" 200 31679 "-" "Mozilla/5.0 (compatible; SERankingBacklinksBot/1.0; +https://seranking.com/backlinks-crawler)"
144.76.32.241 - - [25/Apr/2026:12:40:14 -0400] "GET /shop/oro/goods/61671399690 HTTP/1.1" 200 31558 "-" "Mozilla/5.0 (compatible; SERankingBacklinksBot/1.0; +https://seranking.com/backlinks-crawler)"
216.73.217.105 - - [25/Apr/2026:12:40:16 -0400] "GET /shop/mining/goods/617053822866 HTTP/1.1" 500 0 "-" "Mozilla/5.0 AppleWebKit/537.36 (KHTML, like Gecko; compatible; ClaudeBot/1.0; +claudebot@anthropic.com)"
144.76.32.241 - - [25/Apr/2026:12:40:19 -0400] "GET /shop/rel/goods/61691719369 HTTP/1.1" 200 30846 "-" "Mozilla/5.0 (compatible; SERankingBacklinksBot/1.0; +https://seranking.com/backlinks-crawler)"
216.73.217.105 - - [25/Apr/2026:12:40:20 -0400] "GET /shop/scroll/goods/617054128326 HTTP/1.1" 500 0 "-" "Mozilla/5.0 AppleWebKit/537.36 (KHTML, like Gecko; compatible; ClaudeBot/1.0; +claudebot@anthropic.com)"
144.76.32.241 - - [25/Apr/2026:12:40:23 -0400] "GET /shop/oro/goods/61671419677 HTTP/1.1" 200 32411 "-" "Mozilla/5.0 (compatible; SERankingBacklinksBot/1.0; +https://seranking.com/backlinks-crawler)"
216.73.217.105 - - [25/Apr/2026:12:40:25 -0400] "GET /shop/diagnostics/goods/616861200131 HTTP/1.1" 500 0 "-" "Mozilla/5.0 AppleWebKit/537.36 (KHTML, like Gecko; compatible; ClaudeBot/1.0; +claudebot@anthropic.com)"
144.76.32.241 - - [25/Apr/2026:12:40:27 -0400] "GET /shop/rel/goods/61691779330 HTTP/1.1" 200 32003 "-" "Mozilla/5.0 (compatible; SERankingBacklinksBot/1.0; +https://seranking.com/backlinks-crawler)"
216.73.217.105 - - [25/Apr/2026:12:40:31 -0400] "GET /shop/sci/goods/616457189827 HTTP/1.1" 500 0 "-" "Mozilla/5.0 AppleWebKit/537.36 (KHTML, like Gecko; compatible; ClaudeBot/1.0; +claudebot@anthropic.com)"
144.76.32.241 - - [25/Apr/2026:12:40:31 -0400] "GET /shop/oro/goods/61681490603 HTTP/1.1" 200 33906 "-" "Mozilla/5.0 (compatible; SERankingBacklinksBot/1.0; +https://seranking.com/backlinks-crawler)"
216.73.217.105 - - [25/Apr/2026:12:40:36 -0400] "GET /shop/prweb/goods/616755606021 HTTP/1.1" 500 0 "-" "Mozilla/5.0 AppleWebKit/537.36 (KHTML, like Gecko; compatible; ClaudeBot/1.0; +claudebot@anthropic.com)"
144.76.32.241 - - [25/Apr/2026:12:40:36 -0400] "GET /shop/rel/goods/61691919239 HTTP/1.1" 200 32284 "-" "Mozilla/5.0 (compatible; SERankingBacklinksBot/1.0; +https://seranking.com/backlinks-crawler)"
144.76.32.241 - - [25/Apr/2026:12:40:40 -0400] "GET /shop/oro/goods/61681530577 HTTP/1.1" 200 33276 "-" "Mozilla/5.0 (compatible; SERankingBacklinksBot/1.0; +https://seranking.com/backlinks-crawler)"
216.73.217.105 - - [25/Apr/2026:12:40:41 -0400] "GET /shop/tub/goods/616758339741 HTTP/1.1" 500 0 "-" "Mozilla/5.0 AppleWebKit/537.36 (KHTML, like Gecko; compatible; ClaudeBot/1.0; +claudebot@anthropic.com)"
144.76.32.241 - - [25/Apr/2026:12:40:44 -0400] "GET /shop/rel/goods/61691939226 HTTP/1.1" 200 31317 "-" "Mozilla/5.0 (compatible; SERankingBacklinksBot/1.0; +https://seranking.com/backlinks-crawler)"
216.73.217.105 - - [25/Apr/2026:12:40:46 -0400] "GET /shop/deep/goods/616557259839 HTTP/1.1" 500 0 "-" "Mozilla/5.0 AppleWebKit/537.36 (KHTML, like Gecko; compatible; ClaudeBot/1.0; +claudebot@anthropic.com)"
144.76.32.241 - - [25/Apr/2026:12:40:48 -0400] "GET /shop/oro/goods/61681590538 HTTP/1.1" 200 32952 "-" "Mozilla/5.0 (compatible; SERankingBacklinksBot/1.0; +https://seranking.com/backlinks-crawler)"
144.76.32.241 - - [25/Apr/2026:12:40:52 -0400] "GET /shop/rel/goods/61691979200 HTTP/1.1" 200 31222 "-" "Mozilla/5.0 (compatible; SERankingBacklinksBot/1.0; +https://seranking.com/backlinks-crawler)"
216.73.217.105 - - [25/Apr/2026:12:40:53 -0400] "GET /shop/ripe/goods/61705105053 HTTP/1.1" 500 0 "-" "Mozilla/5.0 AppleWebKit/537.36 (KHTML, like Gecko; compatible; ClaudeBot/1.0; +claudebot@anthropic.com)"
144.76.32.241 - - [25/Apr/2026:12:40:57 -0400] "GET /shop/oro/goods/61681690473 HTTP/1.1" 200 32718 "-" "Mozilla/5.0 (compatible; SERankingBacklinksBot/1.0; +https://seranking.com/backlinks-crawler)"
216.73.217.105 - - [25/Apr/2026:12:40:58 -0400] "GET /shop/illegally/goods/61666220786 HTTP/1.1" 500 0 "-" "Mozilla/5.0 AppleWebKit/537.36 (KHTML, like Gecko; compatible; ClaudeBot/1.0; +claudebot@anthropic.com)"
144.76.32.241 - - [25/Apr/2026:12:41:01 -0400] "GET /shop/rel/goods/61702309957 HTTP/1.1" 200 32653 "-" "Mozilla/5.0 (compatible; SERankingBacklinksBot/1.0; +https://seranking.com/backlinks-crawler)"
216.73.217.105 - - [25/Apr/2026:12:41:03 -0400] "GET /shop/trays/goods/616429900937 HTTP/1.1" 500 0 "-" "Mozilla/5.0 AppleWebKit/537.36 (KHTML, like Gecko; compatible; ClaudeBot/1.0; +claudebot@anthropic.com)"
144.76.32.241 - - [25/Apr/2026:12:41:06 -0400] "GET /shop/oro/goods/61691721425 HTTP/1.1" 200 32051 "-" "Mozilla/5.0 (compatible; SERankingBacklinksBot/1.0; +https://seranking.com/backlinks-crawler)"
216.73.217.105 - - [25/Apr/2026:12:41:08 -0400] "GET /shop/messageslog/goods/616427278489 HTTP/1.1" 500 0 "-" "Mozilla/5.0 AppleWebKit/537.36 (KHTML, like Gecko; compatible; ClaudeBot/1.0; +claudebot@anthropic.com)"
144.76.32.241 - - [25/Apr/2026:12:41:10 -0400] "GET /shop/rel/goods/61702389905 HTTP/1.1" 200 31849 "-" "Mozilla/5.0 (compatible; SERankingBacklinksBot/1.0; +https://seranking.com/backlinks-crawler)"
216.73.217.105 - - [25/Apr/2026:12:41:13 -0400] "GET /shop/musicals/goods/61655741641 HTTP/1.1" 500 0 "-" "Mozilla/5.0 AppleWebKit/537.36 (KHTML, like Gecko; compatible; ClaudeBot/1.0; +claudebot@anthropic.com)"
144.76.32.241 - - [25/Apr/2026:12:41:14 -0400] "GET /shop/oro/goods/61691741412 HTTP/1.1" 200 32120 "-" "Mozilla/5.0 (compatible; SERankingBacklinksBot/1.0; +https://seranking.com/backlinks-crawler)"
66.249.66.201 - - [25/Apr/2026:12:41:15 -0400] "GET /?shop/rosie/goods/61691826365?_gl=1*160lw79*Rakuma_gcl_au*MTA1ODMyNzE4MS4xNzczOTc3NTcy*_gcl_au*MjA0ODkzODUzMi4xNzczOTc3NTc0*_ga*MTc3MjY1ODM3My4xNzczOTc3NTcy*_ga_7KV9PBS698*czE3NzQyNDYxNTQkbzQkZzEkdDE3NzQyNDcwNDEkajU0JGwwJGgw HTTP/1.1" 200 26867 "-" "Mozilla/5.0 (Linux; Android 6.0.1; Nexus 5X Build/MMB29P) AppleWebKit/537.36 (KHTML, like Gecko) Chrome/146.0.7680.177 Mobile Safari/537.36 (compatible; Googlebot/2.1; +http://www.google.com/bot.html)"
216.73.217.105 - - [25/Apr/2026:12:41:18 -0400] "GET /shop/hung/goods/616823391662 HTTP/1.1" 500 0 "-" "Mozilla/5.0 AppleWebKit/537.36 (KHTML, like Gecko; compatible; ClaudeBot/1.0; +claudebot@anthropic.com)"
144.76.32.241 - - [25/Apr/2026:12:41:18 -0400] "GET /shop/rel/goods/61702429879 HTTP/1.1" 200 33366 "-" "Mozilla/5.0 (compatible; SERankingBacklinksBot/1.0; +https://seranking.com/backlinks-crawler)"
144.76.32.241 - - [25/Apr/2026:12:41:23 -0400] "GET /shop/oro/goods/61691901308 HTTP/1.1" 200 31768 "-" "Mozilla/5.0 (compatible; SERankingBacklinksBot/1.0; +https://seranking.com/backlinks-crawler)"
216.73.217.105 - - [25/Apr/2026:12:41:23 -0400] "GET /shop/likes/goods/61673697051 HTTP/1.1" 500 0 "-" "Mozilla/5.0 AppleWebKit/537.36 (KHTML, like Gecko; compatible; ClaudeBot/1.0; +claudebot@anthropic.com)"
144.76.32.241 - - [25/Apr/2026:12:41:27 -0400] "GET /shop/rel/goods/61702509827 HTTP/1.1" 200 34021 "-" "Mozilla/5.0 (compatible; SERankingBacklinksBot/1.0; +https://seranking.com/backlinks-crawler)"
216.73.217.105 - - [25/Apr/2026:12:41:28 -0400] "GET /shop/sudoku/goods/61707960917 HTTP/1.1" 500 0 "-" "Mozilla/5.0 AppleWebKit/537.36 (KHTML, like Gecko; compatible; ClaudeBot/1.0; +claudebot@anthropic.com)"
144.76.32.241 - - [25/Apr/2026:12:41:31 -0400] "GET /shop/oro/goods/61691941282 HTTP/1.1" 200 31592 "-" "Mozilla/5.0 (compatible; SERankingBacklinksBot/1.0; +https://seranking.com/backlinks-crawler)"
216.73.217.105 - - [25/Apr/2026:12:41:33 -0400] "GET /shop/weymouth/goods/61689679878 HTTP/1.1" 500 0 "-" "Mozilla/5.0 AppleWebKit/537.36 (KHTML, like Gecko; compatible; ClaudeBot/1.0; +claudebot@anthropic.com)"
144.76.32.241 - - [25/Apr/2026:12:41:35 -0400] "GET /shop/rel/goods/61702589775 HTTP/1.1" 200 31432 "-" "Mozilla/5.0 (compatible; SERankingBacklinksBot/1.0; +https://seranking.com/backlinks-crawler)"
216.73.217.105 - - [25/Apr/2026:12:41:38 -0400] "GET /shop/renewal/goods/61697288448 HTTP/1.1" 500 0 "-" "Mozilla/5.0 AppleWebKit/537.36 (KHTML, like Gecko; compatible; ClaudeBot/1.0; +claudebot@anthropic.com)"
144.76.32.241 - - [25/Apr/2026:12:41:39 -0400] "GET /shop/oro/goods/61692081191 HTTP/1.1" 200 31356 "-" "Mozilla/5.0 (compatible; SERankingBacklinksBot/1.0; +https://seranking.com/backlinks-crawler)"
144.76.32.241 - - [25/Apr/2026:12:41:44 -0400] "GET /shop/rel/goods/61702609762 HTTP/1.1" 200 31643 "-" "Mozilla/5.0 (compatible; SERankingBacklinksBot/1.0; +https://seranking.com/backlinks-crawler)"
216.73.217.105 - - [25/Apr/2026:12:41:45 -0400] "GET /shop/pak/goods/61658433337 HTTP/1.1" 500 0 "-" "Mozilla/5.0 AppleWebKit/537.36 (KHTML, like Gecko; compatible; ClaudeBot/1.0; +claudebot@anthropic.com)"
216.73.217.105 - - [25/Apr/2026:12:41:48 -0400] "GET /shop/laws/goods/616953666227 HTTP/1.1" 500 0 "-" "Mozilla/5.0 AppleWebKit/537.36 (KHTML, like Gecko; compatible; ClaudeBot/1.0; +claudebot@anthropic.com)"
144.76.32.241 - - [25/Apr/2026:12:41:48 -0400] "GET /shop/oro/goods/61692121165 HTTP/1.1" 200 31107 "-" "Mozilla/5.0 (compatible; SERankingBacklinksBot/1.0; +https://seranking.com/backlinks-crawler)"
216.73.217.105 - - [25/Apr/2026:12:41:53 -0400] "GET /shop/insured/goods/616557518461 HTTP/1.1" 500 0 "-" "Mozilla/5.0 AppleWebKit/537.36 (KHTML, like Gecko; compatible; ClaudeBot/1.0; +claudebot@anthropic.com)"
144.76.32.241 - - [25/Apr/2026:12:41:53 -0400] "GET /shop/rel/goods/61702669723 HTTP/1.1" 200 31208 "-" "Mozilla/5.0 (compatible; SERankingBacklinksBot/1.0; +https://seranking.com/backlinks-crawler)"
144.76.32.241 - - [25/Apr/2026:12:41:57 -0400] "GET /shop/oro/goods/61702351987 HTTP/1.1" 200 31216 "-" "Mozilla/5.0 (compatible; SERankingBacklinksBot/1.0; +https://seranking.com/backlinks-crawler)"
216.73.217.105 - - [25/Apr/2026:12:41:58 -0400] "GET /shop/troops/goods/61702282423 HTTP/1.1" 500 0 "-" "Mozilla/5.0 AppleWebKit/537.36 (KHTML, like Gecko; compatible; ClaudeBot/1.0; +claudebot@anthropic.com)"
144.76.32.241 - - [25/Apr/2026:12:42:01 -0400] "GET /shop/rel/goods/61702689710 HTTP/1.1" 200 33338 "-" "Mozilla/5.0 (compatible; SERankingBacklinksBot/1.0; +https://seranking.com/backlinks-crawler)"
216.73.217.105 - - [25/Apr/2026:12:42:03 -0400] "GET /shop/neutral/goods/616755311639 HTTP/1.1" 500 0 "-" "Mozilla/5.0 AppleWebKit/537.36 (KHTML, like Gecko; compatible; ClaudeBot/1.0; +claudebot@anthropic.com)"
144.76.32.241 - - [25/Apr/2026:12:42:05 -0400] "GET /shop/oro/goods/61702411948 HTTP/1.1" 200 32227 "-" "Mozilla/5.0 (compatible; SERankingBacklinksBot/1.0; +https://seranking.com/backlinks-crawler)"
216.73.217.105 - - [25/Apr/2026:12:42:08 -0400] "GET /shop/qr/goods/616554565026 HTTP/1.1" 500 0 "-" "Mozilla/5.0 AppleWebKit/537.36 (KHTML, like Gecko; compatible; ClaudeBot/1.0; +claudebot@anthropic.com)"
144.76.32.241 - - [25/Apr/2026:12:42:09 -0400] "GET /shop/spit/goods/6164176713 HTTP/1.1" 200 31127 "-" "Mozilla/5.0 (compatible; SERankingBacklinksBot/1.0; +https://seranking.com/backlinks-crawler)"
216.73.217.105 - - [25/Apr/2026:12:42:13 -0400] "GET /shop/weaker/goods/616655170982 HTTP/1.1" 500 0 "-" "Mozilla/5.0 AppleWebKit/537.36 (KHTML, like Gecko; compatible; ClaudeBot/1.0; +claudebot@anthropic.com)"
144.76.32.241 - - [25/Apr/2026:12:42:13 -0400] "GET /shop/oro/goods/61702491896 HTTP/1.1" 200 33017 "-" "Mozilla/5.0 (compatible; SERankingBacklinksBot/1.0; +https://seranking.com/backlinks-crawler)"
144.76.32.241 - - [25/Apr/2026:12:42:17 -0400] "GET /shop/spit/goods/6165287613 HTTP/1.1" 200 31862 "-" "Mozilla/5.0 (compatible; SERankingBacklinksBot/1.0; +https://seranking.com/backlinks-crawler)"
144.76.32.241 - - [25/Apr/2026:12:42:21 -0400] "GET /shop/oro/goods/61702571844 HTTP/1.1" 200 33038 "-" "Mozilla/5.0 (compatible; SERankingBacklinksBot/1.0; +https://seranking.com/backlinks-crawler)"
144.76.32.241 - - [25/Apr/2026:12:42:25 -0400] "GET /shop/spit/goods/6165307600 HTTP/1.1" 200 31522 "-" "Mozilla/5.0 (compatible; SERankingBacklinksBot/1.0; +https://seranking.com/backlinks-crawler)"
144.76.32.241 - - [25/Apr/2026:12:42:29 -0400] "GET /shop/ors/goods/61671114016 HTTP/1.1" 200 31653 "-" "Mozilla/5.0 (compatible; SERankingBacklinksBot/1.0; +https://seranking.com/backlinks-crawler)"
144.76.32.241 - - [25/Apr/2026:12:42:33 -0400] "GET /shop/spit/goods/6165327587 HTTP/1.1" 200 31997 "-" "Mozilla/5.0 (compatible; SERankingBacklinksBot/1.0; +https://seranking.com/backlinks-crawler)"
144.76.32.241 - - [25/Apr/2026:12:42:37 -0400] "GET /shop/ors/goods/61671153990 HTTP/1.1" 200 31274 "-" "Mozilla/5.0 (compatible; SERankingBacklinksBot/1.0; +https://seranking.com/backlinks-crawler)"
144.76.32.241 - - [25/Apr/2026:12:42:41 -0400] "GET /shop/spit/goods/6165367561 HTTP/1.1" 200 30956 "-" "Mozilla/5.0 (compatible; SERankingBacklinksBot/1.0; +https://seranking.com/backlinks-crawler)"
66.249.66.200 - - [25/Apr/2026:12:42:43 -0400] "GET /?shop/hsn/goods/6167983489 HTTP/1.1" 200 26637 "-" "Mozilla/5.0 (Linux; Android 6.0.1; Nexus 5X Build/MMB29P) AppleWebKit/537.36 (KHTML, like Gecko) Chrome/146.0.7680.177 Mobile Safari/537.36 (compatible; Googlebot/2.1; +http://www.google.com/bot.html)"
144.76.32.241 - - [25/Apr/2026:12:42:45 -0400] "GET /shop/ors/goods/61671193964 HTTP/1.1" 200 31447 "-" "Mozilla/5.0 (compatible; SERankingBacklinksBot/1.0; +https://seranking.com/backlinks-crawler)"
144.76.32.241 - - [25/Apr/2026:12:42:49 -0400] "GET /shop/spit/goods/6165407535 HTTP/1.1" 200 33384 "-" "Mozilla/5.0 (compatible; SERankingBacklinksBot/1.0; +https://seranking.com/backlinks-crawler)"
144.76.32.241 - - [25/Apr/2026:12:42:53 -0400] "GET /shop/ors/goods/61671273912 HTTP/1.1" 200 31461 "-" "Mozilla/5.0 (compatible; SERankingBacklinksBot/1.0; +https://seranking.com/backlinks-crawler)"
216.73.217.105 - - [25/Apr/2026:12:42:56 -0400] "GET /shop/flew/goods/616560050542 HTTP/1.1" 500 0 "-" "Mozilla/5.0 AppleWebKit/537.36 (KHTML, like Gecko; compatible; ClaudeBot/1.0; +claudebot@anthropic.com)"
144.76.32.241 - - [25/Apr/2026:12:42:58 -0400] "GET /shop/spit/goods/6165467496 HTTP/1.1" 200 31376 "-" "Mozilla/5.0 (compatible; SERankingBacklinksBot/1.0; +https://seranking.com/backlinks-crawler)"
216.73.217.105 - - [25/Apr/2026:12:43:01 -0400] "GET /shop/unavailable/goods/616956301041 HTTP/1.1" 500 0 "-" "Mozilla/5.0 AppleWebKit/537.36 (KHTML, like Gecko; compatible; ClaudeBot/1.0; +claudebot@anthropic.com)"
144.76.32.241 - - [25/Apr/2026:12:43:02 -0400] "GET /shop/ors/goods/61671293899 HTTP/1.1" 200 30964 "-" "Mozilla/5.0 (compatible; SERankingBacklinksBot/1.0; +https://seranking.com/backlinks-crawler)"
216.73.217.105 - - [25/Apr/2026:12:43:06 -0400] "GET /shop/consciousness/goods/616457060107 HTTP/1.1" 500 0 "-" "Mozilla/5.0 AppleWebKit/537.36 (KHTML, like Gecko; compatible; ClaudeBot/1.0; +claudebot@anthropic.com)"
144.76.32.241 - - [25/Apr/2026:12:43:06 -0400] "GET /shop/spit/goods/6165667366 HTTP/1.1" 200 33469 "-" "Mozilla/5.0 (compatible; SERankingBacklinksBot/1.0; +https://seranking.com/backlinks-crawler)"
144.76.32.241 - - [25/Apr/2026:12:43:10 -0400] "GET /shop/ors/goods/61671353860 HTTP/1.1" 200 32458 "-" "Mozilla/5.0 (compatible; SERankingBacklinksBot/1.0; +https://seranking.com/backlinks-crawler)"
216.73.217.105 - - [25/Apr/2026:12:43:11 -0400] "GET /shop/helped/goods/616953673326 HTTP/1.1" 500 0 "-" "Mozilla/5.0 AppleWebKit/537.36 (KHTML, like Gecko; compatible; ClaudeBot/1.0; +claudebot@anthropic.com)"
144.76.32.241 - - [25/Apr/2026:12:43:14 -0400] "GET /shop/spit/goods/6165687353 HTTP/1.1" 200 33772 "-" "Mozilla/5.0 (compatible; SERankingBacklinksBot/1.0; +https://seranking.com/backlinks-crawler)"
144.76.32.241 - - [25/Apr/2026:12:43:18 -0400] "GET /shop/ors/goods/61671393834 HTTP/1.1" 200 31711 "-" "Mozilla/5.0 (compatible; SERankingBacklinksBot/1.0; +https://seranking.com/backlinks-crawler)"
216.73.217.105 - - [25/Apr/2026:12:43:19 -0400] "GET /shop/diggs/goods/617056642332 HTTP/1.1" 500 0 "-" "Mozilla/5.0 AppleWebKit/537.36 (KHTML, like Gecko; compatible; ClaudeBot/1.0; +claudebot@anthropic.com)"
216.73.217.105 - - [25/Apr/2026:12:43:21 -0400] "GET /shop/fbi/goods/616454352892 HTTP/1.1" 500 0 "-" "Mozilla/5.0 AppleWebKit/537.36 (KHTML, like Gecko; compatible; ClaudeBot/1.0; +claudebot@anthropic.com)"
144.76.32.241 - - [25/Apr/2026:12:43:22 -0400] "GET /shop/spit/goods/6165707340 HTTP/1.1" 200 31588 "-" "Mozilla/5.0 (compatible; SERankingBacklinksBot/1.0; +https://seranking.com/backlinks-crawler)"
216.73.217.105 - - [25/Apr/2026:12:43:26 -0400] "GET /shop/iis/goods/616560427996 HTTP/1.1" 500 0 "-" "Mozilla/5.0 AppleWebKit/537.36 (KHTML, like Gecko; compatible; ClaudeBot/1.0; +claudebot@anthropic.com)"
144.76.32.241 - - [25/Apr/2026:12:43:27 -0400] "GET /shop/ors/goods/61671413821 HTTP/1.1" 200 33710 "-" "Mozilla/5.0 (compatible; SERankingBacklinksBot/1.0; +https://seranking.com/backlinks-crawler)"
144.76.32.241 - - [25/Apr/2026:12:43:31 -0400] "GET /shop/spit/goods/6166878201 HTTP/1.1" 200 32373 "-" "Mozilla/5.0 (compatible; SERankingBacklinksBot/1.0; +https://seranking.com/backlinks-crawler)"
216.73.217.105 - - [25/Apr/2026:12:43:31 -0400] "GET /shop/kvm/goods/617056537396 HTTP/1.1" 500 0 "-" "Mozilla/5.0 AppleWebKit/537.36 (KHTML, like Gecko; compatible; ClaudeBot/1.0; +claudebot@anthropic.com)"
144.76.32.241 - - [25/Apr/2026:12:43:36 -0400] "GET /shop/ors/goods/61681524721 HTTP/1.1" 200 34136 "-" "Mozilla/5.0 (compatible; SERankingBacklinksBot/1.0; +https://seranking.com/backlinks-crawler)"
216.73.217.105 - - [25/Apr/2026:12:43:36 -0400] "GET /shop/gln/goods/616557437389 HTTP/1.1" 500 0 "-" "Mozilla/5.0 AppleWebKit/537.36 (KHTML, like Gecko; compatible; ClaudeBot/1.0; +claudebot@anthropic.com)"
