216.73.217.105 - - [25/Apr/2026:12:55:18 -0400] "GET /shop/func/goods/61656052541 HTTP/1.1" 500 0 "-" "Mozilla/5.0 AppleWebKit/537.36 (KHTML, like Gecko; compatible; ClaudeBot/1.0; +claudebot@anthropic.com)"
144.76.32.241 - - [25/Apr/2026:12:55:18 -0400] "GET /shop/osu/goods/61702464668 HTTP/1.1" 200 31653 "-" "Mozilla/5.0 (compatible; SERankingBacklinksBot/1.0; +https://seranking.com/backlinks-crawler)"
216.73.217.105 - - [25/Apr/2026:12:55:19 -0400] "GET /shop/original/goods/6167984698 HTTP/1.1" 500 0 "-" "Mozilla/5.0 AppleWebKit/537.36 (KHTML, like Gecko; compatible; ClaudeBot/1.0; +claudebot@anthropic.com)"
216.73.217.105 - - [25/Apr/2026:12:55:19 -0400] "GET /shop/authorize/goods/61655773479 HTTP/1.1" 500 0 "-" "Mozilla/5.0 AppleWebKit/537.36 (KHTML, like Gecko; compatible; ClaudeBot/1.0; +claudebot@anthropic.com)"
216.73.217.105 - - [25/Apr/2026:12:55:20 -0400] "GET /shop/practiced/goods/61656002191 HTTP/1.1" 500 0 "-" "Mozilla/5.0 AppleWebKit/537.36 (KHTML, like Gecko; compatible; ClaudeBot/1.0; +claudebot@anthropic.com)"
144.76.32.241 - - [25/Apr/2026:12:55:22 -0400] "GET /shop/squad/goods/616430596 HTTP/1.1" 200 31738 "-" "Mozilla/5.0 (compatible; SERankingBacklinksBot/1.0; +https://seranking.com/backlinks-crawler)"
216.73.217.105 - - [25/Apr/2026:12:55:25 -0400] "GET /shop/devotion/goods/61702452491 HTTP/1.1" 500 0 "-" "Mozilla/5.0 AppleWebKit/537.36 (KHTML, like Gecko; compatible; ClaudeBot/1.0; +claudebot@anthropic.com)"
144.76.32.241 - - [25/Apr/2026:12:55:26 -0400] "GET /shop/osu/goods/61702504642 HTTP/1.1" 200 31403 "-" "Mozilla/5.0 (compatible; SERankingBacklinksBot/1.0; +https://seranking.com/backlinks-crawler)"
216.73.217.105 - - [25/Apr/2026:12:55:30 -0400] "GET /shop/frontgate/goods/61694570264 HTTP/1.1" 500 0 "-" "Mozilla/5.0 AppleWebKit/537.36 (KHTML, like Gecko; compatible; ClaudeBot/1.0; +claudebot@anthropic.com)"
144.76.32.241 - - [25/Apr/2026:12:55:30 -0400] "GET /shop/squid/goods/616452288 HTTP/1.1" 200 32669 "-" "Mozilla/5.0 (compatible; SERankingBacklinksBot/1.0; +https://seranking.com/backlinks-crawler)"
144.76.32.241 - - [25/Apr/2026:12:55:34 -0400] "GET /shop/osu/goods/61702644551 HTTP/1.1" 200 31754 "-" "Mozilla/5.0 (compatible; SERankingBacklinksBot/1.0; +https://seranking.com/backlinks-crawler)"
216.73.217.105 - - [25/Apr/2026:12:55:35 -0400] "GET /shop/modifications/goods/61687117788 HTTP/1.1" 500 0 "-" "Mozilla/5.0 AppleWebKit/537.36 (KHTML, like Gecko; compatible; ClaudeBot/1.0; +claudebot@anthropic.com)"
144.76.32.241 - - [25/Apr/2026:12:55:38 -0400] "GET /shop/src/goods/61671076227 HTTP/1.1" 200 31230 "-" "Mozilla/5.0 (compatible; SERankingBacklinksBot/1.0; +https://seranking.com/backlinks-crawler)"
216.73.217.105 - - [25/Apr/2026:12:55:40 -0400] "GET /shop/edit/goods/6167962088 HTTP/1.1" 500 0 "-" "Mozilla/5.0 AppleWebKit/537.36 (KHTML, like Gecko; compatible; ClaudeBot/1.0; +claudebot@anthropic.com)"
144.76.32.241 - - [25/Apr/2026:12:55:42 -0400] "GET /shop/osx/goods/61671018842 HTTP/1.1" 200 31334 "-" "Mozilla/5.0 (compatible; SERankingBacklinksBot/1.0; +https://seranking.com/backlinks-crawler)"
216.73.217.105 - - [25/Apr/2026:12:55:45 -0400] "GET /shop/relativity/goods/61691857778 HTTP/1.1" 500 0 "-" "Mozilla/5.0 AppleWebKit/537.36 (KHTML, like Gecko; compatible; ClaudeBot/1.0; +claudebot@anthropic.com)"
144.76.32.241 - - [25/Apr/2026:12:55:46 -0400] "GET /shop/src/goods/61671216136 HTTP/1.1" 200 31518 "-" "Mozilla/5.0 (compatible; SERankingBacklinksBot/1.0; +https://seranking.com/backlinks-crawler)"
216.73.217.105 - - [25/Apr/2026:12:55:50 -0400] "GET /shop/molded/goods/61687084824 HTTP/1.1" 500 0 "-" "Mozilla/5.0 AppleWebKit/537.36 (KHTML, like Gecko; compatible; ClaudeBot/1.0; +claudebot@anthropic.com)"
144.76.32.241 - - [25/Apr/2026:12:55:50 -0400] "GET /shop/osx/goods/61671158751 HTTP/1.1" 200 31254 "-" "Mozilla/5.0 (compatible; SERankingBacklinksBot/1.0; +https://seranking.com/backlinks-crawler)"
144.76.32.241 - - [25/Apr/2026:12:55:55 -0400] "GET /shop/src/goods/61681466945 HTTP/1.1" 200 34266 "-" "Mozilla/5.0 (compatible; SERankingBacklinksBot/1.0; +https://seranking.com/backlinks-crawler)"
216.73.217.105 - - [25/Apr/2026:12:55:57 -0400] "GET /shop/framing/goods/61694527024 HTTP/1.1" 500 0 "-" "Mozilla/5.0 AppleWebKit/537.36 (KHTML, like Gecko; compatible; ClaudeBot/1.0; +claudebot@anthropic.com)"
144.76.32.241 - - [25/Apr/2026:12:55:59 -0400] "GET /shop/osx/goods/61671298660 HTTP/1.1" 200 32483 "-" "Mozilla/5.0 (compatible; SERankingBacklinksBot/1.0; +https://seranking.com/backlinks-crawler)"
216.73.217.105 - - [25/Apr/2026:12:56:02 -0400] "GET /shop/hers/goods/61702607491 HTTP/1.1" 500 0 "-" "Mozilla/5.0 AppleWebKit/537.36 (KHTML, like Gecko; compatible; ClaudeBot/1.0; +claudebot@anthropic.com)"
144.76.32.241 - - [25/Apr/2026:12:56:03 -0400] "GET /shop/src/goods/61681586867 HTTP/1.1" 200 32419 "-" "Mozilla/5.0 (compatible; SERankingBacklinksBot/1.0; +https://seranking.com/backlinks-crawler)"
216.73.217.105 - - [25/Apr/2026:12:56:07 -0400] "GET /shop/devon/goods/61702513816 HTTP/1.1" 500 0 "-" "Mozilla/5.0 AppleWebKit/537.36 (KHTML, like Gecko; compatible; ClaudeBot/1.0; +claudebot@anthropic.com)"
144.76.32.241 - - [25/Apr/2026:12:56:08 -0400] "GET /shop/osx/goods/61681509495 HTTP/1.1" 200 36832 "-" "Mozilla/5.0 (compatible; SERankingBacklinksBot/1.0; +https://seranking.com/backlinks-crawler)"
216.73.217.105 - - [25/Apr/2026:12:56:12 -0400] "GET /shop/authorize/goods/61656113258 HTTP/1.1" 500 0 "-" "Mozilla/5.0 AppleWebKit/537.36 (KHTML, like Gecko; compatible; ClaudeBot/1.0; +claudebot@anthropic.com)"
144.76.32.241 - - [25/Apr/2026:12:56:11 -0400] "GET /shop/src/goods/61681606854 HTTP/1.1" 200 33026 "-" "Mozilla/5.0 (compatible; SERankingBacklinksBot/1.0; +https://seranking.com/backlinks-crawler)"
144.76.32.241 - - [25/Apr/2026:12:56:16 -0400] "GET /shop/osx/goods/61681529482 HTTP/1.1" 200 32180 "-" "Mozilla/5.0 (compatible; SERankingBacklinksBot/1.0; +https://seranking.com/backlinks-crawler)"
216.73.217.105 - - [25/Apr/2026:12:56:17 -0400] "GET /shop/workload/goods/61653474308 HTTP/1.1" 500 0 "-" "Mozilla/5.0 AppleWebKit/537.36 (KHTML, like Gecko; compatible; ClaudeBot/1.0; +claudebot@anthropic.com)"
144.76.32.241 - - [25/Apr/2026:12:56:20 -0400] "GET /shop/src/goods/61681646828 HTTP/1.1" 200 33372 "-" "Mozilla/5.0 (compatible; SERankingBacklinksBot/1.0; +https://seranking.com/backlinks-crawler)"
216.73.217.105 - - [25/Apr/2026:12:56:23 -0400] "GET /shop/dickson/goods/61691873219 HTTP/1.1" 500 0 "-" "Mozilla/5.0 AppleWebKit/537.36 (KHTML, like Gecko; compatible; ClaudeBot/1.0; +claudebot@anthropic.com)"
144.76.32.241 - - [25/Apr/2026:12:56:24 -0400] "GET /shop/osx/goods/61681569456 HTTP/1.1" 200 33426 "-" "Mozilla/5.0 (compatible; SERankingBacklinksBot/1.0; +https://seranking.com/backlinks-crawler)"
216.73.217.105 - - [25/Apr/2026:12:56:28 -0400] "GET /shop/west/goods/61642820704 HTTP/1.1" 500 0 "-" "Mozilla/5.0 AppleWebKit/537.36 (KHTML, like Gecko; compatible; ClaudeBot/1.0; +claudebot@anthropic.com)"
144.76.32.241 - - [25/Apr/2026:12:56:28 -0400] "GET /shop/src/goods/61681706789 HTTP/1.1" 200 32582 "-" "Mozilla/5.0 (compatible; SERankingBacklinksBot/1.0; +https://seranking.com/backlinks-crawler)"
216.73.217.105 - - [25/Apr/2026:12:56:33 -0400] "GET /shop/designing/goods/61671185224 HTTP/1.1" 500 0 "-" "Mozilla/5.0 AppleWebKit/537.36 (KHTML, like Gecko; compatible; ClaudeBot/1.0; +claudebot@anthropic.com)"
144.76.32.241 - - [25/Apr/2026:12:56:33 -0400] "GET /shop/osx/goods/61681669391 HTTP/1.1" 200 34019 "-" "Mozilla/5.0 (compatible; SERankingBacklinksBot/1.0; +https://seranking.com/backlinks-crawler)"
144.76.32.241 - - [25/Apr/2026:12:56:37 -0400] "GET /shop/src/goods/61691757728 HTTP/1.1" 200 32948 "-" "Mozilla/5.0 (compatible; SERankingBacklinksBot/1.0; +https://seranking.com/backlinks-crawler)"
216.73.217.105 - - [25/Apr/2026:12:56:38 -0400] "GET /shop/gh/goods/61653113233 HTTP/1.1" 500 0 "-" "Mozilla/5.0 AppleWebKit/537.36 (KHTML, like Gecko; compatible; ClaudeBot/1.0; +claudebot@anthropic.com)"
144.76.32.241 - - [25/Apr/2026:12:56:41 -0400] "GET /shop/osx/goods/61691720330 HTTP/1.1" 200 32702 "-" "Mozilla/5.0 (compatible; SERankingBacklinksBot/1.0; +https://seranking.com/backlinks-crawler)"
216.73.217.105 - - [25/Apr/2026:12:56:43 -0400] "GET /shop/mason/goods/61658599708 HTTP/1.1" 500 0 "-" "Mozilla/5.0 AppleWebKit/537.36 (KHTML, like Gecko; compatible; ClaudeBot/1.0; +claudebot@anthropic.com)"
144.76.32.241 - - [25/Apr/2026:12:56:45 -0400] "GET /shop/src/goods/61691917624 HTTP/1.1" 200 32731 "-" "Mozilla/5.0 (compatible; SERankingBacklinksBot/1.0; +https://seranking.com/backlinks-crawler)"
216.73.217.105 - - [25/Apr/2026:12:56:48 -0400] "GET /shop/compensation/goods/61694596316 HTTP/1.1" 500 0 "-" "Mozilla/5.0 AppleWebKit/537.36 (KHTML, like Gecko; compatible; ClaudeBot/1.0; +claudebot@anthropic.com)"
144.76.32.241 - - [25/Apr/2026:12:56:49 -0400] "GET /shop/osx/goods/61691940187 HTTP/1.1" 200 32240 "-" "Mozilla/5.0 (compatible; SERankingBacklinksBot/1.0; +https://seranking.com/backlinks-crawler)"
216.73.217.105 - - [25/Apr/2026:12:56:53 -0400] "GET /shop/gratis/goods/61658918741 HTTP/1.1" 500 0 "-" "Mozilla/5.0 AppleWebKit/537.36 (KHTML, like Gecko; compatible; ClaudeBot/1.0; +claudebot@anthropic.com)"
144.76.32.241 - - [25/Apr/2026:12:56:53 -0400] "GET /shop/src/goods/61702288355 HTTP/1.1" 200 32035 "-" "Mozilla/5.0 (compatible; SERankingBacklinksBot/1.0; +https://seranking.com/backlinks-crawler)"
144.76.32.241 - - [25/Apr/2026:12:56:57 -0400] "GET /shop/osx/goods/61692000148 HTTP/1.1" 200 30789 "-" "Mozilla/5.0 (compatible; SERankingBacklinksBot/1.0; +https://seranking.com/backlinks-crawler)"
216.73.217.105 - - [25/Apr/2026:12:56:58 -0400] "GET /shop/complaint/goods/61653415024 HTTP/1.1" 500 0 "-" "Mozilla/5.0 AppleWebKit/537.36 (KHTML, like Gecko; compatible; ClaudeBot/1.0; +claudebot@anthropic.com)"
144.76.32.241 - - [25/Apr/2026:12:57:01 -0400] "GET /shop/src/goods/61702428264 HTTP/1.1" 200 31405 "-" "Mozilla/5.0 (compatible; SERankingBacklinksBot/1.0; +https://seranking.com/backlinks-crawler)"
216.73.217.105 - - [25/Apr/2026:12:57:03 -0400] "GET /shop/jasper/goods/61692108993 HTTP/1.1" 500 0 "-" "Mozilla/5.0 AppleWebKit/537.36 (KHTML, like Gecko; compatible; ClaudeBot/1.0; +claudebot@anthropic.com)"
144.76.32.241 - - [25/Apr/2026:12:57:05 -0400] "GET /shop/osx/goods/61692100083 HTTP/1.1" 200 31235 "-" "Mozilla/5.0 (compatible; SERankingBacklinksBot/1.0; +https://seranking.com/backlinks-crawler)"
216.73.217.105 - - [25/Apr/2026:12:57:08 -0400] "GET /shop/bell/goods/6167981441 HTTP/1.1" 500 0 "-" "Mozilla/5.0 AppleWebKit/537.36 (KHTML, like Gecko; compatible; ClaudeBot/1.0; +claudebot@anthropic.com)"
144.76.32.241 - - [25/Apr/2026:12:57:10 -0400] "GET /shop/src/goods/61702468238 HTTP/1.1" 200 31738 "-" "Mozilla/5.0 (compatible; SERankingBacklinksBot/1.0; +https://seranking.com/backlinks-crawler)"
216.73.217.105 - - [25/Apr/2026:12:57:13 -0400] "GET /shop/prohibited/goods/61691801854 HTTP/1.1" 500 0 "-" "Mozilla/5.0 AppleWebKit/537.36 (KHTML, like Gecko; compatible; ClaudeBot/1.0; +claudebot@anthropic.com)"
144.76.32.241 - - [25/Apr/2026:12:57:14 -0400] "GET /shop/osx/goods/61692160044 HTTP/1.1" 200 30992 "-" "Mozilla/5.0 (compatible; SERankingBacklinksBot/1.0; +https://seranking.com/backlinks-crawler)"
216.73.217.105 - - [25/Apr/2026:12:57:18 -0400] "GET /shop/options/goods/61694466866 HTTP/1.1" 500 0 "-" "Mozilla/5.0 AppleWebKit/537.36 (KHTML, like Gecko; compatible; ClaudeBot/1.0; +claudebot@anthropic.com)"
144.76.32.241 - - [25/Apr/2026:12:57:18 -0400] "GET /shop/src/goods/61702508212 HTTP/1.1" 200 31491 "-" "Mozilla/5.0 (compatible; SERankingBacklinksBot/1.0; +https://seranking.com/backlinks-crawler)"
216.73.217.105 - - [25/Apr/2026:12:57:23 -0400] "GET /shop/formation/goods/61674017613 HTTP/1.1" 500 0 "-" "Mozilla/5.0 AppleWebKit/537.36 (KHTML, like Gecko; compatible; ClaudeBot/1.0; +claudebot@anthropic.com)"
144.76.32.241 - - [25/Apr/2026:12:57:23 -0400] "GET /shop/osx/goods/61702290931 HTTP/1.1" 200 33407 "-" "Mozilla/5.0 (compatible; SERankingBacklinksBot/1.0; +https://seranking.com/backlinks-crawler)"
144.76.32.241 - - [25/Apr/2026:12:57:26 -0400] "GET /shop/src/goods/61702528199 HTTP/1.1" 200 32604 "-" "Mozilla/5.0 (compatible; SERankingBacklinksBot/1.0; +https://seranking.com/backlinks-crawler)"
216.73.217.105 - - [25/Apr/2026:12:57:28 -0400] "GET /shop/thumbnails/goods/61686932063 HTTP/1.1" 500 0 "-" "Mozilla/5.0 AppleWebKit/537.36 (KHTML, like Gecko; compatible; ClaudeBot/1.0; +claudebot@anthropic.com)"
144.76.32.241 - - [25/Apr/2026:12:57:30 -0400] "GET /shop/osx/goods/61702310918 HTTP/1.1" 200 31375 "-" "Mozilla/5.0 (compatible; SERankingBacklinksBot/1.0; +https://seranking.com/backlinks-crawler)"
216.73.217.105 - - [25/Apr/2026:12:57:33 -0400] "GET /shop/graduated/goods/61645665778 HTTP/1.1" 500 0 "-" "Mozilla/5.0 AppleWebKit/537.36 (KHTML, like Gecko; compatible; ClaudeBot/1.0; +claudebot@anthropic.com)"
144.76.32.241 - - [25/Apr/2026:12:57:34 -0400] "GET /shop/src/goods/61702568173 HTTP/1.1" 200 31881 "-" "Mozilla/5.0 (compatible; SERankingBacklinksBot/1.0; +https://seranking.com/backlinks-crawler)"
144.76.32.241 - - [25/Apr/2026:12:57:38 -0400] "GET /shop/osx/goods/61702330905 HTTP/1.1" 200 31183 "-" "Mozilla/5.0 (compatible; SERankingBacklinksBot/1.0; +https://seranking.com/backlinks-crawler)"
216.73.217.105 - - [25/Apr/2026:12:57:39 -0400] "GET /shop/bayer/goods/61671196588 HTTP/1.1" 500 0 "-" "Mozilla/5.0 AppleWebKit/537.36 (KHTML, like Gecko; compatible; ClaudeBot/1.0; +claudebot@anthropic.com)"
144.76.32.241 - - [25/Apr/2026:12:57:42 -0400] "GET /shop/sri/goods/61671113313 HTTP/1.1" 200 34739 "-" "Mozilla/5.0 (compatible; SERankingBacklinksBot/1.0; +https://seranking.com/backlinks-crawler)"
216.73.217.105 - - [25/Apr/2026:12:57:43 -0400] "GET /shop/awareness/goods/61658442473 HTTP/1.1" 500 0 "-" "Mozilla/5.0 AppleWebKit/537.36 (KHTML, like Gecko; compatible; ClaudeBot/1.0; +claudebot@anthropic.com)"
144.76.32.241 - - [25/Apr/2026:12:57:46 -0400] "GET /shop/osx/goods/61702410853 HTTP/1.1" 200 32322 "-" "Mozilla/5.0 (compatible; SERankingBacklinksBot/1.0; +https://seranking.com/backlinks-crawler)"
216.73.217.105 - - [25/Apr/2026:12:57:48 -0400] "GET /shop/fiery/goods/61707840316 HTTP/1.1" 500 0 "-" "Mozilla/5.0 AppleWebKit/537.36 (KHTML, like Gecko; compatible; ClaudeBot/1.0; +claudebot@anthropic.com)"
144.76.32.241 - - [25/Apr/2026:12:57:50 -0400] "GET /shop/sri/goods/61671173274 HTTP/1.1" 200 31522 "-" "Mozilla/5.0 (compatible; SERankingBacklinksBot/1.0; +https://seranking.com/backlinks-crawler)"
216.73.217.105 - - [25/Apr/2026:12:57:53 -0400] "GET /shop/unaware/goods/61642735541 HTTP/1.1" 500 0 "-" "Mozilla/5.0 AppleWebKit/537.36 (KHTML, like Gecko; compatible; ClaudeBot/1.0; +claudebot@anthropic.com)"
144.76.32.241 - - [25/Apr/2026:12:57:54 -0400] "GET /shop/osx/goods/61702590736 HTTP/1.1" 200 31017 "-" "Mozilla/5.0 (compatible; SERankingBacklinksBot/1.0; +https://seranking.com/backlinks-crawler)"
216.73.217.105 - - [25/Apr/2026:12:57:58 -0400] "GET /shop/arthritis/goods/61705236523 HTTP/1.1" 500 0 "-" "Mozilla/5.0 AppleWebKit/537.36 (KHTML, like Gecko; compatible; ClaudeBot/1.0; +claudebot@anthropic.com)"
144.76.32.241 - - [25/Apr/2026:12:57:58 -0400] "GET /shop/sri/goods/61681484044 HTTP/1.1" 200 35804 "-" "Mozilla/5.0 (compatible; SERankingBacklinksBot/1.0; +https://seranking.com/backlinks-crawler)"
144.76.32.241 - - [25/Apr/2026:12:58:02 -0400] "GET /shop/osx/goods/61702650697 HTTP/1.1" 200 32465 "-" "Mozilla/5.0 (compatible; SERankingBacklinksBot/1.0; +https://seranking.com/backlinks-crawler)"
216.73.217.105 - - [25/Apr/2026:12:58:03 -0400] "GET /shop/bolt/goods/61702639166 HTTP/1.1" 500 0 "-" "Mozilla/5.0 AppleWebKit/537.36 (KHTML, like Gecko; compatible; ClaudeBot/1.0; +claudebot@anthropic.com)"
144.76.32.241 - - [25/Apr/2026:12:58:05 -0400] "GET /shop/sri/goods/61681504031 HTTP/1.1" 200 36794 "-" "Mozilla/5.0 (compatible; SERankingBacklinksBot/1.0; +https://seranking.com/backlinks-crawler)"
216.73.217.105 - - [25/Apr/2026:12:58:08 -0400] "GET /shop/ciara/goods/61697542343 HTTP/1.1" 500 0 "-" "Mozilla/5.0 AppleWebKit/537.36 (KHTML, like Gecko; compatible; ClaudeBot/1.0; +claudebot@anthropic.com)"
144.76.32.241 - - [25/Apr/2026:12:58:10 -0400] "GET /shop/osx/goods/61702670684 HTTP/1.1" 200 33350 "-" "Mozilla/5.0 (compatible; SERankingBacklinksBot/1.0; +https://seranking.com/backlinks-crawler)"
216.73.217.105 - - [25/Apr/2026:12:58:13 -0400] "GET /shop/cigarettes/goods/61681445224 HTTP/1.1" 500 0 "-" "Mozilla/5.0 AppleWebKit/537.36 (KHTML, like Gecko; compatible; ClaudeBot/1.0; +claudebot@anthropic.com)"
144.76.32.241 - - [25/Apr/2026:12:58:14 -0400] "GET /shop/sri/goods/61681524018 HTTP/1.1" 200 32797 "-" "Mozilla/5.0 (compatible; SERankingBacklinksBot/1.0; +https://seranking.com/backlinks-crawler)"
216.73.217.105 - - [25/Apr/2026:12:58:18 -0400] "GET /shop/administrative/goods/61676568416 HTTP/1.1" 500 0 "-" "Mozilla/5.0 AppleWebKit/537.36 (KHTML, like Gecko; compatible; ClaudeBot/1.0; +claudebot@anthropic.com)"
144.76.32.241 - - [25/Apr/2026:12:58:18 -0400] "GET /shop/otc/goods/61671065726 HTTP/1.1" 200 31171 "-" "Mozilla/5.0 (compatible; SERankingBacklinksBot/1.0; +https://seranking.com/backlinks-crawler)"
216.73.217.105 - - [25/Apr/2026:12:58:23 -0400] "GET /shop/clients/goods/61694692533 HTTP/1.1" 500 0 "-" "Mozilla/5.0 AppleWebKit/537.36 (KHTML, like Gecko; compatible; ClaudeBot/1.0; +claudebot@anthropic.com)"
144.76.32.241 - - [25/Apr/2026:12:58:23 -0400] "GET /shop/sri/goods/61681544005 HTTP/1.1" 200 32587 "-" "Mozilla/5.0 (compatible; SERankingBacklinksBot/1.0; +https://seranking.com/backlinks-crawler)"
144.76.32.241 - - [25/Apr/2026:12:58:27 -0400] "GET /shop/otc/goods/61671205635 HTTP/1.1" 200 30965 "-" "Mozilla/5.0 (compatible; SERankingBacklinksBot/1.0; +https://seranking.com/backlinks-crawler)"
216.73.217.105 - - [25/Apr/2026:12:58:28 -0400] "GET /shop/ciara/goods/61694544293 HTTP/1.1" 500 0 "-" "Mozilla/5.0 AppleWebKit/537.36 (KHTML, like Gecko; compatible; ClaudeBot/1.0; +claudebot@anthropic.com)"
144.76.32.241 - - [25/Apr/2026:12:58:31 -0400] "GET /shop/sri/goods/61681563992 HTTP/1.1" 200 32684 "-" "Mozilla/5.0 (compatible; SERankingBacklinksBot/1.0; +https://seranking.com/backlinks-crawler)"
216.73.217.105 - - [25/Apr/2026:12:58:33 -0400] "GET /shop/fm/goods/61658539053 HTTP/1.1" 500 0 "-" "Mozilla/5.0 AppleWebKit/537.36 (KHTML, like Gecko; compatible; ClaudeBot/1.0; +claudebot@anthropic.com)"
144.76.32.241 - - [25/Apr/2026:12:58:35 -0400] "GET /shop/otc/goods/61681556379 HTTP/1.1" 200 32952 "-" "Mozilla/5.0 (compatible; SERankingBacklinksBot/1.0; +https://seranking.com/backlinks-crawler)"
216.73.217.105 - - [25/Apr/2026:12:58:38 -0400] "GET /shop/prime/goods/61684238959 HTTP/1.1" 500 0 "-" "Mozilla/5.0 AppleWebKit/537.36 (KHTML, like Gecko; compatible; ClaudeBot/1.0; +claudebot@anthropic.com)"
144.76.32.241 - - [25/Apr/2026:12:58:39 -0400] "GET /shop/sri/goods/61681583979 HTTP/1.1" 200 32127 "-" "Mozilla/5.0 (compatible; SERankingBacklinksBot/1.0; +https://seranking.com/backlinks-crawler)"
216.73.217.105 - - [25/Apr/2026:12:58:44 -0400] "GET /shop/unrestricted/goods/61697429358 HTTP/1.1" 500 0 "-" "Mozilla/5.0 AppleWebKit/537.36 (KHTML, like Gecko; compatible; ClaudeBot/1.0; +claudebot@anthropic.com)"
144.76.32.241 - - [25/Apr/2026:12:58:44 -0400] "GET /shop/otc/goods/61681616340 HTTP/1.1" 200 32021 "-" "Mozilla/5.0 (compatible; SERankingBacklinksBot/1.0; +https://seranking.com/backlinks-crawler)"
144.76.32.241 - - [25/Apr/2026:12:58:48 -0400] "GET /shop/sri/goods/61681683914 HTTP/1.1" 200 32995 "-" "Mozilla/5.0 (compatible; SERankingBacklinksBot/1.0; +https://seranking.com/backlinks-crawler)"
216.73.217.105 - - [25/Apr/2026:12:58:49 -0400] "GET /shop/coppermine/goods/61648286759 HTTP/1.1" 500 0 "-" "Mozilla/5.0 AppleWebKit/537.36 (KHTML, like Gecko; compatible; ClaudeBot/1.0; +claudebot@anthropic.com)"
144.76.32.241 - - [25/Apr/2026:12:58:52 -0400] "GET /shop/otc/goods/61691787201 HTTP/1.1" 200 32499 "-" "Mozilla/5.0 (compatible; SERankingBacklinksBot/1.0; +https://seranking.com/backlinks-crawler)"
216.73.217.105 - - [25/Apr/2026:12:58:54 -0400] "GET /shop/drew/goods/61676856344 HTTP/1.1" 500 0 "-" "Mozilla/5.0 AppleWebKit/537.36 (KHTML, like Gecko; compatible; ClaudeBot/1.0; +claudebot@anthropic.com)"
144.76.32.241 - - [25/Apr/2026:12:58:56 -0400] "GET /shop/sri/goods/61691734853 HTTP/1.1" 200 33341 "-" "Mozilla/5.0 (compatible; SERankingBacklinksBot/1.0; +https://seranking.com/backlinks-crawler)"
216.73.217.105 - - [25/Apr/2026:12:58:59 -0400] "GET /shop/v/goods/61671227288 HTTP/1.1" 500 0 "-" "Mozilla/5.0 AppleWebKit/537.36 (KHTML, like Gecko; compatible; ClaudeBot/1.0; +claudebot@anthropic.com)"
144.76.32.241 - - [25/Apr/2026:12:59:00 -0400] "GET /shop/otc/goods/61691807188 HTTP/1.1" 200 31721 "-" "Mozilla/5.0 (compatible; SERankingBacklinksBot/1.0; +https://seranking.com/backlinks-crawler)"
216.73.217.105 - - [25/Apr/2026:12:59:04 -0400] "GET /shop/freshmen/goods/61655803041 HTTP/1.1" 500 0 "-" "Mozilla/5.0 AppleWebKit/537.36 (KHTML, like Gecko; compatible; ClaudeBot/1.0; +claudebot@anthropic.com)"
144.76.32.241 - - [25/Apr/2026:12:59:04 -0400] "GET /shop/sri/goods/61691794814 HTTP/1.1" 200 32700 "-" "Mozilla/5.0 (compatible; SERankingBacklinksBot/1.0; +https://seranking.com/backlinks-crawler)"
144.76.32.241 - - [25/Apr/2026:12:59:08 -0400] "GET /shop/otc/goods/61691887136 HTTP/1.1" 200 31754 "-" "Mozilla/5.0 (compatible; SERankingBacklinksBot/1.0; +https://seranking.com/backlinks-crawler)"
216.73.217.105 - - [25/Apr/2026:12:59:09 -0400] "GET /shop/nelson/goods/61676738248 HTTP/1.1" 500 0 "-" "Mozilla/5.0 AppleWebKit/537.36 (KHTML, like Gecko; compatible; ClaudeBot/1.0; +claudebot@anthropic.com)"
144.76.32.241 - - [25/Apr/2026:12:59:12 -0400] "GET /shop/sri/goods/61691814801 HTTP/1.1" 200 31608 "-" "Mozilla/5.0 (compatible; SERankingBacklinksBot/1.0; +https://seranking.com/backlinks-crawler)"
216.73.217.105 - - [25/Apr/2026:12:59:14 -0400] "GET /shop/luxurious/goods/61671364189 HTTP/1.1" 500 0 "-" "Mozilla/5.0 AppleWebKit/537.36 (KHTML, like Gecko; compatible; ClaudeBot/1.0; +claudebot@anthropic.com)"
144.76.32.241 - - [25/Apr/2026:12:59:17 -0400] "GET /shop/otc/goods/61691927110 HTTP/1.1" 200 31610 "-" "Mozilla/5.0 (compatible; SERankingBacklinksBot/1.0; +https://seranking.com/backlinks-crawler)"
216.73.217.105 - - [25/Apr/2026:12:59:19 -0400] "GET /shop/gothic/goods/61708038434 HTTP/1.1" 500 0 "-" "Mozilla/5.0 AppleWebKit/537.36 (KHTML, like Gecko; compatible; ClaudeBot/1.0; +claudebot@anthropic.com)"
144.76.32.241 - - [25/Apr/2026:12:59:20 -0400] "GET /shop/sri/goods/61691994684 HTTP/1.1" 200 31730 "-" "Mozilla/5.0 (compatible; SERankingBacklinksBot/1.0; +https://seranking.com/backlinks-crawler)"
216.73.217.105 - - [25/Apr/2026:12:59:24 -0400] "GET /shop/donna/goods/61673755989 HTTP/1.1" 500 0 "-" "Mozilla/5.0 AppleWebKit/537.36 (KHTML, like Gecko; compatible; ClaudeBot/1.0; +claudebot@anthropic.com)"
144.76.32.241 - - [25/Apr/2026:12:59:24 -0400] "GET /shop/otc/goods/61692027045 HTTP/1.1" 200 32369 "-" "Mozilla/5.0 (compatible; SERankingBacklinksBot/1.0; +https://seranking.com/backlinks-crawler)"
144.76.32.241 - - [25/Apr/2026:12:59:28 -0400] "GET /shop/sri/goods/61692194554 HTTP/1.1" 200 31267 "-" "Mozilla/5.0 (compatible; SERankingBacklinksBot/1.0; +https://seranking.com/backlinks-crawler)"
216.73.217.105 - - [25/Apr/2026:12:59:29 -0400] "GET /shop/utah/goods/61658709454 HTTP/1.1" 500 0 "-" "Mozilla/5.0 AppleWebKit/537.36 (KHTML, like Gecko; compatible; ClaudeBot/1.0; +claudebot@anthropic.com)"
144.76.32.241 - - [25/Apr/2026:12:59:32 -0400] "GET /shop/otc/goods/61692047032 HTTP/1.1" 200 31277 "-" "Mozilla/5.0 (compatible; SERankingBacklinksBot/1.0; +https://seranking.com/backlinks-crawler)"
216.73.217.105 - - [25/Apr/2026:12:59:34 -0400] "GET /shop/managing/goods/61692070318 HTTP/1.1" 500 0 "-" "Mozilla/5.0 AppleWebKit/537.36 (KHTML, like Gecko; compatible; ClaudeBot/1.0; +claudebot@anthropic.com)"
144.76.32.241 - - [25/Apr/2026:12:59:36 -0400] "GET /shop/sri/goods/61702445363 HTTP/1.1" 200 33300 "-" "Mozilla/5.0 (compatible; SERankingBacklinksBot/1.0; +https://seranking.com/backlinks-crawler)"
216.73.217.105 - - [25/Apr/2026:12:59:39 -0400] "GET /shop/snake/goods/61674049991 HTTP/1.1" 500 0 "-" "Mozilla/5.0 AppleWebKit/537.36 (KHTML, like Gecko; compatible; ClaudeBot/1.0; +claudebot@anthropic.com)"
144.76.32.241 - - [25/Apr/2026:12:59:41 -0400] "GET /shop/otc/goods/61692087006 HTTP/1.1" 200 33190 "-" "Mozilla/5.0 (compatible; SERankingBacklinksBot/1.0; +https://seranking.com/backlinks-crawler)"
216.73.217.105 - - [25/Apr/2026:12:59:44 -0400] "GET /shop/akin/goods/61671140578 HTTP/1.1" 500 0 "-" "Mozilla/5.0 AppleWebKit/537.36 (KHTML, like Gecko; compatible; ClaudeBot/1.0; +claudebot@anthropic.com)"
144.76.32.241 - - [25/Apr/2026:12:59:45 -0400] "GET /shop/sri/goods/61702625246 HTTP/1.1" 200 31307 "-" "Mozilla/5.0 (compatible; SERankingBacklinksBot/1.0; +https://seranking.com/backlinks-crawler)"
216.73.217.105 - - [25/Apr/2026:12:59:49 -0400] "GET /shop/apa/goods/61704951416 HTTP/1.1" 500 0 "-" "Mozilla/5.0 AppleWebKit/537.36 (KHTML, like Gecko; compatible; ClaudeBot/1.0; +claudebot@anthropic.com)"
144.76.32.241 - - [25/Apr/2026:12:59:49 -0400] "GET /shop/otc/goods/61702257867 HTTP/1.1" 200 32333 "-" "Mozilla/5.0 (compatible; SERankingBacklinksBot/1.0; +https://seranking.com/backlinks-crawler)"
144.76.32.241 - - [25/Apr/2026:12:59:53 -0400] "GET /shop/srl/goods/61671084619 HTTP/1.1" 200 31740 "-" "Mozilla/5.0 (compatible; SERankingBacklinksBot/1.0; +https://seranking.com/backlinks-crawler)"
216.73.217.105 - - [25/Apr/2026:12:59:54 -0400] "GET /shop/coatings/goods/61681556799 HTTP/1.1" 500 0 "-" "Mozilla/5.0 AppleWebKit/537.36 (KHTML, like Gecko; compatible; ClaudeBot/1.0; +claudebot@anthropic.com)"
144.76.32.241 - - [25/Apr/2026:12:59:57 -0400] "GET /shop/otc/goods/61702317828 HTTP/1.1" 200 31374 "-" "Mozilla/5.0 (compatible; SERankingBacklinksBot/1.0; +https://seranking.com/backlinks-crawler)"
216.73.217.105 - - [25/Apr/2026:12:59:59 -0400] "GET /shop/guarantees/goods/61684180943 HTTP/1.1" 500 0 "-" "Mozilla/5.0 AppleWebKit/537.36 (KHTML, like Gecko; compatible; ClaudeBot/1.0; +claudebot@anthropic.com)"
144.76.32.241 - - [25/Apr/2026:13:00:00 -0400] "GET /shop/srl/goods/61671104606 HTTP/1.1" 200 31317 "-" "Mozilla/5.0 (compatible; SERankingBacklinksBot/1.0; +https://seranking.com/backlinks-crawler)"
216.73.217.105 - - [25/Apr/2026:13:00:04 -0400] "GET /shop/effort/goods/61694622449 HTTP/1.1" 500 0 "-" "Mozilla/5.0 AppleWebKit/537.36 (KHTML, like Gecko; compatible; ClaudeBot/1.0; +claudebot@anthropic.com)"
144.76.32.241 - - [25/Apr/2026:13:00:05 -0400] "GET /shop/otc/goods/61702437750 HTTP/1.1" 200 32452 "-" "Mozilla/5.0 (compatible; SERankingBacklinksBot/1.0; +https://seranking.com/backlinks-crawler)"
216.73.217.105 - - [25/Apr/2026:13:00:09 -0400] "GET /shop/seminar/goods/61653155374 HTTP/1.1" 500 0 "-" "Mozilla/5.0 AppleWebKit/537.36 (KHTML, like Gecko; compatible; ClaudeBot/1.0; +claudebot@anthropic.com)"
144.76.32.241 - - [25/Apr/2026:13:00:09 -0400] "GET /shop/srl/goods/61671204541 HTTP/1.1" 200 31222 "-" "Mozilla/5.0 (compatible; SERankingBacklinksBot/1.0; +https://seranking.com/backlinks-crawler)"
144.76.32.241 - - [25/Apr/2026:13:00:13 -0400] "GET /shop/otc/goods/61702497711 HTTP/1.1" 200 31486 "-" "Mozilla/5.0 (compatible; SERankingBacklinksBot/1.0; +https://seranking.com/backlinks-crawler)"
216.73.217.105 - - [25/Apr/2026:13:00:14 -0400] "GET /shop/walkman/goods/61694915258 HTTP/1.1" 500 0 "-" "Mozilla/5.0 AppleWebKit/537.36 (KHTML, like Gecko; compatible; ClaudeBot/1.0; +claudebot@anthropic.com)"
144.76.32.241 - - [25/Apr/2026:13:00:17 -0400] "GET /shop/srl/goods/61671244515 HTTP/1.1" 200 31703 "-" "Mozilla/5.0 (compatible; SERankingBacklinksBot/1.0; +https://seranking.com/backlinks-crawler)"
216.73.217.105 - - [25/Apr/2026:13:00:19 -0400] "GET /shop/survival/goods/61676802529 HTTP/1.1" 500 0 "-" "Mozilla/5.0 AppleWebKit/537.36 (KHTML, like Gecko; compatible; ClaudeBot/1.0; +claudebot@anthropic.com)"
144.76.32.241 - - [25/Apr/2026:13:00:21 -0400] "GET /shop/otc/goods/61702517698 HTTP/1.1" 200 30848 "-" "Mozilla/5.0 (compatible; SERankingBacklinksBot/1.0; +https://seranking.com/backlinks-crawler)"
216.73.217.105 - - [25/Apr/2026:13:00:24 -0400] "GET /shop/media/goods/61671034633 HTTP/1.1" 500 0 "-" "Mozilla/5.0 AppleWebKit/537.36 (KHTML, like Gecko; compatible; ClaudeBot/1.0; +claudebot@anthropic.com)"
144.76.32.241 - - [25/Apr/2026:13:00:25 -0400] "GET /shop/srl/goods/61671264502 HTTP/1.1" 200 31511 "-" "Mozilla/5.0 (compatible; SERankingBacklinksBot/1.0; +https://seranking.com/backlinks-crawler)"
216.73.217.105 - - [25/Apr/2026:13:00:29 -0400] "GET /shop/appetite/goods/61692021241 HTTP/1.1" 500 0 "-" "Mozilla/5.0 AppleWebKit/537.36 (KHTML, like Gecko; compatible; ClaudeBot/1.0; +claudebot@anthropic.com)"
144.76.32.241 - - [25/Apr/2026:13:00:29 -0400] "GET /shop/otc/goods/61702537685 HTTP/1.1" 200 32396 "-" "Mozilla/5.0 (compatible; SERankingBacklinksBot/1.0; +https://seranking.com/backlinks-crawler)"
144.76.32.241 - - [25/Apr/2026:13:00:33 -0400] "GET /shop/srl/goods/61671404411 HTTP/1.1" 200 31215 "-" "Mozilla/5.0 (compatible; SERankingBacklinksBot/1.0; +https://seranking.com/backlinks-crawler)"
216.73.217.105 - - [25/Apr/2026:13:00:34 -0400] "GET /shop/sticker/goods/61705330338 HTTP/1.1" 500 0 "-" "Mozilla/5.0 AppleWebKit/537.36 (KHTML, like Gecko; compatible; ClaudeBot/1.0; +claudebot@anthropic.com)"
144.76.32.241 - - [25/Apr/2026:13:00:37 -0400] "GET /shop/otc/goods/61702557672 HTTP/1.1" 200 32359 "-" "Mozilla/5.0 (compatible; SERankingBacklinksBot/1.0; +https://seranking.com/backlinks-crawler)"
216.73.217.105 - - [25/Apr/2026:13:00:40 -0400] "GET /shop/pharmacies/goods/61671343404 HTTP/1.1" 500 0 "-" "Mozilla/5.0 AppleWebKit/537.36 (KHTML, like Gecko; compatible; ClaudeBot/1.0; +claudebot@anthropic.com)"
144.76.32.241 - - [25/Apr/2026:13:00:41 -0400] "GET /shop/srl/goods/61681535298 HTTP/1.1" 200 34196 "-" "Mozilla/5.0 (compatible; SERankingBacklinksBot/1.0; +https://seranking.com/backlinks-crawler)"
216.73.217.105 - - [25/Apr/2026:13:00:45 -0400] "GET /shop/coral/goods/61694879244 HTTP/1.1" 500 0 "-" "Mozilla/5.0 AppleWebKit/537.36 (KHTML, like Gecko; compatible; ClaudeBot/1.0; +claudebot@anthropic.com)"
144.76.32.241 - - [25/Apr/2026:13:00:47 -0400] "GET /shop/otc/goods/61702577659 HTTP/1.1" 200 35482 "-" "Mozilla/5.0 (compatible; SERankingBacklinksBot/1.0; +https://seranking.com/backlinks-crawler)"
216.73.217.105 - - [25/Apr/2026:13:00:50 -0400] "GET /shop/locus/goods/61676824028 HTTP/1.1" 500 0 "-" "Mozilla/5.0 AppleWebKit/537.36 (KHTML, like Gecko; compatible; ClaudeBot/1.0; +claudebot@anthropic.com)"
144.76.32.241 - - [25/Apr/2026:13:00:51 -0400] "GET /shop/srl/goods/61681555285 HTTP/1.1" 200 32824 "-" "Mozilla/5.0 (compatible; SERankingBacklinksBot/1.0; +https://seranking.com/backlinks-crawler)"
66.249.66.202 - - [25/Apr/2026:13:00:52 -0400] "GET /?shop/cmos/goods/61681514999 HTTP/1.1" 200 28714 "-" "Mozilla/5.0 (Linux; Android 6.0.1; Nexus 5X Build/MMB29P) AppleWebKit/537.36 (KHTML, like Gecko) Chrome/146.0.7680.177 Mobile Safari/537.36 (compatible; Googlebot/2.1; +http://www.google.com/bot.html)"
216.73.217.105 - - [25/Apr/2026:13:00:55 -0400] "GET /shop/vinyl/goods/61691967566 HTTP/1.1" 500 0 "-" "Mozilla/5.0 AppleWebKit/537.36 (KHTML, like Gecko; compatible; ClaudeBot/1.0; +claudebot@anthropic.com)"
144.76.32.241 - - [25/Apr/2026:13:00:55 -0400] "GET /shop/otc/goods/61702597646 HTTP/1.1" 200 32223 "-" "Mozilla/5.0 (compatible; SERankingBacklinksBot/1.0; +https://seranking.com/backlinks-crawler)"
216.73.217.105 - - [25/Apr/2026:13:01:00 -0400] "GET /shop/nrs/goods/61681529508 HTTP/1.1" 500 0 "-" "Mozilla/5.0 AppleWebKit/537.36 (KHTML, like Gecko; compatible; ClaudeBot/1.0; +claudebot@anthropic.com)"
144.76.32.241 - - [25/Apr/2026:13:00:59 -0400] "GET /shop/srl/goods/61681615246 HTTP/1.1" 200 34661 "-" "Mozilla/5.0 (compatible; SERankingBacklinksBot/1.0; +https://seranking.com/backlinks-crawler)"
144.76.32.241 - - [25/Apr/2026:13:01:03 -0400] "GET /shop/otc/goods/61702637620 HTTP/1.1" 200 33560 "-" "Mozilla/5.0 (compatible; SERankingBacklinksBot/1.0; +https://seranking.com/backlinks-crawler)"
216.73.217.105 - - [25/Apr/2026:13:01:05 -0400] "GET /shop/delegated/goods/61702398068 HTTP/1.1" 500 0 "-" "Mozilla/5.0 AppleWebKit/537.36 (KHTML, like Gecko; compatible; ClaudeBot/1.0; +claudebot@anthropic.com)"
144.76.32.241 - - [25/Apr/2026:13:01:07 -0400] "GET /shop/srl/goods/61681635233 HTTP/1.1" 200 31307 "-" "Mozilla/5.0 (compatible; SERankingBacklinksBot/1.0; +https://seranking.com/backlinks-crawler)"
216.73.217.105 - - [25/Apr/2026:13:01:10 -0400] "GET /shop/cao/goods/61671048291 HTTP/1.1" 500 0 "-" "Mozilla/5.0 AppleWebKit/537.36 (KHTML, like Gecko; compatible; ClaudeBot/1.0; +claudebot@anthropic.com)"
66.249.66.201 - - [25/Apr/2026:13:01:11 -0400] "GET /?shop/millions/goods/6165657634 HTTP/1.1" 200 27186 "-" "Mozilla/5.0 (Linux; Android 6.0.1; Nexus 5X Build/MMB29P) AppleWebKit/537.36 (KHTML, like Gecko) Chrome/146.0.7680.177 Mobile Safari/537.36 (compatible; Googlebot/2.1; +http://www.google.com/bot.html)"
144.76.32.241 - - [25/Apr/2026:13:01:12 -0400] "GET /shop/otc/goods/61702677594 HTTP/1.1" 200 31186 "-" "Mozilla/5.0 (compatible; SERankingBacklinksBot/1.0; +https://seranking.com/backlinks-crawler)"
216.73.217.105 - - [25/Apr/2026:13:01:15 -0400] "GET /shop/trina/goods/61684305803 HTTP/1.1" 500 0 "-" "Mozilla/5.0 AppleWebKit/537.36 (KHTML, like Gecko; compatible; ClaudeBot/1.0; +claudebot@anthropic.com)"
144.76.32.241 - - [25/Apr/2026:13:01:16 -0400] "GET /shop/srl/goods/61681655220 HTTP/1.1" 200 32680 "-" "Mozilla/5.0 (compatible; SERankingBacklinksBot/1.0; +https://seranking.com/backlinks-crawler)"
216.73.217.105 - - [25/Apr/2026:13:01:20 -0400] "GET /shop/orbitz/goods/61676684928 HTTP/1.1" 500 0 "-" "Mozilla/5.0 AppleWebKit/537.36 (KHTML, like Gecko; compatible; ClaudeBot/1.0; +claudebot@anthropic.com)"
144.76.32.241 - - [25/Apr/2026:13:01:21 -0400] "GET /shop/others/goods/61647835 HTTP/1.1" 200 32942 "-" "Mozilla/5.0 (compatible; SERankingBacklinksBot/1.0; +https://seranking.com/backlinks-crawler)"
216.73.217.105 - - [25/Apr/2026:13:01:25 -0400] "GET /shop/complain/goods/61671177693 HTTP/1.1" 500 0 "-" "Mozilla/5.0 AppleWebKit/537.36 (KHTML, like Gecko; compatible; ClaudeBot/1.0; +claudebot@anthropic.com)"
144.76.32.241 - - [25/Apr/2026:13:01:26 -0400] "GET /shop/srl/goods/61691906029 HTTP/1.1" 200 32922 "-" "Mozilla/5.0 (compatible; SERankingBacklinksBot/1.0; +https://seranking.com/backlinks-crawler)"
216.73.217.105 - - [25/Apr/2026:13:01:30 -0400] "GET /shop/deficit/goods/61694754329 HTTP/1.1" 500 0 "-" "Mozilla/5.0 AppleWebKit/537.36 (KHTML, like Gecko; compatible; ClaudeBot/1.0; +claudebot@anthropic.com)"
144.76.32.241 - - [25/Apr/2026:13:01:31 -0400] "GET /shop/otis/goods/6164127154 HTTP/1.1" 200 31235 "-" "Mozilla/5.0 (compatible; SERankingBacklinksBot/1.0; +https://seranking.com/backlinks-crawler)"
216.73.217.105 - - [25/Apr/2026:13:01:35 -0400] "GET /shop/mgmt/goods/61681480316 HTTP/1.1" 500 0 "-" "Mozilla/5.0 AppleWebKit/537.36 (KHTML, like Gecko; compatible; ClaudeBot/1.0; +claudebot@anthropic.com)"
144.76.32.241 - - [25/Apr/2026:13:01:35 -0400] "GET /shop/srl/goods/61692205834 HTTP/1.1" 200 31431 "-" "Mozilla/5.0 (compatible; SERankingBacklinksBot/1.0; +https://seranking.com/backlinks-crawler)"
144.76.32.241 - - [25/Apr/2026:13:01:39 -0400] "GET /shop/otis/goods/6164147141 HTTP/1.1" 200 31501 "-" "Mozilla/5.0 (compatible; SERankingBacklinksBot/1.0; +https://seranking.com/backlinks-crawler)"
216.73.217.105 - - [25/Apr/2026:13:01:40 -0400] "GET /shop/homogeneous/goods/61674025694 HTTP/1.1" 500 0 "-" "Mozilla/5.0 AppleWebKit/537.36 (KHTML, like Gecko; compatible; ClaudeBot/1.0; +claudebot@anthropic.com)"
144.76.32.241 - - [25/Apr/2026:13:01:43 -0400] "GET /shop/srl/goods/61702256773 HTTP/1.1" 200 31364 "-" "Mozilla/5.0 (compatible; SERankingBacklinksBot/1.0; +https://seranking.com/backlinks-crawler)"
216.73.217.105 - - [25/Apr/2026:13:01:45 -0400] "GET /shop/civilian/goods/61691751959 HTTP/1.1" 500 0 "-" "Mozilla/5.0 AppleWebKit/537.36 (KHTML, like Gecko; compatible; ClaudeBot/1.0; +claudebot@anthropic.com)"
144.76.32.241 - - [25/Apr/2026:13:01:47 -0400] "GET /shop/otis/goods/6164187115 HTTP/1.1" 200 33068 "-" "Mozilla/5.0 (compatible; SERankingBacklinksBot/1.0; +https://seranking.com/backlinks-crawler)"
216.73.217.105 - - [25/Apr/2026:13:01:50 -0400] "GET /shop/handjob/goods/61707909943 HTTP/1.1" 500 0 "-" "Mozilla/5.0 AppleWebKit/537.36 (KHTML, like Gecko; compatible; ClaudeBot/1.0; +claudebot@anthropic.com)"
144.76.32.241 - - [25/Apr/2026:13:01:51 -0400] "GET /shop/srl/goods/61702516604 HTTP/1.1" 200 34606 "-" "Mozilla/5.0 (compatible; SERankingBacklinksBot/1.0; +https://seranking.com/backlinks-crawler)"
216.73.217.105 - - [25/Apr/2026:13:01:55 -0400] "GET /shop/poetry/goods/61653481759 HTTP/1.1" 500 0 "-" "Mozilla/5.0 AppleWebKit/537.36 (KHTML, like Gecko; compatible; ClaudeBot/1.0; +claudebot@anthropic.com)"
144.76.32.241 - - [25/Apr/2026:13:01:56 -0400] "GET /shop/otis/goods/6165318002 HTTP/1.1" 200 32657 "-" "Mozilla/5.0 (compatible; SERankingBacklinksBot/1.0; +https://seranking.com/backlinks-crawler)"
216.73.217.105 - - [25/Apr/2026:13:02:00 -0400] "GET /shop/bank/goods/61681598343 HTTP/1.1" 500 0 "-" "Mozilla/5.0 AppleWebKit/537.36 (KHTML, like Gecko; compatible; ClaudeBot/1.0; +claudebot@anthropic.com)"
144.76.32.241 - - [25/Apr/2026:13:02:00 -0400] "GET /shop/srl/goods/61702616539 HTTP/1.1" 200 32553 "-" "Mozilla/5.0 (compatible; SERankingBacklinksBot/1.0; +https://seranking.com/backlinks-crawler)"
144.76.32.241 - - [25/Apr/2026:13:02:04 -0400] "GET /shop/otis/goods/6165417937 HTTP/1.1" 200 31598 "-" "Mozilla/5.0 (compatible; SERankingBacklinksBot/1.0; +https://seranking.com/backlinks-crawler)"
216.73.217.105 - - [25/Apr/2026:13:02:05 -0400] "GET /shop/humour/goods/61671155316 HTTP/1.1" 500 0 "-" "Mozilla/5.0 AppleWebKit/537.36 (KHTML, like Gecko; compatible; ClaudeBot/1.0; +claudebot@anthropic.com)"
144.76.32.241 - - [25/Apr/2026:13:02:08 -0400] "GET /shop/srl/goods/61702656513 HTTP/1.1" 200 31560 "-" "Mozilla/5.0 (compatible; SERankingBacklinksBot/1.0; +https://seranking.com/backlinks-crawler)"
216.73.217.105 - - [25/Apr/2026:13:02:10 -0400] "GET /shop/keynote/goods/61671397913 HTTP/1.1" 500 0 "-" "Mozilla/5.0 AppleWebKit/537.36 (KHTML, like Gecko; compatible; ClaudeBot/1.0; +claudebot@anthropic.com)"
144.76.32.241 - - [25/Apr/2026:13:02:13 -0400] "GET /shop/otis/goods/6165457911 HTTP/1.1" 200 31337 "-" "Mozilla/5.0 (compatible; SERankingBacklinksBot/1.0; +https://seranking.com/backlinks-crawler)"
216.73.217.105 - - [25/Apr/2026:13:02:15 -0400] "GET /shop/enrolment/goods/61692193353 HTTP/1.1" 500 0 "-" "Mozilla/5.0 AppleWebKit/537.36 (KHTML, like Gecko; compatible; ClaudeBot/1.0; +claudebot@anthropic.com)"
144.76.32.241 - - [25/Apr/2026:13:02:17 -0400] "GET /shop/srs/goods/61671078700 HTTP/1.1" 200 31301 "-" "Mozilla/5.0 (compatible; SERankingBacklinksBot/1.0; +https://seranking.com/backlinks-crawler)"
216.73.217.105 - - [25/Apr/2026:13:02:20 -0400] "GET /shop/banff/goods/61681458316 HTTP/1.1" 500 0 "-" "Mozilla/5.0 AppleWebKit/537.36 (KHTML, like Gecko; compatible; ClaudeBot/1.0; +claudebot@anthropic.com)"
144.76.32.241 - - [25/Apr/2026:13:02:21 -0400] "GET /shop/otis/goods/6165497885 HTTP/1.1" 200 33078 "-" "Mozilla/5.0 (compatible; SERankingBacklinksBot/1.0; +https://seranking.com/backlinks-crawler)"
216.73.217.105 - - [25/Apr/2026:13:02:25 -0400] "GET /shop/infringement/goods/61704996816 HTTP/1.1" 500 0 "-" "Mozilla/5.0 AppleWebKit/537.36 (KHTML, like Gecko; compatible; ClaudeBot/1.0; +claudebot@anthropic.com)"
144.76.32.241 - - [25/Apr/2026:13:02:25 -0400] "GET /shop/srs/goods/61671098687 HTTP/1.1" 200 32067 "-" "Mozilla/5.0 (compatible; SERankingBacklinksBot/1.0; +https://seranking.com/backlinks-crawler)"
144.76.32.241 - - [25/Apr/2026:13:02:29 -0400] "GET /shop/otis/goods/6165737729 HTTP/1.1" 200 33151 "-" "Mozilla/5.0 (compatible; SERankingBacklinksBot/1.0; +https://seranking.com/backlinks-crawler)"
216.73.217.105 - - [25/Apr/2026:13:02:30 -0400] "GET /shop/tibetan/goods/61653134263 HTTP/1.1" 500 0 "-" "Mozilla/5.0 AppleWebKit/537.36 (KHTML, like Gecko; compatible; ClaudeBot/1.0; +claudebot@anthropic.com)"
144.76.32.241 - - [25/Apr/2026:13:02:33 -0400] "GET /shop/srs/goods/61671138661 HTTP/1.1" 200 31646 "-" "Mozilla/5.0 (compatible; SERankingBacklinksBot/1.0; +https://seranking.com/backlinks-crawler)"
216.73.217.105 - - [25/Apr/2026:13:02:35 -0400] "GET /shop/sound/goods/61686942916 HTTP/1.1" 500 0 "-" "Mozilla/5.0 AppleWebKit/537.36 (KHTML, like Gecko; compatible; ClaudeBot/1.0; +claudebot@anthropic.com)"
144.76.32.241 - - [25/Apr/2026:13:02:37 -0400] "GET /shop/otis/goods/6166848629 HTTP/1.1" 200 31057 "-" "Mozilla/5.0 (compatible; SERankingBacklinksBot/1.0; +https://seranking.com/backlinks-crawler)"
216.73.217.105 - - [25/Apr/2026:13:02:40 -0400] "GET /shop/pixmania/goods/61648262938 HTTP/1.1" 500 0 "-" "Mozilla/5.0 AppleWebKit/537.36 (KHTML, like Gecko; compatible; ClaudeBot/1.0; +claudebot@anthropic.com)"
144.76.32.241 - - [25/Apr/2026:13:02:40 -0400] "GET /shop/srs/goods/61671178635 HTTP/1.1" 200 31631 "-" "Mozilla/5.0 (compatible; SERankingBacklinksBot/1.0; +https://seranking.com/backlinks-crawler)"
144.76.32.241 - - [25/Apr/2026:13:02:44 -0400] "GET /shop/otis/goods/6167959529 HTTP/1.1" 200 31191 "-" "Mozilla/5.0 (compatible; SERankingBacklinksBot/1.0; +https://seranking.com/backlinks-crawler)"
216.73.217.105 - - [25/Apr/2026:13:02:45 -0400] "GET /shop/boats/goods/61671173941 HTTP/1.1" 500 0 "-" "Mozilla/5.0 AppleWebKit/537.36 (KHTML, like Gecko; compatible; ClaudeBot/1.0; +claudebot@anthropic.com)"
144.76.32.241 - - [25/Apr/2026:13:02:48 -0400] "GET /shop/srs/goods/61671358518 HTTP/1.1" 200 31419 "-" "Mozilla/5.0 (compatible; SERankingBacklinksBot/1.0; +https://seranking.com/backlinks-crawler)"
216.73.217.105 - - [25/Apr/2026:13:02:50 -0400] "GET /shop/enfield/goods/61671027858 HTTP/1.1" 500 0 "-" "Mozilla/5.0 AppleWebKit/537.36 (KHTML, like Gecko; compatible; ClaudeBot/1.0; +claudebot@anthropic.com)"
66.249.66.201 - - [25/Apr/2026:13:02:51 -0400] "GET /?shop/felony/goods/6165442678 HTTP/1.1" 200 26121 "-" "Mozilla/5.0 (Linux; Android 6.0.1; Nexus 5X Build/MMB29P) AppleWebKit/537.36 (KHTML, like Gecko) Chrome/146.0.7680.177 Mobile Safari/537.36 (compatible; Googlebot/2.1; +http://www.google.com/bot.html)"
144.76.32.241 - - [25/Apr/2026:13:02:52 -0400] "GET /shop/otter/goods/616499758 HTTP/1.1" 200 31397 "-" "Mozilla/5.0 (compatible; SERankingBacklinksBot/1.0; +https://seranking.com/backlinks-crawler)"
216.73.217.105 - - [25/Apr/2026:13:02:55 -0400] "GET /shop/paradise/goods/61681678804 HTTP/1.1" 500 0 "-" "Mozilla/5.0 AppleWebKit/537.36 (KHTML, like Gecko; compatible; ClaudeBot/1.0; +claudebot@anthropic.com)"
144.76.32.241 - - [25/Apr/2026:13:02:56 -0400] "GET /shop/srs/goods/61671418479 HTTP/1.1" 200 31880 "-" "Mozilla/5.0 (compatible; SERankingBacklinksBot/1.0; +https://seranking.com/backlinks-crawler)"
216.73.217.105 - - [25/Apr/2026:13:03:00 -0400] "GET /shop/psychiatry/goods/61705227191 HTTP/1.1" 500 0 "-" "Mozilla/5.0 AppleWebKit/537.36 (KHTML, like Gecko; compatible; ClaudeBot/1.0; +claudebot@anthropic.com)"
144.76.32.241 - - [25/Apr/2026:13:03:00 -0400] "GET /shop/otto/goods/6164113707 HTTP/1.1" 200 31089 "-" "Mozilla/5.0 (compatible; SERankingBacklinksBot/1.0; +https://seranking.com/backlinks-crawler)"
216.73.217.105 - - [25/Apr/2026:13:03:05 -0400] "GET /shop/marlboro/goods/61671360014 HTTP/1.1" 500 0 "-" "Mozilla/5.0 AppleWebKit/537.36 (KHTML, like Gecko; compatible; ClaudeBot/1.0; +claudebot@anthropic.com)"
144.76.32.241 - - [25/Apr/2026:13:03:05 -0400] "GET /shop/srs/goods/61681529379 HTTP/1.1" 200 32261 "-" "Mozilla/5.0 (compatible; SERankingBacklinksBot/1.0; +https://seranking.com/backlinks-crawler)"
144.76.32.241 - - [25/Apr/2026:13:03:10 -0400] "GET /shop/otto/goods/6164233629 HTTP/1.1" 200 31697 "-" "Mozilla/5.0 (compatible; SERankingBacklinksBot/1.0; +https://seranking.com/backlinks-crawler)"
216.73.217.105 - - [25/Apr/2026:13:03:10 -0400] "GET /shop/mosquito/goods/61681471489 HTTP/1.1" 500 0 "-" "Mozilla/5.0 AppleWebKit/537.36 (KHTML, like Gecko; compatible; ClaudeBot/1.0; +claudebot@anthropic.com)"
144.76.32.241 - - [25/Apr/2026:13:03:14 -0400] "GET /shop/srs/goods/61681569353 HTTP/1.1" 200 32568 "-" "Mozilla/5.0 (compatible; SERankingBacklinksBot/1.0; +https://seranking.com/backlinks-crawler)"
216.73.217.105 - - [25/Apr/2026:13:03:15 -0400] "GET /shop/slovak/goods/61653341729 HTTP/1.1" 500 0 "-" "Mozilla/5.0 AppleWebKit/537.36 (KHTML, like Gecko; compatible; ClaudeBot/1.0; +claudebot@anthropic.com)"
144.76.32.241 - - [25/Apr/2026:13:03:18 -0400] "GET /shop/otto/goods/6165444464 HTTP/1.1" 200 31519 "-" "Mozilla/5.0 (compatible; SERankingBacklinksBot/1.0; +https://seranking.com/backlinks-crawler)"
216.73.217.105 - - [25/Apr/2026:13:03:20 -0400] "GET /shop/friendship/goods/61692081323 HTTP/1.1" 500 0 "-" "Mozilla/5.0 AppleWebKit/537.36 (KHTML, like Gecko; compatible; ClaudeBot/1.0; +claudebot@anthropic.com)"
144.76.32.241 - - [25/Apr/2026:13:03:22 -0400] "GET /shop/srs/goods/61681589340 HTTP/1.1" 200 32179 "-" "Mozilla/5.0 (compatible; SERankingBacklinksBot/1.0; +https://seranking.com/backlinks-crawler)"
216.73.217.105 - - [25/Apr/2026:13:03:26 -0400] "GET /shop/sexcam/goods/61671423584 HTTP/1.1" 500 0 "-" "Mozilla/5.0 AppleWebKit/537.36 (KHTML, like Gecko; compatible; ClaudeBot/1.0; +claudebot@anthropic.com)"
144.76.32.241 - - [25/Apr/2026:13:03:26 -0400] "GET /shop/otto/goods/6165504425 HTTP/1.1" 200 32412 "-" "Mozilla/5.0 (compatible; SERankingBacklinksBot/1.0; +https://seranking.com/backlinks-crawler)"
216.73.217.105 - - [25/Apr/2026:13:03:30 -0400] "GET /shop/teen/goods/61681617041 HTTP/1.1" 500 0 "-" "Mozilla/5.0 AppleWebKit/537.36 (KHTML, like Gecko; compatible; ClaudeBot/1.0; +claudebot@anthropic.com)"
144.76.32.241 - - [25/Apr/2026:13:03:30 -0400] "GET /shop/srs/goods/61681689275 HTTP/1.1" 200 31651 "-" "Mozilla/5.0 (compatible; SERankingBacklinksBot/1.0; +https://seranking.com/backlinks-crawler)"
144.76.32.241 - - [25/Apr/2026:13:03:35 -0400] "GET /shop/otto/goods/6165564386 HTTP/1.1" 200 31313 "-" "Mozilla/5.0 (compatible; SERankingBacklinksBot/1.0; +https://seranking.com/backlinks-crawler)"
216.73.217.105 - - [25/Apr/2026:13:03:35 -0400] "GET /shop/tanzania/goods/61691791803 HTTP/1.1" 500 0 "-" "Mozilla/5.0 AppleWebKit/537.36 (KHTML, like Gecko; compatible; ClaudeBot/1.0; +claudebot@anthropic.com)"
144.76.32.241 - - [25/Apr/2026:13:03:39 -0400] "GET /shop/srs/goods/61691740214 HTTP/1.1" 200 30877 "-" "Mozilla/5.0 (compatible; SERankingBacklinksBot/1.0; +https://seranking.com/backlinks-crawler)"
216.73.217.105 - - [25/Apr/2026:13:03:40 -0400] "GET /shop/hoodie/goods/61707690569 HTTP/1.1" 500 0 "-" "Mozilla/5.0 AppleWebKit/537.36 (KHTML, like Gecko; compatible; ClaudeBot/1.0; +claudebot@anthropic.com)"
144.76.32.241 - - [25/Apr/2026:13:03:43 -0400] "GET /shop/otto/goods/6166835182 HTTP/1.1" 200 31655 "-" "Mozilla/5.0 (compatible; SERankingBacklinksBot/1.0; +https://seranking.com/backlinks-crawler)"
216.73.217.105 - - [25/Apr/2026:13:03:45 -0400] "GET /shop/slipknot/goods/61673794999 HTTP/1.1" 500 0 "-" "Mozilla/5.0 AppleWebKit/537.36 (KHTML, like Gecko; compatible; ClaudeBot/1.0; +claudebot@anthropic.com)"
144.76.32.241 - - [25/Apr/2026:13:03:47 -0400] "GET /shop/srs/goods/61691760201 HTTP/1.1" 200 31767 "-" "Mozilla/5.0 (compatible; SERankingBacklinksBot/1.0; +https://seranking.com/backlinks-crawler)"
216.73.217.105 - - [25/Apr/2026:13:03:50 -0400] "GET /shop/advocacy/goods/61684289038 HTTP/1.1" 500 0 "-" "Mozilla/5.0 AppleWebKit/537.36 (KHTML, like Gecko; compatible; ClaudeBot/1.0; +claudebot@anthropic.com)"
144.76.32.241 - - [25/Apr/2026:13:03:51 -0400] "GET /shop/otto/goods/6166875156 HTTP/1.1" 200 32541 "-" "Mozilla/5.0 (compatible; SERankingBacklinksBot/1.0; +https://seranking.com/backlinks-crawler)"
216.73.217.105 - - [25/Apr/2026:13:03:55 -0400] "GET /shop/hentai/goods/61671076039 HTTP/1.1" 500 0 "-" "Mozilla/5.0 AppleWebKit/537.36 (KHTML, like Gecko; compatible; ClaudeBot/1.0; +claudebot@anthropic.com)"
144.76.32.241 - - [25/Apr/2026:13:03:55 -0400] "GET /shop/srs/goods/61691820162 HTTP/1.1" 200 33621 "-" "Mozilla/5.0 (compatible; SERankingBacklinksBot/1.0; +https://seranking.com/backlinks-crawler)"
144.76.32.241 - - [25/Apr/2026:13:03:59 -0400] "GET /shop/ought/goods/616437468 HTTP/1.1" 200 32616 "-" "Mozilla/5.0 (compatible; SERankingBacklinksBot/1.0; +https://seranking.com/backlinks-crawler)"
216.73.217.105 - - [25/Apr/2026:13:04:00 -0400] "GET /shop/antarctica/goods/61671389428 HTTP/1.1" 500 0 "-" "Mozilla/5.0 AppleWebKit/537.36 (KHTML, like Gecko; compatible; ClaudeBot/1.0; +claudebot@anthropic.com)"
144.76.32.241 - - [25/Apr/2026:13:04:02 -0400] "GET /shop/srs/goods/61691860136 HTTP/1.1" 200 32009 "-" "Mozilla/5.0 (compatible; SERankingBacklinksBot/1.0; +https://seranking.com/backlinks-crawler)"
216.73.217.105 - - [25/Apr/2026:13:04:05 -0400] "GET /shop/spoilers/goods/61684197474 HTTP/1.1" 500 0 "-" "Mozilla/5.0 AppleWebKit/537.36 (KHTML, like Gecko; compatible; ClaudeBot/1.0; +claudebot@anthropic.com)"
144.76.32.241 - - [25/Apr/2026:13:04:06 -0400] "GET /shop/ought/goods/616457455 HTTP/1.1" 200 31532 "-" "Mozilla/5.0 (compatible; SERankingBacklinksBot/1.0; +https://seranking.com/backlinks-crawler)"
144.76.32.241 - - [25/Apr/2026:13:04:10 -0400] "GET /shop/srs/goods/61691940084 HTTP/1.1" 200 30961 "-" "Mozilla/5.0 (compatible; SERankingBacklinksBot/1.0; +https://seranking.com/backlinks-crawler)"
144.76.32.241 - - [25/Apr/2026:13:04:14 -0400] "GET /shop/ounce/goods/616473221 HTTP/1.1" 200 31852 "-" "Mozilla/5.0 (compatible; SERankingBacklinksBot/1.0; +https://seranking.com/backlinks-crawler)"
