144.76.32.241 - - [25/Apr/2026:10:25:23 -0400] "GET /shop/off/goods/61702709506 HTTP/1.1" 200 31444 "-" "Mozilla/5.0 (compatible; SERankingBacklinksBot/1.0; +https://seranking.com/backlinks-crawler)"
216.73.217.105 - - [25/Apr/2026:10:25:25 -0400] "GET /shop/boulevard/goods/616942799687 HTTP/1.1" 500 0 "-" "Mozilla/5.0 AppleWebKit/537.36 (KHTML, like Gecko; compatible; ClaudeBot/1.0; +claudebot@anthropic.com)"
216.73.217.105 - - [25/Apr/2026:10:25:31 -0400] "GET /shop/victory/goods/616411092059 HTTP/1.1" 500 0 "-" "Mozilla/5.0 AppleWebKit/537.36 (KHTML, like Gecko; compatible; ClaudeBot/1.0; +claudebot@anthropic.com)"
216.73.217.105 - - [25/Apr/2026:10:25:37 -0400] "GET /shop/rising/goods/61653034429 HTTP/1.1" 500 0 "-" "Mozilla/5.0 AppleWebKit/537.36 (KHTML, like Gecko; compatible; ClaudeBot/1.0; +claudebot@anthropic.com)"
216.73.217.105 - - [25/Apr/2026:10:25:40 -0400] "GET /shop/howto/goods/61655797513 HTTP/1.1" 500 0 "-" "Mozilla/5.0 AppleWebKit/537.36 (KHTML, like Gecko; compatible; ClaudeBot/1.0; +claudebot@anthropic.com)"
216.73.217.105 - - [25/Apr/2026:10:25:45 -0400] "GET /shop/niche/goods/616910075464 HTTP/1.1" 500 0 "-" "Mozilla/5.0 AppleWebKit/537.36 (KHTML, like Gecko; compatible; ClaudeBot/1.0; +claudebot@anthropic.com)"
216.73.217.105 - - [25/Apr/2026:10:25:50 -0400] "GET /shop/watched/goods/61702505998 HTTP/1.1" 500 0 "-" "Mozilla/5.0 AppleWebKit/537.36 (KHTML, like Gecko; compatible; ClaudeBot/1.0; +claudebot@anthropic.com)"
216.73.217.105 - - [25/Apr/2026:10:25:55 -0400] "GET /shop/criminal/goods/61642747732 HTTP/1.1" 500 0 "-" "Mozilla/5.0 AppleWebKit/537.36 (KHTML, like Gecko; compatible; ClaudeBot/1.0; +claudebot@anthropic.com)"
216.73.217.105 - - [25/Apr/2026:10:26:00 -0400] "GET /shop/adc/goods/617010667854 HTTP/1.1" 500 0 "-" "Mozilla/5.0 AppleWebKit/537.36 (KHTML, like Gecko; compatible; ClaudeBot/1.0; +claudebot@anthropic.com)"
144.76.32.241 - - [25/Apr/2026:10:26:05 -0400] "GET /shop/ramp/goods/6165366445 HTTP/1.1" 200 32118 "-" "Mozilla/5.0 (compatible; SERankingBacklinksBot/1.0; +https://seranking.com/backlinks-crawler)"
216.73.217.105 - - [25/Apr/2026:10:26:07 -0400] "GET /shop/quinta/goods/61645431616 HTTP/1.1" 500 0 "-" "Mozilla/5.0 AppleWebKit/537.36 (KHTML, like Gecko; compatible; ClaudeBot/1.0; +claudebot@anthropic.com)"
216.73.217.105 - - [25/Apr/2026:10:26:11 -0400] "GET /shop/assays/goods/61674094593 HTTP/1.1" 500 0 "-" "Mozilla/5.0 AppleWebKit/537.36 (KHTML, like Gecko; compatible; ClaudeBot/1.0; +claudebot@anthropic.com)"
216.73.217.105 - - [25/Apr/2026:10:26:16 -0400] "GET /shop/harriet/goods/61702229175 HTTP/1.1" 500 0 "-" "Mozilla/5.0 AppleWebKit/537.36 (KHTML, like Gecko; compatible; ClaudeBot/1.0; +claudebot@anthropic.com)"
216.73.217.105 - - [25/Apr/2026:10:26:22 -0400] "GET /shop/hates/goods/61702469959 HTTP/1.1" 500 0 "-" "Mozilla/5.0 AppleWebKit/537.36 (KHTML, like Gecko; compatible; ClaudeBot/1.0; +claudebot@anthropic.com)"
216.73.217.105 - - [25/Apr/2026:10:26:26 -0400] "GET /shop/effort/goods/61642848742 HTTP/1.1" 500 0 "-" "Mozilla/5.0 AppleWebKit/537.36 (KHTML, like Gecko; compatible; ClaudeBot/1.0; +claudebot@anthropic.com)"
216.73.217.105 - - [25/Apr/2026:10:26:31 -0400] "GET /shop/reyes/goods/61705360633 HTTP/1.1" 500 0 "-" "Mozilla/5.0 AppleWebKit/537.36 (KHTML, like Gecko; compatible; ClaudeBot/1.0; +claudebot@anthropic.com)"
216.73.217.105 - - [25/Apr/2026:10:26:36 -0400] "GET /shop/quinta/goods/61645491577 HTTP/1.1" 500 0 "-" "Mozilla/5.0 AppleWebKit/537.36 (KHTML, like Gecko; compatible; ClaudeBot/1.0; +claudebot@anthropic.com)"
216.73.217.105 - - [25/Apr/2026:10:26:41 -0400] "GET /shop/reaches/goods/616644233233 HTTP/1.1" 500 0 "-" "Mozilla/5.0 AppleWebKit/537.36 (KHTML, like Gecko; compatible; ClaudeBot/1.0; +claudebot@anthropic.com)"
216.73.217.105 - - [25/Apr/2026:10:26:46 -0400] "GET /shop/afforded/goods/61674144204 HTTP/1.1" 500 0 "-" "Mozilla/5.0 AppleWebKit/537.36 (KHTML, like Gecko; compatible; ClaudeBot/1.0; +claudebot@anthropic.com)"
216.73.217.105 - - [25/Apr/2026:10:26:51 -0400] "GET /shop/sticker/goods/61653136904 HTTP/1.1" 500 0 "-" "Mozilla/5.0 AppleWebKit/537.36 (KHTML, like Gecko; compatible; ClaudeBot/1.0; +claudebot@anthropic.com)"
144.76.32.241 - - [25/Apr/2026:10:27:01 -0400] "GET /shop/offer/goods/616484305 HTTP/1.1" 200 31074 "-" "Mozilla/5.0 (compatible; SERankingBacklinksBot/1.0; +https://seranking.com/backlinks-crawler)"
216.73.217.105 - - [25/Apr/2026:10:27:02 -0400] "GET /shop/redirected/goods/616565555019 HTTP/1.1" 500 0 "-" "Mozilla/5.0 AppleWebKit/537.36 (KHTML, like Gecko; compatible; ClaudeBot/1.0; +claudebot@anthropic.com)"
216.73.217.105 - - [25/Apr/2026:10:27:02 -0400] "GET /shop/thumbs/goods/61689842302 HTTP/1.1" 500 0 "-" "Mozilla/5.0 AppleWebKit/537.36 (KHTML, like Gecko; compatible; ClaudeBot/1.0; +claudebot@anthropic.com)"
216.73.217.105 - - [25/Apr/2026:10:27:07 -0400] "GET /shop/anguilla/goods/61702598098 HTTP/1.1" 500 0 "-" "Mozilla/5.0 AppleWebKit/537.36 (KHTML, like Gecko; compatible; ClaudeBot/1.0; +claudebot@anthropic.com)"
216.73.217.105 - - [25/Apr/2026:10:27:12 -0400] "GET /shop/employee/goods/61653333825 HTTP/1.1" 500 0 "-" "Mozilla/5.0 AppleWebKit/537.36 (KHTML, like Gecko; compatible; ClaudeBot/1.0; +claudebot@anthropic.com)"
216.73.217.105 - - [25/Apr/2026:10:27:18 -0400] "GET /shop/veterans/goods/61689771635 HTTP/1.1" 500 0 "-" "Mozilla/5.0 AppleWebKit/537.36 (KHTML, like Gecko; compatible; ClaudeBot/1.0; +claudebot@anthropic.com)"
216.73.217.105 - - [25/Apr/2026:10:27:23 -0400] "GET /shop/aroma/goods/616527629434 HTTP/1.1" 500 0 "-" "Mozilla/5.0 AppleWebKit/537.36 (KHTML, like Gecko; compatible; ClaudeBot/1.0; +claudebot@anthropic.com)"
216.73.217.105 - - [25/Apr/2026:10:27:28 -0400] "GET /shop/voucher/goods/616644338253 HTTP/1.1" 500 0 "-" "Mozilla/5.0 AppleWebKit/537.36 (KHTML, like Gecko; compatible; ClaudeBot/1.0; +claudebot@anthropic.com)"
216.73.217.105 - - [25/Apr/2026:10:27:33 -0400] "GET /shop/overnight/goods/616739296838 HTTP/1.1" 500 0 "-" "Mozilla/5.0 AppleWebKit/537.36 (KHTML, like Gecko; compatible; ClaudeBot/1.0; +claudebot@anthropic.com)"
216.73.217.105 - - [25/Apr/2026:10:27:38 -0400] "GET /shop/contingency/goods/616440812673 HTTP/1.1" 500 0 "-" "Mozilla/5.0 AppleWebKit/537.36 (KHTML, like Gecko; compatible; ClaudeBot/1.0; +claudebot@anthropic.com)"
216.73.217.105 - - [25/Apr/2026:10:27:43 -0400] "GET /shop/tribes/goods/616440726188 HTTP/1.1" 500 0 "-" "Mozilla/5.0 AppleWebKit/537.36 (KHTML, like Gecko; compatible; ClaudeBot/1.0; +claudebot@anthropic.com)"
216.73.217.105 - - [25/Apr/2026:10:27:48 -0400] "GET /shop/earlier/goods/61684290060 HTTP/1.1" 500 0 "-" "Mozilla/5.0 AppleWebKit/537.36 (KHTML, like Gecko; compatible; ClaudeBot/1.0; +claudebot@anthropic.com)"
144.76.32.241 - - [25/Apr/2026:10:27:49 -0400] "GET /shop/ramp/goods/6165566315 HTTP/1.1" 200 31272 "-" "Mozilla/5.0 (compatible; SERankingBacklinksBot/1.0; +https://seranking.com/backlinks-crawler)"
216.73.217.105 - - [25/Apr/2026:10:27:53 -0400] "GET /shop/solo/goods/616741648335 HTTP/1.1" 500 0 "-" "Mozilla/5.0 AppleWebKit/537.36 (KHTML, like Gecko; compatible; ClaudeBot/1.0; +claudebot@anthropic.com)"
216.73.217.105 - - [25/Apr/2026:10:27:58 -0400] "GET /shop/sonny/goods/61684176639 HTTP/1.1" 500 0 "-" "Mozilla/5.0 AppleWebKit/537.36 (KHTML, like Gecko; compatible; ClaudeBot/1.0; +claudebot@anthropic.com)"
216.73.217.105 - - [25/Apr/2026:10:28:03 -0400] "GET /shop/layered/goods/616910223114 HTTP/1.1" 500 0 "-" "Mozilla/5.0 AppleWebKit/537.36 (KHTML, like Gecko; compatible; ClaudeBot/1.0; +claudebot@anthropic.com)"
216.73.217.105 - - [25/Apr/2026:10:28:08 -0400] "GET /shop/sj/goods/616541382638 HTTP/1.1" 500 0 "-" "Mozilla/5.0 AppleWebKit/537.36 (KHTML, like Gecko; compatible; ClaudeBot/1.0; +claudebot@anthropic.com)"
216.73.217.105 - - [25/Apr/2026:10:28:17 -0400] "GET /shop/exeter/goods/61668991503 HTTP/1.1" 500 0 "-" "Mozilla/5.0 AppleWebKit/537.36 (KHTML, like Gecko; compatible; ClaudeBot/1.0; +claudebot@anthropic.com)"
216.73.217.105 - - [25/Apr/2026:10:28:18 -0400] "GET /shop/sync/goods/61686988553 HTTP/1.1" 500 0 "-" "Mozilla/5.0 AppleWebKit/537.36 (KHTML, like Gecko; compatible; ClaudeBot/1.0; +claudebot@anthropic.com)"
216.73.217.105 - - [25/Apr/2026:10:28:23 -0400] "GET /shop/unclear/goods/61673662811 HTTP/1.1" 500 0 "-" "Mozilla/5.0 AppleWebKit/537.36 (KHTML, like Gecko; compatible; ClaudeBot/1.0; +claudebot@anthropic.com)"
216.73.217.105 - - [25/Apr/2026:10:28:28 -0400] "GET /shop/gst/goods/61648314787 HTTP/1.1" 500 0 "-" "Mozilla/5.0 AppleWebKit/537.36 (KHTML, like Gecko; compatible; ClaudeBot/1.0; +claudebot@anthropic.com)"
216.73.217.105 - - [25/Apr/2026:10:28:33 -0400] "GET /shop/skip/goods/616524855109 HTTP/1.1" 500 0 "-" "Mozilla/5.0 AppleWebKit/537.36 (KHTML, like Gecko; compatible; ClaudeBot/1.0; +claudebot@anthropic.com)"
144.76.32.241 - - [25/Apr/2026:10:28:35 -0400] "GET /shop/office/goods/61649875 HTTP/1.1" 200 33114 "-" "Mozilla/5.0 (compatible; SERankingBacklinksBot/1.0; +https://seranking.com/backlinks-crawler)"
216.73.217.105 - - [25/Apr/2026:10:28:38 -0400] "GET /shop/issue/goods/61687086277 HTTP/1.1" 500 0 "-" "Mozilla/5.0 AppleWebKit/537.36 (KHTML, like Gecko; compatible; ClaudeBot/1.0; +claudebot@anthropic.com)"
216.73.217.105 - - [25/Apr/2026:10:28:43 -0400] "GET /shop/thrust/goods/617029445037 HTTP/1.1" 500 0 "-" "Mozilla/5.0 AppleWebKit/537.36 (KHTML, like Gecko; compatible; ClaudeBot/1.0; +claudebot@anthropic.com)"
216.73.217.105 - - [25/Apr/2026:10:28:48 -0400] "GET /shop/considerable/goods/61705303336 HTTP/1.1" 500 0 "-" "Mozilla/5.0 AppleWebKit/537.36 (KHTML, like Gecko; compatible; ClaudeBot/1.0; +claudebot@anthropic.com)"
216.73.217.105 - - [25/Apr/2026:10:29:04 -0400] "GET /shop/harold/goods/616712019882 HTTP/1.1" 500 0 "-" "Mozilla/5.0 AppleWebKit/537.36 (KHTML, like Gecko; compatible; ClaudeBot/1.0; +claudebot@anthropic.com)"
216.73.217.105 - - [25/Apr/2026:10:29:08 -0400] "GET /shop/southeastern/goods/61645461835 HTTP/1.1" 500 0 "-" "Mozilla/5.0 AppleWebKit/537.36 (KHTML, like Gecko; compatible; ClaudeBot/1.0; +claudebot@anthropic.com)"
216.73.217.105 - - [25/Apr/2026:10:29:13 -0400] "GET /shop/damp/goods/61697312720 HTTP/1.1" 500 0 "-" "Mozilla/5.0 AppleWebKit/537.36 (KHTML, like Gecko; compatible; ClaudeBot/1.0; +claudebot@anthropic.com)"
216.73.217.105 - - [25/Apr/2026:10:29:18 -0400] "GET /shop/liar/goods/61648169972 HTTP/1.1" 500 0 "-" "Mozilla/5.0 AppleWebKit/537.36 (KHTML, like Gecko; compatible; ClaudeBot/1.0; +claudebot@anthropic.com)"
216.73.217.105 - - [25/Apr/2026:10:29:23 -0400] "GET /shop/melanie/goods/61676503012 HTTP/1.1" 500 0 "-" "Mozilla/5.0 AppleWebKit/537.36 (KHTML, like Gecko; compatible; ClaudeBot/1.0; +claudebot@anthropic.com)"
144.76.32.241 - - [25/Apr/2026:10:29:25 -0400] "GET /shop/ramp/goods/6165706224 HTTP/1.1" 200 31443 "-" "Mozilla/5.0 (compatible; SERankingBacklinksBot/1.0; +https://seranking.com/backlinks-crawler)"
216.73.217.105 - - [25/Apr/2026:10:29:28 -0400] "GET /shop/routed/goods/61684185053 HTTP/1.1" 500 0 "-" "Mozilla/5.0 AppleWebKit/537.36 (KHTML, like Gecko; compatible; ClaudeBot/1.0; +claudebot@anthropic.com)"
216.73.217.105 - - [25/Apr/2026:10:29:33 -0400] "GET /shop/mc/goods/616910239658 HTTP/1.1" 500 0 "-" "Mozilla/5.0 AppleWebKit/537.36 (KHTML, like Gecko; compatible; ClaudeBot/1.0; +claudebot@anthropic.com)"
216.73.217.105 - - [25/Apr/2026:10:29:38 -0400] "GET /shop/scales/goods/61691718921 HTTP/1.1" 500 0 "-" "Mozilla/5.0 AppleWebKit/537.36 (KHTML, like Gecko; compatible; ClaudeBot/1.0; +claudebot@anthropic.com)"
216.73.217.105 - - [25/Apr/2026:10:29:43 -0400] "GET /shop/robbery/goods/616725538959 HTTP/1.1" 500 0 "-" "Mozilla/5.0 AppleWebKit/537.36 (KHTML, like Gecko; compatible; ClaudeBot/1.0; +claudebot@anthropic.com)"
216.73.217.105 - - [25/Apr/2026:10:29:48 -0400] "GET /shop/cutters/goods/61691843626 HTTP/1.1" 500 0 "-" "Mozilla/5.0 AppleWebKit/537.36 (KHTML, like Gecko; compatible; ClaudeBot/1.0; +claudebot@anthropic.com)"
216.73.217.105 - - [25/Apr/2026:10:29:54 -0400] "GET /shop/pete/goods/616942662543 HTTP/1.1" 500 0 "-" "Mozilla/5.0 AppleWebKit/537.36 (KHTML, like Gecko; compatible; ClaudeBot/1.0; +claudebot@anthropic.com)"
216.73.217.105 - - [25/Apr/2026:10:29:59 -0400] "GET /shop/nw/goods/61684300857 HTTP/1.1" 500 0 "-" "Mozilla/5.0 AppleWebKit/537.36 (KHTML, like Gecko; compatible; ClaudeBot/1.0; +claudebot@anthropic.com)"
216.73.217.105 - - [25/Apr/2026:10:30:04 -0400] "GET /shop/specialists/goods/61707648952 HTTP/1.1" 500 0 "-" "Mozilla/5.0 AppleWebKit/537.36 (KHTML, like Gecko; compatible; ClaudeBot/1.0; +claudebot@anthropic.com)"
216.73.217.105 - - [25/Apr/2026:10:30:09 -0400] "GET /shop/freaks/goods/616511208824 HTTP/1.1" 500 0 "-" "Mozilla/5.0 AppleWebKit/537.36 (KHTML, like Gecko; compatible; ClaudeBot/1.0; +claudebot@anthropic.com)"
144.76.32.241 - - [25/Apr/2026:10:30:11 -0400] "GET /shop/offs/goods/6165354743 HTTP/1.1" 200 31118 "-" "Mozilla/5.0 (compatible; SERankingBacklinksBot/1.0; +https://seranking.com/backlinks-crawler)"
216.73.217.105 - - [25/Apr/2026:10:30:14 -0400] "GET /shop/buenos/goods/616845015033 HTTP/1.1" 500 0 "-" "Mozilla/5.0 AppleWebKit/537.36 (KHTML, like Gecko; compatible; ClaudeBot/1.0; +claudebot@anthropic.com)"
47.128.38.129 - - [25/Apr/2026:10:30:14 -0400] "GET /robots.txt HTTP/1.1" 200 105 "-" "Mozilla/5.0 (Linux; Android 5.0) AppleWebKit/537.36 (KHTML, like Gecko) Mobile Safari/537.36 (compatible; Bytespider; spider-feedback@bytedance.com)"
216.73.217.105 - - [25/Apr/2026:10:30:19 -0400] "GET /shop/valley/goods/61679454523 HTTP/1.1" 500 0 "-" "Mozilla/5.0 AppleWebKit/537.36 (KHTML, like Gecko; compatible; ClaudeBot/1.0; +claudebot@anthropic.com)"
216.73.217.105 - - [25/Apr/2026:10:30:24 -0400] "GET /shop/freedom/goods/61676557587 HTTP/1.1" 500 0 "-" "Mozilla/5.0 AppleWebKit/537.36 (KHTML, like Gecko; compatible; ClaudeBot/1.0; +claudebot@anthropic.com)"
216.73.217.105 - - [25/Apr/2026:10:30:29 -0400] "GET /shop/democratic/goods/61707933478 HTTP/1.1" 500 0 "-" "Mozilla/5.0 AppleWebKit/537.36 (KHTML, like Gecko; compatible; ClaudeBot/1.0; +claudebot@anthropic.com)"
216.73.217.105 - - [25/Apr/2026:10:30:34 -0400] "GET /shop/deepest/goods/61673841057 HTTP/1.1" 500 0 "-" "Mozilla/5.0 AppleWebKit/537.36 (KHTML, like Gecko; compatible; ClaudeBot/1.0; +claudebot@anthropic.com)"
216.73.217.105 - - [25/Apr/2026:10:30:39 -0400] "GET /shop/disclaimer/goods/61656088540 HTTP/1.1" 500 0 "-" "Mozilla/5.0 AppleWebKit/537.36 (KHTML, like Gecko; compatible; ClaudeBot/1.0; +claudebot@anthropic.com)"
216.73.217.105 - - [25/Apr/2026:10:30:44 -0400] "GET /shop/blondes/goods/61648301103 HTTP/1.1" 500 0 "-" "Mozilla/5.0 AppleWebKit/537.36 (KHTML, like Gecko; compatible; ClaudeBot/1.0; +claudebot@anthropic.com)"
216.73.217.105 - - [25/Apr/2026:10:30:49 -0400] "GET /shop/jim/goods/61673995365 HTTP/1.1" 500 0 "-" "Mozilla/5.0 AppleWebKit/537.36 (KHTML, like Gecko; compatible; ClaudeBot/1.0; +claudebot@anthropic.com)"
216.73.217.105 - - [25/Apr/2026:10:30:54 -0400] "GET /shop/picks/goods/61694890532 HTTP/1.1" 500 0 "-" "Mozilla/5.0 AppleWebKit/537.36 (KHTML, like Gecko; compatible; ClaudeBot/1.0; +claudebot@anthropic.com)"
144.76.32.241 - - [25/Apr/2026:10:30:57 -0400] "GET /shop/ramp/goods/6165726211 HTTP/1.1" 200 33656 "-" "Mozilla/5.0 (compatible; SERankingBacklinksBot/1.0; +https://seranking.com/backlinks-crawler)"
216.73.217.105 - - [25/Apr/2026:10:30:59 -0400] "GET /shop/standard/goods/61656025988 HTTP/1.1" 500 0 "-" "Mozilla/5.0 AppleWebKit/537.36 (KHTML, like Gecko; compatible; ClaudeBot/1.0; +claudebot@anthropic.com)"
216.73.217.105 - - [25/Apr/2026:10:31:04 -0400] "GET /shop/thu/goods/61705277240 HTTP/1.1" 500 0 "-" "Mozilla/5.0 AppleWebKit/537.36 (KHTML, like Gecko; compatible; ClaudeBot/1.0; +claudebot@anthropic.com)"
216.73.217.105 - - [25/Apr/2026:10:31:09 -0400] "GET /shop/rn/goods/61702629418 HTTP/1.1" 500 0 "-" "Mozilla/5.0 AppleWebKit/537.36 (KHTML, like Gecko; compatible; ClaudeBot/1.0; +claudebot@anthropic.com)"
216.73.217.105 - - [25/Apr/2026:10:31:15 -0400] "GET /shop/icons/goods/61697322761 HTTP/1.1" 500 0 "-" "Mozilla/5.0 AppleWebKit/537.36 (KHTML, like Gecko; compatible; ClaudeBot/1.0; +claudebot@anthropic.com)"
216.73.217.105 - - [25/Apr/2026:10:31:19 -0400] "GET /shop/gibbs/goods/61653062781 HTTP/1.1" 500 0 "-" "Mozilla/5.0 AppleWebKit/537.36 (KHTML, like Gecko; compatible; ClaudeBot/1.0; +claudebot@anthropic.com)"
216.73.217.105 - - [25/Apr/2026:10:31:24 -0400] "GET /shop/cents/goods/617010747164 HTTP/1.1" 500 0 "-" "Mozilla/5.0 AppleWebKit/537.36 (KHTML, like Gecko; compatible; ClaudeBot/1.0; +claudebot@anthropic.com)"
216.73.217.105 - - [25/Apr/2026:10:31:30 -0400] "GET /shop/monarch/goods/617024179396 HTTP/1.1" 500 0 "-" "Mozilla/5.0 AppleWebKit/537.36 (KHTML, like Gecko; compatible; ClaudeBot/1.0; +claudebot@anthropic.com)"
216.73.217.105 - - [25/Apr/2026:10:31:35 -0400] "GET /shop/clerks/goods/616741667283 HTTP/1.1" 500 0 "-" "Mozilla/5.0 AppleWebKit/537.36 (KHTML, like Gecko; compatible; ClaudeBot/1.0; +claudebot@anthropic.com)"
216.73.217.105 - - [25/Apr/2026:10:31:40 -0400] "GET /shop/barrier/goods/616711862505 HTTP/1.1" 500 0 "-" "Mozilla/5.0 AppleWebKit/537.36 (KHTML, like Gecko; compatible; ClaudeBot/1.0; +claudebot@anthropic.com)"
216.73.217.105 - - [25/Apr/2026:10:31:45 -0400] "GET /shop/accuracy/goods/617062216719 HTTP/1.1" 500 0 "-" "Mozilla/5.0 AppleWebKit/537.36 (KHTML, like Gecko; compatible; ClaudeBot/1.0; +claudebot@anthropic.com)"
216.73.217.105 - - [25/Apr/2026:10:31:50 -0400] "GET /shop/welcomes/goods/61694851804 HTTP/1.1" 500 0 "-" "Mozilla/5.0 AppleWebKit/537.36 (KHTML, like Gecko; compatible; ClaudeBot/1.0; +claudebot@anthropic.com)"
144.76.32.241 - - [25/Apr/2026:10:31:51 -0400] "GET /shop/offs/goods/6165374730 HTTP/1.1" 200 32133 "-" "Mozilla/5.0 (compatible; SERankingBacklinksBot/1.0; +https://seranking.com/backlinks-crawler)"
216.73.217.105 - - [25/Apr/2026:10:31:55 -0400] "GET /shop/contention/goods/616524881325 HTTP/1.1" 500 0 "-" "Mozilla/5.0 AppleWebKit/537.36 (KHTML, like Gecko; compatible; ClaudeBot/1.0; +claudebot@anthropic.com)"
216.73.217.105 - - [25/Apr/2026:10:32:00 -0400] "GET /shop/julio/goods/61692099002 HTTP/1.1" 500 0 "-" "Mozilla/5.0 AppleWebKit/537.36 (KHTML, like Gecko; compatible; ClaudeBot/1.0; +claudebot@anthropic.com)"
216.73.217.105 - - [25/Apr/2026:10:32:05 -0400] "GET /shop/fishes/goods/616530311662 HTTP/1.1" 500 0 "-" "Mozilla/5.0 AppleWebKit/537.36 (KHTML, like Gecko; compatible; ClaudeBot/1.0; +claudebot@anthropic.com)"
216.73.217.105 - - [25/Apr/2026:10:32:10 -0400] "GET /shop/mariah/goods/616923872562 HTTP/1.1" 500 0 "-" "Mozilla/5.0 AppleWebKit/537.36 (KHTML, like Gecko; compatible; ClaudeBot/1.0; +claudebot@anthropic.com)"
216.73.217.105 - - [25/Apr/2026:10:32:15 -0400] "GET /shop/commissioner/goods/616923755896 HTTP/1.1" 500 0 "-" "Mozilla/5.0 AppleWebKit/537.36 (KHTML, like Gecko; compatible; ClaudeBot/1.0; +claudebot@anthropic.com)"
216.73.217.105 - - [25/Apr/2026:10:32:20 -0400] "GET /shop/ortho/goods/616465346593 HTTP/1.1" 500 0 "-" "Mozilla/5.0 AppleWebKit/537.36 (KHTML, like Gecko; compatible; ClaudeBot/1.0; +claudebot@anthropic.com)"
216.73.217.105 - - [25/Apr/2026:10:32:25 -0400] "GET /shop/sapphire/goods/617013362690 HTTP/1.1" 500 0 "-" "Mozilla/5.0 AppleWebKit/537.36 (KHTML, like Gecko; compatible; ClaudeBot/1.0; +claudebot@anthropic.com)"
216.73.217.105 - - [25/Apr/2026:10:32:31 -0400] "GET /shop/kiwi/goods/617040523497 HTTP/1.1" 500 0 "-" "Mozilla/5.0 AppleWebKit/537.36 (KHTML, like Gecko; compatible; ClaudeBot/1.0; +claudebot@anthropic.com)"
216.73.217.105 - - [25/Apr/2026:10:32:36 -0400] "GET /shop/concentrated/goods/61694610010 HTTP/1.1" 500 0 "-" "Mozilla/5.0 AppleWebKit/537.36 (KHTML, like Gecko; compatible; ClaudeBot/1.0; +claudebot@anthropic.com)"
144.76.32.241 - - [25/Apr/2026:10:32:36 -0400] "GET /shop/ramp/goods/6166817124 HTTP/1.1" 200 30983 "-" "Mozilla/5.0 (compatible; SERankingBacklinksBot/1.0; +https://seranking.com/backlinks-crawler)"
216.73.217.105 - - [25/Apr/2026:10:32:41 -0400] "GET /shop/gwen/goods/616541264692 HTTP/1.1" 500 0 "-" "Mozilla/5.0 AppleWebKit/537.36 (KHTML, like Gecko; compatible; ClaudeBot/1.0; +claudebot@anthropic.com)"
216.73.217.105 - - [25/Apr/2026:10:32:46 -0400] "GET /shop/substitution/goods/61676656424 HTTP/1.1" 500 0 "-" "Mozilla/5.0 AppleWebKit/537.36 (KHTML, like Gecko; compatible; ClaudeBot/1.0; +claudebot@anthropic.com)"
216.73.217.105 - - [25/Apr/2026:10:32:51 -0400] "GET /shop/seniors/goods/616940185923 HTTP/1.1" 500 0 "-" "Mozilla/5.0 AppleWebKit/537.36 (KHTML, like Gecko; compatible; ClaudeBot/1.0; +claudebot@anthropic.com)"
216.73.217.105 - - [25/Apr/2026:10:32:56 -0400] "GET /shop/northwestern/goods/61708037638 HTTP/1.1" 500 0 "-" "Mozilla/5.0 AppleWebKit/537.36 (KHTML, like Gecko; compatible; ClaudeBot/1.0; +claudebot@anthropic.com)"
216.73.217.105 - - [25/Apr/2026:10:33:01 -0400] "GET /shop/diversion/goods/616945439353 HTTP/1.1" 500 0 "-" "Mozilla/5.0 AppleWebKit/537.36 (KHTML, like Gecko; compatible; ClaudeBot/1.0; +claudebot@anthropic.com)"
216.73.217.105 - - [25/Apr/2026:10:33:06 -0400] "GET /shop/silhouette/goods/616839440618 HTTP/1.1" 500 0 "-" "Mozilla/5.0 AppleWebKit/537.36 (KHTML, like Gecko; compatible; ClaudeBot/1.0; +claudebot@anthropic.com)"
216.73.217.105 - - [25/Apr/2026:10:33:11 -0400] "GET /shop/accompanying/goods/617040238968 HTTP/1.1" 500 0 "-" "Mozilla/5.0 AppleWebKit/537.36 (KHTML, like Gecko; compatible; ClaudeBot/1.0; +claudebot@anthropic.com)"
216.73.217.105 - - [25/Apr/2026:10:33:16 -0400] "GET /shop/cadillac/goods/616720191819 HTTP/1.1" 500 0 "-" "Mozilla/5.0 AppleWebKit/537.36 (KHTML, like Gecko; compatible; ClaudeBot/1.0; +claudebot@anthropic.com)"
216.73.217.105 - - [25/Apr/2026:10:33:21 -0400] "GET /shop/pcr/goods/616844919534 HTTP/1.1" 500 0 "-" "Mozilla/5.0 AppleWebKit/537.36 (KHTML, like Gecko; compatible; ClaudeBot/1.0; +claudebot@anthropic.com)"
144.76.32.241 - - [25/Apr/2026:10:33:23 -0400] "GET /shop/offs/goods/6165394717 HTTP/1.1" 200 34449 "-" "Mozilla/5.0 (compatible; SERankingBacklinksBot/1.0; +https://seranking.com/backlinks-crawler)"
216.73.217.105 - - [25/Apr/2026:10:33:26 -0400] "GET /shop/oceanic/goods/61642981467 HTTP/1.1" 500 0 "-" "Mozilla/5.0 AppleWebKit/537.36 (KHTML, like Gecko; compatible; ClaudeBot/1.0; +claudebot@anthropic.com)"
216.73.217.105 - - [25/Apr/2026:10:33:31 -0400] "GET /shop/godsmack/goods/61642967851 HTTP/1.1" 500 0 "-" "Mozilla/5.0 AppleWebKit/537.36 (KHTML, like Gecko; compatible; ClaudeBot/1.0; +claudebot@anthropic.com)"
216.73.217.105 - - [25/Apr/2026:10:33:36 -0400] "GET /shop/generations/goods/616918382639 HTTP/1.1" 500 0 "-" "Mozilla/5.0 AppleWebKit/537.36 (KHTML, like Gecko; compatible; ClaudeBot/1.0; +claudebot@anthropic.com)"
216.73.217.105 - - [25/Apr/2026:10:33:41 -0400] "GET /shop/appellate/goods/616644247542 HTTP/1.1" 500 0 "-" "Mozilla/5.0 AppleWebKit/537.36 (KHTML, like Gecko; compatible; ClaudeBot/1.0; +claudebot@anthropic.com)"
216.73.217.105 - - [25/Apr/2026:10:33:52 -0400] "GET /shop/centro/goods/61658742800 HTTP/1.1" 500 0 "-" "Mozilla/5.0 AppleWebKit/537.36 (KHTML, like Gecko; compatible; ClaudeBot/1.0; +claudebot@anthropic.com)"
216.73.217.105 - - [25/Apr/2026:10:33:57 -0400] "GET /shop/im/goods/616926255339 HTTP/1.1" 500 0 "-" "Mozilla/5.0 AppleWebKit/537.36 (KHTML, like Gecko; compatible; ClaudeBot/1.0; +claudebot@anthropic.com)"
216.73.217.105 - - [25/Apr/2026:10:34:02 -0400] "GET /shop/lending/goods/61684267905 HTTP/1.1" 500 0 "-" "Mozilla/5.0 AppleWebKit/537.36 (KHTML, like Gecko; compatible; ClaudeBot/1.0; +claudebot@anthropic.com)"
216.73.217.105 - - [25/Apr/2026:10:34:07 -0400] "GET /shop/holder/goods/61697440526 HTTP/1.1" 500 0 "-" "Mozilla/5.0 AppleWebKit/537.36 (KHTML, like Gecko; compatible; ClaudeBot/1.0; +claudebot@anthropic.com)"
144.76.32.241 - - [25/Apr/2026:10:34:08 -0400] "GET /shop/ramp/goods/6166837111 HTTP/1.1" 200 31846 "-" "Mozilla/5.0 (compatible; SERankingBacklinksBot/1.0; +https://seranking.com/backlinks-crawler)"
216.73.217.105 - - [25/Apr/2026:10:34:12 -0400] "GET /shop/phs/goods/61674051826 HTTP/1.1" 500 0 "-" "Mozilla/5.0 AppleWebKit/537.36 (KHTML, like Gecko; compatible; ClaudeBot/1.0; +claudebot@anthropic.com)"
216.73.217.105 - - [25/Apr/2026:10:34:17 -0400] "GET /shop/bargaining/goods/61658625765 HTTP/1.1" 500 0 "-" "Mozilla/5.0 AppleWebKit/537.36 (KHTML, like Gecko; compatible; ClaudeBot/1.0; +claudebot@anthropic.com)"
216.73.217.105 - - [25/Apr/2026:10:34:22 -0400] "GET /shop/smiling/goods/61666298070 HTTP/1.1" 500 0 "-" "Mozilla/5.0 AppleWebKit/537.36 (KHTML, like Gecko; compatible; ClaudeBot/1.0; +claudebot@anthropic.com)"
216.73.217.105 - - [25/Apr/2026:10:34:27 -0400] "GET /shop/centred/goods/61691869890 HTTP/1.1" 500 0 "-" "Mozilla/5.0 AppleWebKit/537.36 (KHTML, like Gecko; compatible; ClaudeBot/1.0; +claudebot@anthropic.com)"
216.73.217.105 - - [25/Apr/2026:10:34:32 -0400] "GET /shop/nearest/goods/61702707545 HTTP/1.1" 500 0 "-" "Mozilla/5.0 AppleWebKit/537.36 (KHTML, like Gecko; compatible; ClaudeBot/1.0; +claudebot@anthropic.com)"
216.73.217.105 - - [25/Apr/2026:10:34:37 -0400] "GET /shop/largely/goods/61676474065 HTTP/1.1" 500 0 "-" "Mozilla/5.0 AppleWebKit/537.36 (KHTML, like Gecko; compatible; ClaudeBot/1.0; +claudebot@anthropic.com)"
216.73.217.105 - - [25/Apr/2026:10:34:42 -0400] "GET /shop/ve/goods/61694586311 HTTP/1.1" 500 0 "-" "Mozilla/5.0 AppleWebKit/537.36 (KHTML, like Gecko; compatible; ClaudeBot/1.0; +claudebot@anthropic.com)"
216.73.217.105 - - [25/Apr/2026:10:34:47 -0400] "GET /shop/performances/goods/61694650203 HTTP/1.1" 500 0 "-" "Mozilla/5.0 AppleWebKit/537.36 (KHTML, like Gecko; compatible; ClaudeBot/1.0; +claudebot@anthropic.com)"
216.73.217.105 - - [25/Apr/2026:10:34:52 -0400] "GET /shop/standpoint/goods/61691847351 HTTP/1.1" 500 0 "-" "Mozilla/5.0 AppleWebKit/537.36 (KHTML, like Gecko; compatible; ClaudeBot/1.0; +claudebot@anthropic.com)"
144.76.32.241 - - [25/Apr/2026:10:34:56 -0400] "GET /shop/offs/goods/6165474665 HTTP/1.1" 200 30921 "-" "Mozilla/5.0 (compatible; SERankingBacklinksBot/1.0; +https://seranking.com/backlinks-crawler)"
216.73.217.105 - - [25/Apr/2026:10:34:57 -0400] "GET /shop/feb/goods/616926601374 HTTP/1.1" 500 0 "-" "Mozilla/5.0 AppleWebKit/537.36 (KHTML, like Gecko; compatible; ClaudeBot/1.0; +claudebot@anthropic.com)"
216.73.217.105 - - [25/Apr/2026:10:35:02 -0400] "GET /shop/jan/goods/61697583413 HTTP/1.1" 500 0 "-" "Mozilla/5.0 AppleWebKit/537.36 (KHTML, like Gecko; compatible; ClaudeBot/1.0; +claudebot@anthropic.com)"
216.73.217.105 - - [25/Apr/2026:10:35:16 -0400] "GET /shop/saints/goods/616530137793 HTTP/1.1" 500 0 "-" "Mozilla/5.0 AppleWebKit/537.36 (KHTML, like Gecko; compatible; ClaudeBot/1.0; +claudebot@anthropic.com)"
216.73.217.105 - - [25/Apr/2026:10:35:20 -0400] "GET /shop/npr/goods/61645560131 HTTP/1.1" 500 0 "-" "Mozilla/5.0 AppleWebKit/537.36 (KHTML, like Gecko; compatible; ClaudeBot/1.0; +claudebot@anthropic.com)"
216.73.217.105 - - [25/Apr/2026:10:35:25 -0400] "GET /shop/unsupported/goods/616723068370 HTTP/1.1" 500 0 "-" "Mozilla/5.0 AppleWebKit/537.36 (KHTML, like Gecko; compatible; ClaudeBot/1.0; +claudebot@anthropic.com)"
216.73.217.105 - - [25/Apr/2026:10:35:30 -0400] "GET /shop/pga/goods/61692147976 HTTP/1.1" 500 0 "-" "Mozilla/5.0 AppleWebKit/537.36 (KHTML, like Gecko; compatible; ClaudeBot/1.0; +claudebot@anthropic.com)"
216.73.217.105 - - [25/Apr/2026:10:35:35 -0400] "GET /shop/redesign/goods/61697308982 HTTP/1.1" 500 0 "-" "Mozilla/5.0 AppleWebKit/537.36 (KHTML, like Gecko; compatible; ClaudeBot/1.0; +claudebot@anthropic.com)"
66.249.66.200 - - [25/Apr/2026:10:35:38 -0400] "GET /?shop/spelled/goods/61692124658 HTTP/1.1" 200 26111 "-" "Mozilla/5.0 (Linux; Android 6.0.1; Nexus 5X Build/MMB29P) AppleWebKit/537.36 (KHTML, like Gecko) Chrome/146.0.7680.177 Mobile Safari/537.36 (compatible; Googlebot/2.1; +http://www.google.com/bot.html)"
216.73.217.105 - - [25/Apr/2026:10:35:40 -0400] "GET /shop/winds/goods/616730806819 HTTP/1.1" 500 0 "-" "Mozilla/5.0 AppleWebKit/537.36 (KHTML, like Gecko; compatible; ClaudeBot/1.0; +claudebot@anthropic.com)"
144.76.32.241 - - [25/Apr/2026:10:35:41 -0400] "GET /shop/ramp/goods/6166917059 HTTP/1.1" 200 33794 "-" "Mozilla/5.0 (compatible; SERankingBacklinksBot/1.0; +https://seranking.com/backlinks-crawler)"
216.73.217.105 - - [25/Apr/2026:10:35:45 -0400] "GET /shop/mountains/goods/61708023232 HTTP/1.1" 500 0 "-" "Mozilla/5.0 AppleWebKit/537.36 (KHTML, like Gecko; compatible; ClaudeBot/1.0; +claudebot@anthropic.com)"
216.73.217.105 - - [25/Apr/2026:10:35:50 -0400] "GET /shop/signalling/goods/61676478953 HTTP/1.1" 500 0 "-" "Mozilla/5.0 AppleWebKit/537.36 (KHTML, like Gecko; compatible; ClaudeBot/1.0; +claudebot@anthropic.com)"
216.73.217.105 - - [25/Apr/2026:10:35:55 -0400] "GET /shop/works/goods/616527648755 HTTP/1.1" 500 0 "-" "Mozilla/5.0 AppleWebKit/537.36 (KHTML, like Gecko; compatible; ClaudeBot/1.0; +claudebot@anthropic.com)"
216.73.217.105 - - [25/Apr/2026:10:36:00 -0400] "GET /shop/saved/goods/61708035803 HTTP/1.1" 500 0 "-" "Mozilla/5.0 AppleWebKit/537.36 (KHTML, like Gecko; compatible; ClaudeBot/1.0; +claudebot@anthropic.com)"
216.73.217.105 - - [25/Apr/2026:10:36:05 -0400] "GET /shop/emory/goods/616628052769 HTTP/1.1" 500 0 "-" "Mozilla/5.0 AppleWebKit/537.36 (KHTML, like Gecko; compatible; ClaudeBot/1.0; +claudebot@anthropic.com)"
216.73.217.105 - - [25/Apr/2026:10:36:10 -0400] "GET /shop/exhibited/goods/616511564328 HTTP/1.1" 500 0 "-" "Mozilla/5.0 AppleWebKit/537.36 (KHTML, like Gecko; compatible; ClaudeBot/1.0; +claudebot@anthropic.com)"
216.73.217.105 - - [25/Apr/2026:10:36:15 -0400] "GET /shop/arose/goods/616926596275 HTTP/1.1" 500 0 "-" "Mozilla/5.0 AppleWebKit/537.36 (KHTML, like Gecko; compatible; ClaudeBot/1.0; +claudebot@anthropic.com)"
216.73.217.105 - - [25/Apr/2026:10:36:20 -0400] "GET /shop/hereafter/goods/616730979362 HTTP/1.1" 500 0 "-" "Mozilla/5.0 AppleWebKit/537.36 (KHTML, like Gecko; compatible; ClaudeBot/1.0; +claudebot@anthropic.com)"
144.76.32.241 - - [25/Apr/2026:10:36:25 -0400] "GET /shop/offs/goods/6165594587 HTTP/1.1" 200 34196 "-" "Mozilla/5.0 (compatible; SERankingBacklinksBot/1.0; +https://seranking.com/backlinks-crawler)"
216.73.217.105 - - [25/Apr/2026:10:36:26 -0400] "GET /shop/compulsory/goods/61707975851 HTTP/1.1" 500 0 "-" "Mozilla/5.0 AppleWebKit/537.36 (KHTML, like Gecko; compatible; ClaudeBot/1.0; +claudebot@anthropic.com)"
216.73.217.105 - - [25/Apr/2026:10:36:30 -0400] "GET /shop/tran/goods/61692057655 HTTP/1.1" 500 0 "-" "Mozilla/5.0 AppleWebKit/537.36 (KHTML, like Gecko; compatible; ClaudeBot/1.0; +claudebot@anthropic.com)"
66.249.66.200 - - [25/Apr/2026:10:36:31 -0400] "GET /?shop/capsules/goods/6164120525 HTTP/1.1" 200 26572 "-" "Mozilla/5.0 (Linux; Android 6.0.1; Nexus 5X Build/MMB29P) AppleWebKit/537.36 (KHTML, like Gecko) Chrome/146.0.7680.177 Mobile Safari/537.36 (compatible; Googlebot/2.1; +http://www.google.com/bot.html)"
216.73.217.105 - - [25/Apr/2026:10:36:35 -0400] "GET /shop/binoculars/goods/61697461953 HTTP/1.1" 500 0 "-" "Mozilla/5.0 AppleWebKit/537.36 (KHTML, like Gecko; compatible; ClaudeBot/1.0; +claudebot@anthropic.com)"
216.73.217.105 - - [25/Apr/2026:10:36:40 -0400] "GET /shop/warranted/goods/61655973591 HTTP/1.1" 500 0 "-" "Mozilla/5.0 AppleWebKit/537.36 (KHTML, like Gecko; compatible; ClaudeBot/1.0; +claudebot@anthropic.com)"
216.73.217.105 - - [25/Apr/2026:10:36:45 -0400] "GET /shop/crop/goods/61676855910 HTTP/1.1" 500 0 "-" "Mozilla/5.0 AppleWebKit/537.36 (KHTML, like Gecko; compatible; ClaudeBot/1.0; +claudebot@anthropic.com)"
66.249.66.201 - - [25/Apr/2026:10:36:45 -0400] "GET /?shop/marvelous/goods/6165454549 HTTP/1.1" 200 27067 "-" "Mozilla/5.0 (Linux; Android 6.0.1; Nexus 5X Build/MMB29P) AppleWebKit/537.36 (KHTML, like Gecko) Chrome/146.0.7680.177 Mobile Safari/537.36 (compatible; Googlebot/2.1; +http://www.google.com/bot.html)"
216.73.217.105 - - [25/Apr/2026:10:36:50 -0400] "GET /shop/plugs/goods/61691785250 HTTP/1.1" 500 0 "-" "Mozilla/5.0 AppleWebKit/537.36 (KHTML, like Gecko; compatible; ClaudeBot/1.0; +claudebot@anthropic.com)"
66.249.66.200 - - [25/Apr/2026:10:36:52 -0400] "GET /?shop/ak/goods/6164132261 HTTP/1.1" 200 25797 "-" "Mozilla/5.0 (Linux; Android 6.0.1; Nexus 5X Build/MMB29P) AppleWebKit/537.36 (KHTML, like Gecko) Chrome/146.0.7680.177 Mobile Safari/537.36 (compatible; Googlebot/2.1; +http://www.google.com/bot.html)"
216.73.217.105 - - [25/Apr/2026:10:36:55 -0400] "GET /shop/pdfs/goods/61674081180 HTTP/1.1" 500 0 "-" "Mozilla/5.0 AppleWebKit/537.36 (KHTML, like Gecko; compatible; ClaudeBot/1.0; +claudebot@anthropic.com)"
216.73.217.105 - - [25/Apr/2026:10:37:00 -0400] "GET /shop/ninety/goods/61691736061 HTTP/1.1" 500 0 "-" "Mozilla/5.0 AppleWebKit/537.36 (KHTML, like Gecko; compatible; ClaudeBot/1.0; +claudebot@anthropic.com)"
216.73.217.105 - - [25/Apr/2026:10:37:05 -0400] "GET /shop/hourly/goods/616424655584 HTTP/1.1" 500 0 "-" "Mozilla/5.0 AppleWebKit/537.36 (KHTML, like Gecko; compatible; ClaudeBot/1.0; +claudebot@anthropic.com)"
144.76.32.241 - - [25/Apr/2026:10:37:05 -0400] "GET /shop/rams/goods/6164135216 HTTP/1.1" 200 31828 "-" "Mozilla/5.0 (compatible; SERankingBacklinksBot/1.0; +https://seranking.com/backlinks-crawler)"
66.249.66.201 - - [25/Apr/2026:10:37:09 -0400] "GET /?shop/qc/goods/61702675240 HTTP/1.1" 200 26753 "-" "Mozilla/5.0 (Linux; Android 6.0.1; Nexus 5X Build/MMB29P) AppleWebKit/537.36 (KHTML, like Gecko) Chrome/146.0.7680.177 Mobile Safari/537.36 (compatible; Googlebot/2.1; +http://www.google.com/bot.html)"
216.73.217.105 - - [25/Apr/2026:10:37:10 -0400] "GET /shop/distinct/goods/616524792889 HTTP/1.1" 500 0 "-" "Mozilla/5.0 AppleWebKit/537.36 (KHTML, like Gecko; compatible; ClaudeBot/1.0; +claudebot@anthropic.com)"
216.73.217.105 - - [25/Apr/2026:10:37:15 -0400] "GET /shop/embrace/goods/61655843006 HTTP/1.1" 500 0 "-" "Mozilla/5.0 AppleWebKit/537.36 (KHTML, like Gecko; compatible; ClaudeBot/1.0; +claudebot@anthropic.com)"
216.73.217.105 - - [25/Apr/2026:10:37:20 -0400] "GET /shop/accountable/goods/61684390361 HTTP/1.1" 500 0 "-" "Mozilla/5.0 AppleWebKit/537.36 (KHTML, like Gecko; compatible; ClaudeBot/1.0; +claudebot@anthropic.com)"
66.249.66.201 - - [25/Apr/2026:10:37:20 -0400] "GET /?shop/galileo/goods/6165451060 HTTP/1.1" 200 26674 "-" "Mozilla/5.0 (Linux; Android 6.0.1; Nexus 5X Build/MMB29P) AppleWebKit/537.36 (KHTML, like Gecko) Chrome/146.0.7680.177 Mobile Safari/537.36 (compatible; Googlebot/2.1; +http://www.google.com/bot.html)"
216.73.217.105 - - [25/Apr/2026:10:37:25 -0400] "GET /shop/circular/goods/61691983396 HTTP/1.1" 500 0 "-" "Mozilla/5.0 AppleWebKit/537.36 (KHTML, like Gecko; compatible; ClaudeBot/1.0; +claudebot@anthropic.com)"
216.73.217.105 - - [25/Apr/2026:10:37:30 -0400] "GET /shop/containing/goods/61707987001 HTTP/1.1" 500 0 "-" "Mozilla/5.0 AppleWebKit/537.36 (KHTML, like Gecko; compatible; ClaudeBot/1.0; +claudebot@anthropic.com)"
66.249.66.200 - - [25/Apr/2026:10:37:30 -0400] "GET /?shop/manner/goods/61649033 HTTP/1.1" 200 26840 "-" "Mozilla/5.0 (Linux; Android 6.0.1; Nexus 5X Build/MMB29P) AppleWebKit/537.36 (KHTML, like Gecko) Chrome/146.0.7680.177 Mobile Safari/537.36 (compatible; Googlebot/2.1; +http://www.google.com/bot.html)"
216.73.217.105 - - [25/Apr/2026:10:37:35 -0400] "GET /shop/firefighter/goods/61694546671 HTTP/1.1" 500 0 "-" "Mozilla/5.0 AppleWebKit/537.36 (KHTML, like Gecko; compatible; ClaudeBot/1.0; +claudebot@anthropic.com)"
216.73.217.105 - - [25/Apr/2026:10:37:40 -0400] "GET /shop/counter/goods/616725759699 HTTP/1.1" 500 0 "-" "Mozilla/5.0 AppleWebKit/537.36 (KHTML, like Gecko; compatible; ClaudeBot/1.0; +claudebot@anthropic.com)"
216.73.217.105 - - [25/Apr/2026:10:37:45 -0400] "GET /shop/legend/goods/61691971303 HTTP/1.1" 500 0 "-" "Mozilla/5.0 AppleWebKit/537.36 (KHTML, like Gecko; compatible; ClaudeBot/1.0; +claudebot@anthropic.com)"
66.249.66.200 - - [25/Apr/2026:10:37:50 -0400] "GET /?shop/utilized/goods/616485317 HTTP/1.1" 200 26723 "-" "Mozilla/5.0 (Linux; Android 6.0.1; Nexus 5X Build/MMB29P) AppleWebKit/537.36 (KHTML, like Gecko) Chrome/146.0.7680.177 Mobile Safari/537.36 (compatible; Googlebot/2.1; +http://www.google.com/bot.html)"
216.73.217.105 - - [25/Apr/2026:10:37:50 -0400] "GET /shop/synonyms/goods/61653103053 HTTP/1.1" 500 0 "-" "Mozilla/5.0 AppleWebKit/537.36 (KHTML, like Gecko; compatible; ClaudeBot/1.0; +claudebot@anthropic.com)"
144.76.32.241 - - [25/Apr/2026:10:37:53 -0400] "GET /shop/offs/goods/6165634561 HTTP/1.1" 200 31333 "-" "Mozilla/5.0 (compatible; SERankingBacklinksBot/1.0; +https://seranking.com/backlinks-crawler)"
216.73.217.105 - - [25/Apr/2026:10:37:56 -0400] "GET /shop/assertion/goods/61681695303 HTTP/1.1" 500 0 "-" "Mozilla/5.0 AppleWebKit/537.36 (KHTML, like Gecko; compatible; ClaudeBot/1.0; +claudebot@anthropic.com)"
216.73.217.105 - - [25/Apr/2026:10:38:01 -0400] "GET /shop/saturday/goods/61708110245 HTTP/1.1" 500 0 "-" "Mozilla/5.0 AppleWebKit/537.36 (KHTML, like Gecko; compatible; ClaudeBot/1.0; +claudebot@anthropic.com)"
216.73.217.105 - - [25/Apr/2026:10:38:06 -0400] "GET /shop/pushed/goods/616514211658 HTTP/1.1" 500 0 "-" "Mozilla/5.0 AppleWebKit/537.36 (KHTML, like Gecko; compatible; ClaudeBot/1.0; +claudebot@anthropic.com)"
216.73.217.105 - - [25/Apr/2026:10:38:11 -0400] "GET /shop/autographed/goods/61705054110 HTTP/1.1" 500 0 "-" "Mozilla/5.0 AppleWebKit/537.36 (KHTML, like Gecko; compatible; ClaudeBot/1.0; +claudebot@anthropic.com)"
66.249.66.200 - - [25/Apr/2026:10:38:12 -0400] "GET /?shop/quot/goods/6165511169 HTTP/1.1" 200 26717 "-" "Mozilla/5.0 (Linux; Android 6.0.1; Nexus 5X Build/MMB29P) AppleWebKit/537.36 (KHTML, like Gecko) Chrome/146.0.7680.177 Mobile Safari/537.36 (compatible; Googlebot/2.1; +http://www.google.com/bot.html)"
216.73.217.105 - - [25/Apr/2026:10:38:16 -0400] "GET /shop/saved/goods/617010474217 HTTP/1.1" 500 0 "-" "Mozilla/5.0 AppleWebKit/537.36 (KHTML, like Gecko; compatible; ClaudeBot/1.0; +claudebot@anthropic.com)"
216.73.217.105 - - [25/Apr/2026:10:38:21 -0400] "GET /shop/sling/goods/61676448668 HTTP/1.1" 500 0 "-" "Mozilla/5.0 AppleWebKit/537.36 (KHTML, like Gecko; compatible; ClaudeBot/1.0; +claudebot@anthropic.com)"
216.73.217.105 - - [25/Apr/2026:10:38:26 -0400] "GET /shop/washing/goods/61676455335 HTTP/1.1" 500 0 "-" "Mozilla/5.0 AppleWebKit/537.36 (KHTML, like Gecko; compatible; ClaudeBot/1.0; +claudebot@anthropic.com)"
216.73.217.105 - - [25/Apr/2026:10:38:31 -0400] "GET /shop/choir/goods/616926570412 HTTP/1.1" 500 0 "-" "Mozilla/5.0 AppleWebKit/537.36 (KHTML, like Gecko; compatible; ClaudeBot/1.0; +claudebot@anthropic.com)"
144.76.32.241 - - [25/Apr/2026:10:38:34 -0400] "GET /shop/rams/goods/6165585895 HTTP/1.1" 200 31879 "-" "Mozilla/5.0 (compatible; SERankingBacklinksBot/1.0; +https://seranking.com/backlinks-crawler)"
216.73.217.105 - - [25/Apr/2026:10:38:36 -0400] "GET /shop/disagree/goods/61658470842 HTTP/1.1" 500 0 "-" "Mozilla/5.0 AppleWebKit/537.36 (KHTML, like Gecko; compatible; ClaudeBot/1.0; +claudebot@anthropic.com)"
216.73.217.105 - - [25/Apr/2026:10:38:41 -0400] "GET /shop/mindless/goods/616427409830 HTTP/1.1" 500 0 "-" "Mozilla/5.0 AppleWebKit/537.36 (KHTML, like Gecko; compatible; ClaudeBot/1.0; +claudebot@anthropic.com)"
216.73.217.105 - - [25/Apr/2026:10:38:46 -0400] "GET /shop/accidentally/goods/616912647007 HTTP/1.1" 500 0 "-" "Mozilla/5.0 AppleWebKit/537.36 (KHTML, like Gecko; compatible; ClaudeBot/1.0; +claudebot@anthropic.com)"
216.73.217.105 - - [25/Apr/2026:10:38:51 -0400] "GET /shop/restaurant/goods/61658555976 HTTP/1.1" 500 0 "-" "Mozilla/5.0 AppleWebKit/537.36 (KHTML, like Gecko; compatible; ClaudeBot/1.0; +claudebot@anthropic.com)"
216.73.217.105 - - [25/Apr/2026:10:38:56 -0400] "GET /shop/spruce/goods/61676520467 HTTP/1.1" 500 0 "-" "Mozilla/5.0 AppleWebKit/537.36 (KHTML, like Gecko; compatible; ClaudeBot/1.0; +claudebot@anthropic.com)"
66.249.66.200 - - [25/Apr/2026:10:38:57 -0400] "GET /?shop/kiwi/goods/6165289130 HTTP/1.1" 200 26321 "-" "Mozilla/5.0 (Linux; Android 6.0.1; Nexus 5X Build/MMB29P) AppleWebKit/537.36 (KHTML, like Gecko) Chrome/146.0.7680.177 Mobile Safari/537.36 (compatible; Googlebot/2.1; +http://www.google.com/bot.html)"
216.73.217.105 - - [25/Apr/2026:10:39:01 -0400] "GET /shop/exceptional/goods/616926629504 HTTP/1.1" 500 0 "-" "Mozilla/5.0 AppleWebKit/537.36 (KHTML, like Gecko; compatible; ClaudeBot/1.0; +claudebot@anthropic.com)"
216.73.217.105 - - [25/Apr/2026:10:39:06 -0400] "GET /shop/decor/goods/61705079541 HTTP/1.1" 500 0 "-" "Mozilla/5.0 AppleWebKit/537.36 (KHTML, like Gecko; compatible; ClaudeBot/1.0; +claudebot@anthropic.com)"
216.73.217.105 - - [25/Apr/2026:10:39:11 -0400] "GET /shop/decorating/goods/617032257153 HTTP/1.1" 500 0 "-" "Mozilla/5.0 AppleWebKit/537.36 (KHTML, like Gecko; compatible; ClaudeBot/1.0; +claudebot@anthropic.com)"
216.73.217.105 - - [25/Apr/2026:10:39:16 -0400] "GET /shop/dramas/goods/61676683078 HTTP/1.1" 500 0 "-" "Mozilla/5.0 AppleWebKit/537.36 (KHTML, like Gecko; compatible; ClaudeBot/1.0; +claudebot@anthropic.com)"
144.76.32.241 - - [25/Apr/2026:10:39:16 -0400] "GET /shop/offs/goods/6165654548 HTTP/1.1" 200 31552 "-" "Mozilla/5.0 (compatible; SERankingBacklinksBot/1.0; +https://seranking.com/backlinks-crawler)"
216.73.217.105 - - [25/Apr/2026:10:39:21 -0400] "GET /shop/transitions/goods/617026714758 HTTP/1.1" 500 0 "-" "Mozilla/5.0 AppleWebKit/537.36 (KHTML, like Gecko; compatible; ClaudeBot/1.0; +claudebot@anthropic.com)"
216.73.217.105 - - [25/Apr/2026:10:39:26 -0400] "GET /shop/regimes/goods/61669075286 HTTP/1.1" 500 0 "-" "Mozilla/5.0 AppleWebKit/537.36 (KHTML, like Gecko; compatible; ClaudeBot/1.0; +claudebot@anthropic.com)"
216.73.217.105 - - [25/Apr/2026:10:39:32 -0400] "GET /shop/suited/goods/61694911531 HTTP/1.1" 500 0 "-" "Mozilla/5.0 AppleWebKit/537.36 (KHTML, like Gecko; compatible; ClaudeBot/1.0; +claudebot@anthropic.com)"
216.73.217.105 - - [25/Apr/2026:10:39:36 -0400] "GET /shop/monsters/goods/617029716849 HTTP/1.1" 500 0 "-" "Mozilla/5.0 AppleWebKit/537.36 (KHTML, like Gecko; compatible; ClaudeBot/1.0; +claudebot@anthropic.com)"
216.73.217.105 - - [25/Apr/2026:10:39:41 -0400] "GET /shop/barnett/goods/61648337115 HTTP/1.1" 500 0 "-" "Mozilla/5.0 AppleWebKit/537.36 (KHTML, like Gecko; compatible; ClaudeBot/1.0; +claudebot@anthropic.com)"
216.73.217.105 - - [25/Apr/2026:10:39:46 -0400] "GET /shop/helmets/goods/616928994798 HTTP/1.1" 500 0 "-" "Mozilla/5.0 AppleWebKit/537.36 (KHTML, like Gecko; compatible; ClaudeBot/1.0; +claudebot@anthropic.com)"
216.73.217.105 - - [25/Apr/2026:10:39:51 -0400] "GET /shop/expandable/goods/616929244580 HTTP/1.1" 500 0 "-" "Mozilla/5.0 AppleWebKit/537.36 (KHTML, like Gecko; compatible; ClaudeBot/1.0; +claudebot@anthropic.com)"
216.73.217.105 - - [25/Apr/2026:10:39:56 -0400] "GET /shop/stacey/goods/616928975603 HTTP/1.1" 500 0 "-" "Mozilla/5.0 AppleWebKit/537.36 (KHTML, like Gecko; compatible; ClaudeBot/1.0; +claudebot@anthropic.com)"
144.76.32.241 - - [25/Apr/2026:10:39:56 -0400] "GET /shop/rams/goods/6166796730 HTTP/1.1" 200 32528 "-" "Mozilla/5.0 (compatible; SERankingBacklinksBot/1.0; +https://seranking.com/backlinks-crawler)"
216.73.217.105 - - [25/Apr/2026:10:40:01 -0400] "GET /shop/passionate/goods/616929139908 HTTP/1.1" 500 0 "-" "Mozilla/5.0 AppleWebKit/537.36 (KHTML, like Gecko; compatible; ClaudeBot/1.0; +claudebot@anthropic.com)"
216.73.217.105 - - [25/Apr/2026:10:40:06 -0400] "GET /shop/cane/goods/616530308921 HTTP/1.1" 500 0 "-" "Mozilla/5.0 AppleWebKit/537.36 (KHTML, like Gecko; compatible; ClaudeBot/1.0; +claudebot@anthropic.com)"
216.73.217.105 - - [25/Apr/2026:10:40:11 -0400] "GET /shop/mcgee/goods/617029597539 HTTP/1.1" 500 0 "-" "Mozilla/5.0 AppleWebKit/537.36 (KHTML, like Gecko; compatible; ClaudeBot/1.0; +claudebot@anthropic.com)"
216.73.217.105 - - [25/Apr/2026:10:40:16 -0400] "GET /shop/stitch/goods/616725788989 HTTP/1.1" 500 0 "-" "Mozilla/5.0 AppleWebKit/537.36 (KHTML, like Gecko; compatible; ClaudeBot/1.0; +claudebot@anthropic.com)"
216.73.217.105 - - [25/Apr/2026:10:40:21 -0400] "GET /shop/boise/goods/61642937391 HTTP/1.1" 500 0 "-" "Mozilla/5.0 AppleWebKit/537.36 (KHTML, like Gecko; compatible; ClaudeBot/1.0; +claudebot@anthropic.com)"
216.73.217.105 - - [25/Apr/2026:10:40:26 -0400] "GET /shop/sauces/goods/61658848901 HTTP/1.1" 500 0 "-" "Mozilla/5.0 AppleWebKit/537.36 (KHTML, like Gecko; compatible; ClaudeBot/1.0; +claudebot@anthropic.com)"
216.73.217.105 - - [25/Apr/2026:10:40:31 -0400] "GET /shop/bicycles/goods/61697494797 HTTP/1.1" 500 0 "-" "Mozilla/5.0 AppleWebKit/537.36 (KHTML, like Gecko; compatible; ClaudeBot/1.0; +claudebot@anthropic.com)"
144.76.32.241 - - [25/Apr/2026:10:40:31 -0400] "GET /shop/offs/goods/6166805422 HTTP/1.1" 200 31417 "-" "Mozilla/5.0 (compatible; SERankingBacklinksBot/1.0; +https://seranking.com/backlinks-crawler)"
216.73.217.105 - - [25/Apr/2026:10:40:36 -0400] "GET /shop/reserve/goods/61658707595 HTTP/1.1" 500 0 "-" "Mozilla/5.0 AppleWebKit/537.36 (KHTML, like Gecko; compatible; ClaudeBot/1.0; +claudebot@anthropic.com)"
216.73.217.105 - - [25/Apr/2026:10:40:41 -0400] "GET /shop/wages/goods/61658579203 HTTP/1.1" 500 0 "-" "Mozilla/5.0 AppleWebKit/537.36 (KHTML, like Gecko; compatible; ClaudeBot/1.0; +claudebot@anthropic.com)"
66.249.66.7 - - [25/Apr/2026:10:40:41 -0400] "GET /?shop/canyon/goods/6166864608 HTTP/1.1" 200 26170 "-" "Mozilla/5.0 (Linux; Android 6.0.1; Nexus 5X Build/MMB29P) AppleWebKit/537.36 (KHTML, like Gecko) Chrome/146.0.7680.177 Mobile Safari/537.36 (compatible; Googlebot/2.1; +http://www.google.com/bot.html)"
216.73.217.105 - - [25/Apr/2026:10:40:46 -0400] "GET /shop/override/goods/61676541710 HTTP/1.1" 500 0 "-" "Mozilla/5.0 AppleWebKit/537.36 (KHTML, like Gecko; compatible; ClaudeBot/1.0; +claudebot@anthropic.com)"
216.73.217.105 - - [25/Apr/2026:10:40:51 -0400] "GET /shop/yielding/goods/616514077128 HTTP/1.1" 500 0 "-" "Mozilla/5.0 AppleWebKit/537.36 (KHTML, like Gecko; compatible; ClaudeBot/1.0; +claudebot@anthropic.com)"
216.73.217.105 - - [25/Apr/2026:10:40:56 -0400] "GET /shop/violated/goods/61655750811 HTTP/1.1" 500 0 "-" "Mozilla/5.0 AppleWebKit/537.36 (KHTML, like Gecko; compatible; ClaudeBot/1.0; +claudebot@anthropic.com)"
216.73.217.105 - - [25/Apr/2026:10:41:03 -0400] "GET /shop/latin/goods/61668943825 HTTP/1.1" 500 0 "-" "Mozilla/5.0 AppleWebKit/537.36 (KHTML, like Gecko; compatible; ClaudeBot/1.0; +claudebot@anthropic.com)"
216.73.217.105 - - [25/Apr/2026:10:41:06 -0400] "GET /shop/memorandum/goods/61679207836 HTTP/1.1" 500 0 "-" "Mozilla/5.0 AppleWebKit/537.36 (KHTML, like Gecko; compatible; ClaudeBot/1.0; +claudebot@anthropic.com)"
144.76.32.241 - - [25/Apr/2026:10:41:10 -0400] "GET /shop/rams/goods/6166836704 HTTP/1.1" 200 31476 "-" "Mozilla/5.0 (compatible; SERankingBacklinksBot/1.0; +https://seranking.com/backlinks-crawler)"
216.73.217.105 - - [25/Apr/2026:10:41:11 -0400] "GET /shop/rolex/goods/61642784328 HTTP/1.1" 500 0 "-" "Mozilla/5.0 AppleWebKit/537.36 (KHTML, like Gecko; compatible; ClaudeBot/1.0; +claudebot@anthropic.com)"
216.73.217.105 - - [25/Apr/2026:10:41:16 -0400] "GET /shop/utah/goods/616530395349 HTTP/1.1" 500 0 "-" "Mozilla/5.0 AppleWebKit/537.36 (KHTML, like Gecko; compatible; ClaudeBot/1.0; +claudebot@anthropic.com)"
216.73.217.105 - - [25/Apr/2026:10:41:21 -0400] "GET /shop/theft/goods/616530193187 HTTP/1.1" 500 0 "-" "Mozilla/5.0 AppleWebKit/537.36 (KHTML, like Gecko; compatible; ClaudeBot/1.0; +claudebot@anthropic.com)"
216.73.217.105 - - [25/Apr/2026:10:41:26 -0400] "GET /shop/contain/goods/61691915940 HTTP/1.1" 500 0 "-" "Mozilla/5.0 AppleWebKit/537.36 (KHTML, like Gecko; compatible; ClaudeBot/1.0; +claudebot@anthropic.com)"
216.73.217.105 - - [25/Apr/2026:10:41:31 -0400] "GET /shop/mentor/goods/616730954605 HTTP/1.1" 500 0 "-" "Mozilla/5.0 AppleWebKit/537.36 (KHTML, like Gecko; compatible; ClaudeBot/1.0; +claudebot@anthropic.com)"
216.73.217.105 - - [25/Apr/2026:10:41:36 -0400] "GET /shop/exhibitor/goods/61692113100 HTTP/1.1" 500 0 "-" "Mozilla/5.0 AppleWebKit/537.36 (KHTML, like Gecko; compatible; ClaudeBot/1.0; +claudebot@anthropic.com)"
216.73.217.105 - - [25/Apr/2026:10:41:41 -0400] "GET /shop/ssi/goods/61653157800 HTTP/1.1" 500 0 "-" "Mozilla/5.0 AppleWebKit/537.36 (KHTML, like Gecko; compatible; ClaudeBot/1.0; +claudebot@anthropic.com)"
216.73.217.105 - - [25/Apr/2026:10:41:46 -0400] "GET /shop/revolt/goods/61691825136 HTTP/1.1" 500 0 "-" "Mozilla/5.0 AppleWebKit/537.36 (KHTML, like Gecko; compatible; ClaudeBot/1.0; +claudebot@anthropic.com)"
216.73.217.105 - - [25/Apr/2026:10:41:51 -0400] "GET /shop/intro/goods/61702632526 HTTP/1.1" 500 0 "-" "Mozilla/5.0 AppleWebKit/537.36 (KHTML, like Gecko; compatible; ClaudeBot/1.0; +claudebot@anthropic.com)"
216.73.217.105 - - [25/Apr/2026:10:41:56 -0400] "GET /shop/spacecraft/goods/61687060996 HTTP/1.1" 500 0 "-" "Mozilla/5.0 AppleWebKit/537.36 (KHTML, like Gecko; compatible; ClaudeBot/1.0; +claudebot@anthropic.com)"
144.76.32.241 - - [25/Apr/2026:10:41:58 -0400] "GET /shop/offs/goods/6166845396 HTTP/1.1" 200 32254 "-" "Mozilla/5.0 (compatible; SERankingBacklinksBot/1.0; +https://seranking.com/backlinks-crawler)"
216.73.217.105 - - [25/Apr/2026:10:42:01 -0400] "GET /shop/brunette/goods/61669039325 HTTP/1.1" 500 0 "-" "Mozilla/5.0 AppleWebKit/537.36 (KHTML, like Gecko; compatible; ClaudeBot/1.0; +claudebot@anthropic.com)"
216.73.217.105 - - [25/Apr/2026:10:42:06 -0400] "GET /shop/mile/goods/61653384078 HTTP/1.1" 500 0 "-" "Mozilla/5.0 AppleWebKit/537.36 (KHTML, like Gecko; compatible; ClaudeBot/1.0; +claudebot@anthropic.com)"
216.73.217.105 - - [25/Apr/2026:10:42:11 -0400] "GET /shop/dundee/goods/61681678703 HTTP/1.1" 500 0 "-" "Mozilla/5.0 AppleWebKit/537.36 (KHTML, like Gecko; compatible; ClaudeBot/1.0; +claudebot@anthropic.com)"
216.73.217.105 - - [25/Apr/2026:10:42:16 -0400] "GET /shop/minneapolis/goods/61648417370 HTTP/1.1" 500 0 "-" "Mozilla/5.0 AppleWebKit/537.36 (KHTML, like Gecko; compatible; ClaudeBot/1.0; +claudebot@anthropic.com)"
