144.76.32.241 - - [25/Apr/2026:12:43:40 -0400] "GET /shop/spit/goods/6166918175 HTTP/1.1" 200 30998 "-" "Mozilla/5.0 (compatible; SERankingBacklinksBot/1.0; +https://seranking.com/backlinks-crawler)"
216.73.217.105 - - [25/Apr/2026:12:43:41 -0400] "GET /shop/clancy/goods/617056757041 HTTP/1.1" 500 0 "-" "Mozilla/5.0 AppleWebKit/537.36 (KHTML, like Gecko; compatible; ClaudeBot/1.0; +claudebot@anthropic.com)"
144.76.32.241 - - [25/Apr/2026:12:43:44 -0400] "GET /shop/ors/goods/61681564695 HTTP/1.1" 200 35334 "-" "Mozilla/5.0 (compatible; SERankingBacklinksBot/1.0; +https://seranking.com/backlinks-crawler)"
66.249.66.202 - - [25/Apr/2026:12:43:46 -0400] "GET /?shop/fear/goods/61702642906 HTTP/1.1" 200 26584 "-" "Mozilla/5.0 (Linux; Android 6.0.1; Nexus 5X Build/MMB29P) AppleWebKit/537.36 (KHTML, like Gecko) Chrome/146.0.7680.177 Mobile Safari/537.36 (compatible; Googlebot/2.1; +http://www.google.com/bot.html)"
216.73.217.105 - - [25/Apr/2026:12:43:46 -0400] "GET /shop/reg/goods/617056790139 HTTP/1.1" 500 0 "-" "Mozilla/5.0 AppleWebKit/537.36 (KHTML, like Gecko; compatible; ClaudeBot/1.0; +claudebot@anthropic.com)"
144.76.32.241 - - [25/Apr/2026:12:43:48 -0400] "GET /shop/spit/goods/6167989101 HTTP/1.1" 200 32088 "-" "Mozilla/5.0 (compatible; SERankingBacklinksBot/1.0; +https://seranking.com/backlinks-crawler)"
216.73.217.105 - - [25/Apr/2026:12:43:51 -0400] "GET /shop/halt/goods/616657775347 HTTP/1.1" 500 0 "-" "Mozilla/5.0 AppleWebKit/537.36 (KHTML, like Gecko; compatible; ClaudeBot/1.0; +claudebot@anthropic.com)"
144.76.32.241 - - [25/Apr/2026:12:43:53 -0400] "GET /shop/ors/goods/61681644643 HTTP/1.1" 200 32826 "-" "Mozilla/5.0 (compatible; SERankingBacklinksBot/1.0; +https://seranking.com/backlinks-crawler)"
216.73.217.105 - - [25/Apr/2026:12:43:56 -0400] "GET /shop/blair/goods/616953638191 HTTP/1.1" 500 0 "-" "Mozilla/5.0 AppleWebKit/537.36 (KHTML, like Gecko; compatible; ClaudeBot/1.0; +claudebot@anthropic.com)"
144.76.32.241 - - [25/Apr/2026:12:43:57 -0400] "GET /shop/spite/goods/616438447 HTTP/1.1" 200 31150 "-" "Mozilla/5.0 (compatible; SERankingBacklinksBot/1.0; +https://seranking.com/backlinks-crawler)"
216.73.217.105 - - [25/Apr/2026:12:44:01 -0400] "GET /shop/nsf/goods/616953516017 HTTP/1.1" 500 0 "-" "Mozilla/5.0 AppleWebKit/537.36 (KHTML, like Gecko; compatible; ClaudeBot/1.0; +claudebot@anthropic.com)"
144.76.32.241 - - [25/Apr/2026:12:44:01 -0400] "GET /shop/ors/goods/61681664630 HTTP/1.1" 200 32470 "-" "Mozilla/5.0 (compatible; SERankingBacklinksBot/1.0; +https://seranking.com/backlinks-crawler)"
144.76.32.241 - - [25/Apr/2026:12:44:06 -0400] "GET /shop/spoon/goods/616469056 HTTP/1.1" 200 33131 "-" "Mozilla/5.0 (compatible; SERankingBacklinksBot/1.0; +https://seranking.com/backlinks-crawler)"
216.73.217.105 - - [25/Apr/2026:12:44:06 -0400] "GET /shop/projector/goods/616956433981 HTTP/1.1" 500 0 "-" "Mozilla/5.0 AppleWebKit/537.36 (KHTML, like Gecko; compatible; ClaudeBot/1.0; +claudebot@anthropic.com)"
44.217.155.218 - - [25/Apr/2026:12:44:09 -0400] "GET /robots.txt HTTP/1.1" 200 105 "-" "Mozilla/5.0 (Macintosh; Intel Mac OS X 10_10_1) AppleWebKit/600.2.5 (KHTML, like Gecko) Version/8.0.2 Safari/600.2.5 (Gort)"
144.76.32.241 - - [25/Apr/2026:12:44:10 -0400] "GET /shop/ors/goods/61691735556 HTTP/1.1" 200 31189 "-" "Mozilla/5.0 (compatible; SERankingBacklinksBot/1.0; +https://seranking.com/backlinks-crawler)"
216.73.217.105 - - [25/Apr/2026:12:44:11 -0400] "GET /shop/goodman/goods/616953557539 HTTP/1.1" 500 0 "-" "Mozilla/5.0 AppleWebKit/537.36 (KHTML, like Gecko; compatible; ClaudeBot/1.0; +claudebot@anthropic.com)"
144.76.32.241 - - [25/Apr/2026:12:44:14 -0400] "GET /shop/spot/goods/6165294098 HTTP/1.1" 200 31735 "-" "Mozilla/5.0 (compatible; SERankingBacklinksBot/1.0; +https://seranking.com/backlinks-crawler)"
216.73.217.105 - - [25/Apr/2026:12:44:16 -0400] "GET /shop/tubing/goods/616459760057 HTTP/1.1" 500 0 "-" "Mozilla/5.0 AppleWebKit/537.36 (KHTML, like Gecko; compatible; ClaudeBot/1.0; +claudebot@anthropic.com)"
144.76.32.241 - - [25/Apr/2026:12:44:18 -0400] "GET /shop/ors/goods/61691775530 HTTP/1.1" 200 32161 "-" "Mozilla/5.0 (compatible; SERankingBacklinksBot/1.0; +https://seranking.com/backlinks-crawler)"
144.76.32.241 - - [25/Apr/2026:12:44:22 -0400] "GET /shop/spot/goods/6165314085 HTTP/1.1" 200 31472 "-" "Mozilla/5.0 (compatible; SERankingBacklinksBot/1.0; +https://seranking.com/backlinks-crawler)"
144.76.32.241 - - [25/Apr/2026:12:44:26 -0400] "GET /shop/ors/goods/61691815504 HTTP/1.1" 200 30805 "-" "Mozilla/5.0 (compatible; SERankingBacklinksBot/1.0; +https://seranking.com/backlinks-crawler)"
144.76.32.241 - - [25/Apr/2026:12:44:30 -0400] "GET /shop/spot/goods/6165334072 HTTP/1.1" 200 31150 "-" "Mozilla/5.0 (compatible; SERankingBacklinksBot/1.0; +https://seranking.com/backlinks-crawler)"
144.76.32.241 - - [25/Apr/2026:12:44:34 -0400] "GET /shop/ors/goods/61691835491 HTTP/1.1" 200 33180 "-" "Mozilla/5.0 (compatible; SERankingBacklinksBot/1.0; +https://seranking.com/backlinks-crawler)"
216.73.217.105 - - [25/Apr/2026:12:44:35 -0400] "GET /shop/domination/goods/616858669081 HTTP/1.1" 500 0 "-" "Mozilla/5.0 AppleWebKit/537.36 (KHTML, like Gecko; compatible; ClaudeBot/1.0; +claudebot@anthropic.com)"
144.76.32.241 - - [25/Apr/2026:12:44:38 -0400] "GET /shop/spot/goods/6165394033 HTTP/1.1" 200 34504 "-" "Mozilla/5.0 (compatible; SERankingBacklinksBot/1.0; +https://seranking.com/backlinks-crawler)"
66.249.66.200 - - [25/Apr/2026:12:44:39 -0400] "GET /?shop/young/goods/61702665728 HTTP/1.1" 200 26781 "-" "Mozilla/5.0 (Linux; Android 6.0.1; Nexus 5X Build/MMB29P) AppleWebKit/537.36 (KHTML, like Gecko) Chrome/146.0.7680.177 Mobile Safari/537.36 (compatible; Googlebot/2.1; +http://www.google.com/bot.html)"
216.73.217.105 - - [25/Apr/2026:12:44:39 -0400] "GET /shop/thirty/goods/616655102287 HTTP/1.1" 500 0 "-" "Mozilla/5.0 AppleWebKit/537.36 (KHTML, like Gecko; compatible; ClaudeBot/1.0; +claudebot@anthropic.com)"
144.76.32.241 - - [25/Apr/2026:12:44:42 -0400] "GET /shop/ors/goods/61691895452 HTTP/1.1" 200 32639 "-" "Mozilla/5.0 (compatible; SERankingBacklinksBot/1.0; +https://seranking.com/backlinks-crawler)"
216.73.217.105 - - [25/Apr/2026:12:44:44 -0400] "GET /shop/indians/goods/617054245301 HTTP/1.1" 500 0 "-" "Mozilla/5.0 AppleWebKit/537.36 (KHTML, like Gecko; compatible; ClaudeBot/1.0; +claudebot@anthropic.com)"
144.76.32.241 - - [25/Apr/2026:12:44:46 -0400] "GET /shop/spot/goods/6166844712 HTTP/1.1" 200 32201 "-" "Mozilla/5.0 (compatible; SERankingBacklinksBot/1.0; +https://seranking.com/backlinks-crawler)"
216.73.217.105 - - [25/Apr/2026:12:44:49 -0400] "GET /shop/thursdays/goods/616958801512 HTTP/1.1" 500 0 "-" "Mozilla/5.0 AppleWebKit/537.36 (KHTML, like Gecko; compatible; ClaudeBot/1.0; +claudebot@anthropic.com)"
144.76.32.241 - - [25/Apr/2026:12:44:50 -0400] "GET /shop/ors/goods/61691955413 HTTP/1.1" 200 31368 "-" "Mozilla/5.0 (compatible; SERankingBacklinksBot/1.0; +https://seranking.com/backlinks-crawler)"
216.73.217.105 - - [25/Apr/2026:12:44:54 -0400] "GET /shop/quarterly/goods/616560118441 HTTP/1.1" 500 0 "-" "Mozilla/5.0 AppleWebKit/537.36 (KHTML, like Gecko; compatible; ClaudeBot/1.0; +claudebot@anthropic.com)"
144.76.32.241 - - [25/Apr/2026:12:44:54 -0400] "GET /shop/spot/goods/6166864699 HTTP/1.1" 200 31866 "-" "Mozilla/5.0 (compatible; SERankingBacklinksBot/1.0; +https://seranking.com/backlinks-crawler)"
144.76.32.241 - - [25/Apr/2026:12:44:58 -0400] "GET /shop/ors/goods/61691995387 HTTP/1.1" 200 31896 "-" "Mozilla/5.0 (compatible; SERankingBacklinksBot/1.0; +https://seranking.com/backlinks-crawler)"
216.73.217.105 - - [25/Apr/2026:12:44:59 -0400] "GET /shop/reliable/goods/617054110132 HTTP/1.1" 500 0 "-" "Mozilla/5.0 AppleWebKit/537.36 (KHTML, like Gecko; compatible; ClaudeBot/1.0; +claudebot@anthropic.com)"
144.76.32.241 - - [25/Apr/2026:12:45:03 -0400] "GET /shop/spot/goods/6167955612 HTTP/1.1" 200 32064 "-" "Mozilla/5.0 (compatible; SERankingBacklinksBot/1.0; +https://seranking.com/backlinks-crawler)"
216.73.217.105 - - [25/Apr/2026:12:45:04 -0400] "GET /shop/races/goods/616953547822 HTTP/1.1" 500 0 "-" "Mozilla/5.0 AppleWebKit/537.36 (KHTML, like Gecko; compatible; ClaudeBot/1.0; +claudebot@anthropic.com)"
144.76.32.241 - - [25/Apr/2026:12:45:07 -0400] "GET /shop/ors/goods/61692015374 HTTP/1.1" 200 31248 "-" "Mozilla/5.0 (compatible; SERankingBacklinksBot/1.0; +https://seranking.com/backlinks-crawler)"
216.73.217.105 - - [25/Apr/2026:12:45:10 -0400] "GET /shop/gym/goods/617053969764 HTTP/1.1" 500 0 "-" "Mozilla/5.0 AppleWebKit/537.36 (KHTML, like Gecko; compatible; ClaudeBot/1.0; +claudebot@anthropic.com)"
144.76.32.241 - - [25/Apr/2026:12:45:12 -0400] "GET /shop/spots/goods/616435667 HTTP/1.1" 200 31942 "-" "Mozilla/5.0 (compatible; SERankingBacklinksBot/1.0; +https://seranking.com/backlinks-crawler)"
216.73.217.105 - - [25/Apr/2026:12:45:15 -0400] "GET /shop/urged/goods/616554902736 HTTP/1.1" 500 0 "-" "Mozilla/5.0 AppleWebKit/537.36 (KHTML, like Gecko; compatible; ClaudeBot/1.0; +claudebot@anthropic.com)"
144.76.32.241 - - [25/Apr/2026:12:45:16 -0400] "GET /shop/ors/goods/61692195257 HTTP/1.1" 200 33666 "-" "Mozilla/5.0 (compatible; SERankingBacklinksBot/1.0; +https://seranking.com/backlinks-crawler)"
216.73.217.105 - - [25/Apr/2026:12:45:20 -0400] "GET /shop/reynolds/goods/616755571691 HTTP/1.1" 500 0 "-" "Mozilla/5.0 AppleWebKit/537.36 (KHTML, like Gecko; compatible; ClaudeBot/1.0; +claudebot@anthropic.com)"
144.76.32.241 - - [25/Apr/2026:12:45:20 -0400] "GET /shop/spots/goods/616475641 HTTP/1.1" 200 32194 "-" "Mozilla/5.0 (compatible; SERankingBacklinksBot/1.0; +https://seranking.com/backlinks-crawler)"
144.76.32.241 - - [25/Apr/2026:12:45:24 -0400] "GET /shop/ors/goods/61702246196 HTTP/1.1" 200 31799 "-" "Mozilla/5.0 (compatible; SERankingBacklinksBot/1.0; +https://seranking.com/backlinks-crawler)"
216.73.217.105 - - [25/Apr/2026:12:45:25 -0400] "GET /shop/flair/goods/616454293666 HTTP/1.1" 500 0 "-" "Mozilla/5.0 AppleWebKit/537.36 (KHTML, like Gecko; compatible; ClaudeBot/1.0; +claudebot@anthropic.com)"
144.76.32.241 - - [25/Apr/2026:12:45:28 -0400] "GET /shop/spp/goods/61691745524 HTTP/1.1" 200 31506 "-" "Mozilla/5.0 (compatible; SERankingBacklinksBot/1.0; +https://seranking.com/backlinks-crawler)"
216.73.217.105 - - [25/Apr/2026:12:45:30 -0400] "GET /shop/roland/goods/616554798021 HTTP/1.1" 500 0 "-" "Mozilla/5.0 AppleWebKit/537.36 (KHTML, like Gecko; compatible; ClaudeBot/1.0; +claudebot@anthropic.com)"
144.76.32.241 - - [25/Apr/2026:12:45:32 -0400] "GET /shop/ors/goods/61702266183 HTTP/1.1" 200 33067 "-" "Mozilla/5.0 (compatible; SERankingBacklinksBot/1.0; +https://seranking.com/backlinks-crawler)"
216.73.217.105 - - [25/Apr/2026:12:45:35 -0400] "GET /shop/lillian/goods/617053965526 HTTP/1.1" 500 0 "-" "Mozilla/5.0 AppleWebKit/537.36 (KHTML, like Gecko; compatible; ClaudeBot/1.0; +claudebot@anthropic.com)"
144.76.32.241 - - [25/Apr/2026:12:45:36 -0400] "GET /shop/spp/goods/61691925407 HTTP/1.1" 200 32673 "-" "Mozilla/5.0 (compatible; SERankingBacklinksBot/1.0; +https://seranking.com/backlinks-crawler)"
216.73.217.105 - - [25/Apr/2026:12:45:40 -0400] "GET /shop/xx/goods/616953742562 HTTP/1.1" 500 0 "-" "Mozilla/5.0 AppleWebKit/537.36 (KHTML, like Gecko; compatible; ClaudeBot/1.0; +claudebot@anthropic.com)"
144.76.32.241 - - [25/Apr/2026:12:45:40 -0400] "GET /shop/ors/goods/61702346131 HTTP/1.1" 200 31654 "-" "Mozilla/5.0 (compatible; SERankingBacklinksBot/1.0; +https://seranking.com/backlinks-crawler)"
144.76.32.241 - - [25/Apr/2026:12:45:44 -0400] "GET /shop/spp/goods/61691945394 HTTP/1.1" 200 30700 "-" "Mozilla/5.0 (compatible; SERankingBacklinksBot/1.0; +https://seranking.com/backlinks-crawler)"
216.73.217.105 - - [25/Apr/2026:12:45:45 -0400] "GET /shop/surcharge/goods/616958852852 HTTP/1.1" 500 0 "-" "Mozilla/5.0 AppleWebKit/537.36 (KHTML, like Gecko; compatible; ClaudeBot/1.0; +claudebot@anthropic.com)"
144.76.32.241 - - [25/Apr/2026:12:45:49 -0400] "GET /shop/ors/goods/61702446066 HTTP/1.1" 200 30769 "-" "Mozilla/5.0 (compatible; SERankingBacklinksBot/1.0; +https://seranking.com/backlinks-crawler)"
216.73.217.105 - - [25/Apr/2026:12:45:50 -0400] "GET /shop/hbo/goods/616956378926 HTTP/1.1" 500 0 "-" "Mozilla/5.0 AppleWebKit/537.36 (KHTML, like Gecko; compatible; ClaudeBot/1.0; +claudebot@anthropic.com)"
144.76.32.241 - - [25/Apr/2026:12:45:52 -0400] "GET /shop/spp/goods/61691965381 HTTP/1.1" 200 33413 "-" "Mozilla/5.0 (compatible; SERankingBacklinksBot/1.0; +https://seranking.com/backlinks-crawler)"
216.73.217.105 - - [25/Apr/2026:12:45:55 -0400] "GET /shop/ngc/goods/616660544311 HTTP/1.1" 500 0 "-" "Mozilla/5.0 AppleWebKit/537.36 (KHTML, like Gecko; compatible; ClaudeBot/1.0; +claudebot@anthropic.com)"
144.76.32.241 - - [25/Apr/2026:12:45:56 -0400] "GET /shop/ors/goods/61702585975 HTTP/1.1" 200 31109 "-" "Mozilla/5.0 (compatible; SERankingBacklinksBot/1.0; +https://seranking.com/backlinks-crawler)"
216.73.217.105 - - [25/Apr/2026:12:46:00 -0400] "GET /shop/terri/goods/616760850942 HTTP/1.1" 500 0 "-" "Mozilla/5.0 AppleWebKit/537.36 (KHTML, like Gecko; compatible; ClaudeBot/1.0; +claudebot@anthropic.com)"
144.76.32.241 - - [25/Apr/2026:12:46:00 -0400] "GET /shop/spp/goods/61692025342 HTTP/1.1" 200 31092 "-" "Mozilla/5.0 (compatible; SERankingBacklinksBot/1.0; +https://seranking.com/backlinks-crawler)"
216.73.217.105 - - [25/Apr/2026:12:46:05 -0400] "GET /shop/rally/goods/616855961696 HTTP/1.1" 500 0 "-" "Mozilla/5.0 AppleWebKit/537.36 (KHTML, like Gecko; compatible; ClaudeBot/1.0; +claudebot@anthropic.com)"
144.76.32.241 - - [25/Apr/2026:12:46:04 -0400] "GET /shop/ortho/goods/616489038 HTTP/1.1" 200 31872 "-" "Mozilla/5.0 (compatible; SERankingBacklinksBot/1.0; +https://seranking.com/backlinks-crawler)"
144.76.32.241 - - [25/Apr/2026:12:46:08 -0400] "GET /shop/spp/goods/61692045329 HTTP/1.1" 200 33860 "-" "Mozilla/5.0 (compatible; SERankingBacklinksBot/1.0; +https://seranking.com/backlinks-crawler)"
216.73.217.105 - - [25/Apr/2026:12:46:10 -0400] "GET /shop/kerala/goods/616554780852 HTTP/1.1" 500 0 "-" "Mozilla/5.0 AppleWebKit/537.36 (KHTML, like Gecko; compatible; ClaudeBot/1.0; +claudebot@anthropic.com)"
144.76.32.241 - - [25/Apr/2026:12:46:12 -0400] "GET /shop/osama/goods/616465469 HTTP/1.1" 200 32128 "-" "Mozilla/5.0 (compatible; SERankingBacklinksBot/1.0; +https://seranking.com/backlinks-crawler)"
66.249.66.201 - - [25/Apr/2026:12:46:13 -0400] "GET /?shop/remediation/goods/6164253045 HTTP/1.1" 200 26552 "-" "Mozilla/5.0 (Linux; Android 6.0.1; Nexus 5X Build/MMB29P) AppleWebKit/537.36 (KHTML, like Gecko) Chrome/146.0.7680.177 Mobile Safari/537.36 (compatible; Googlebot/2.1; +http://www.google.com/bot.html)"
216.73.217.105 - - [25/Apr/2026:12:46:14 -0400] "GET /robots.txt HTTP/1.1" 200 86 "-" "Mozilla/5.0 AppleWebKit/537.36 (KHTML, like Gecko; compatible; ClaudeBot/1.0; +claudebot@anthropic.com)"
216.73.217.105 - - [25/Apr/2026:12:46:15 -0400] "GET /shop/dresser/goods/616956386764 HTTP/1.1" 500 0 "-" "Mozilla/5.0 AppleWebKit/537.36 (KHTML, like Gecko; compatible; ClaudeBot/1.0; +claudebot@anthropic.com)"
144.76.32.241 - - [25/Apr/2026:12:46:17 -0400] "GET /shop/spp/goods/61692065316 HTTP/1.1" 200 32303 "-" "Mozilla/5.0 (compatible; SERankingBacklinksBot/1.0; +https://seranking.com/backlinks-crawler)"
216.73.217.105 - - [25/Apr/2026:12:46:20 -0400] "GET /shop/blowjobs/goods/616554763764 HTTP/1.1" 500 0 "-" "Mozilla/5.0 AppleWebKit/537.36 (KHTML, like Gecko; compatible; ClaudeBot/1.0; +claudebot@anthropic.com)"
144.76.32.241 - - [25/Apr/2026:12:46:22 -0400] "GET /shop/osama/goods/616485456 HTTP/1.1" 200 31668 "-" "Mozilla/5.0 (compatible; SERankingBacklinksBot/1.0; +https://seranking.com/backlinks-crawler)"
216.73.217.105 - - [25/Apr/2026:12:46:25 -0400] "GET /shop/nightclub/goods/617056489477 HTTP/1.1" 500 0 "-" "Mozilla/5.0 AppleWebKit/537.36 (KHTML, like Gecko; compatible; ClaudeBot/1.0; +claudebot@anthropic.com)"
144.76.32.241 - - [25/Apr/2026:12:46:26 -0400] "GET /shop/spp/goods/61692165251 HTTP/1.1" 200 31214 "-" "Mozilla/5.0 (compatible; SERankingBacklinksBot/1.0; +https://seranking.com/backlinks-crawler)"
216.73.217.105 - - [25/Apr/2026:12:46:30 -0400] "GET /shop/lincolnshire/goods/616953757552 HTTP/1.1" 500 0 "-" "Mozilla/5.0 AppleWebKit/537.36 (KHTML, like Gecko; compatible; ClaudeBot/1.0; +claudebot@anthropic.com)"
144.76.32.241 - - [25/Apr/2026:12:46:30 -0400] "GET /shop/oscar/goods/616429372 HTTP/1.1" 200 31660 "-" "Mozilla/5.0 (compatible; SERankingBacklinksBot/1.0; +https://seranking.com/backlinks-crawler)"
144.76.32.241 - - [25/Apr/2026:12:46:34 -0400] "GET /shop/spp/goods/61692185238 HTTP/1.1" 200 30928 "-" "Mozilla/5.0 (compatible; SERankingBacklinksBot/1.0; +https://seranking.com/backlinks-crawler)"
216.73.217.105 - - [25/Apr/2026:12:46:35 -0400] "GET /shop/mckinney/goods/616953590514 HTTP/1.1" 500 0 "-" "Mozilla/5.0 AppleWebKit/537.36 (KHTML, like Gecko; compatible; ClaudeBot/1.0; +claudebot@anthropic.com)"
144.76.32.241 - - [25/Apr/2026:12:46:38 -0400] "GET /shop/osha/goods/6164215274 HTTP/1.1" 200 31037 "-" "Mozilla/5.0 (compatible; SERankingBacklinksBot/1.0; +https://seranking.com/backlinks-crawler)"
216.73.217.105 - - [25/Apr/2026:12:46:40 -0400] "GET /shop/dresser/goods/617054119211 HTTP/1.1" 500 0 "-" "Mozilla/5.0 AppleWebKit/537.36 (KHTML, like Gecko; compatible; ClaudeBot/1.0; +claudebot@anthropic.com)"
144.76.32.241 - - [25/Apr/2026:12:46:42 -0400] "GET /shop/spp/goods/61692205225 HTTP/1.1" 200 32845 "-" "Mozilla/5.0 (compatible; SERankingBacklinksBot/1.0; +https://seranking.com/backlinks-crawler)"
216.73.217.105 - - [25/Apr/2026:12:46:45 -0400] "GET /shop/turkmenistan/goods/616454337964 HTTP/1.1" 500 0 "-" "Mozilla/5.0 AppleWebKit/537.36 (KHTML, like Gecko; compatible; ClaudeBot/1.0; +claudebot@anthropic.com)"
144.76.32.241 - - [25/Apr/2026:12:46:46 -0400] "GET /shop/osha/goods/6164235261 HTTP/1.1" 200 31834 "-" "Mozilla/5.0 (compatible; SERankingBacklinksBot/1.0; +https://seranking.com/backlinks-crawler)"
216.73.217.105 - - [25/Apr/2026:12:46:50 -0400] "GET /shop/assumes/goods/616956457711 HTTP/1.1" 500 0 "-" "Mozilla/5.0 AppleWebKit/537.36 (KHTML, like Gecko; compatible; ClaudeBot/1.0; +claudebot@anthropic.com)"
144.76.32.241 - - [25/Apr/2026:12:46:51 -0400] "GET /shop/spp/goods/61702376086 HTTP/1.1" 200 31387 "-" "Mozilla/5.0 (compatible; SERankingBacklinksBot/1.0; +https://seranking.com/backlinks-crawler)"
144.76.32.241 - - [25/Apr/2026:12:46:54 -0400] "GET /shop/osha/goods/6165286200 HTTP/1.1" 200 31501 "-" "Mozilla/5.0 (compatible; SERankingBacklinksBot/1.0; +https://seranking.com/backlinks-crawler)"
216.73.217.105 - - [25/Apr/2026:12:46:55 -0400] "GET /shop/sex/goods/616760970497 HTTP/1.1" 500 0 "-" "Mozilla/5.0 AppleWebKit/537.36 (KHTML, like Gecko; compatible; ClaudeBot/1.0; +claudebot@anthropic.com)"
144.76.32.241 - - [25/Apr/2026:12:46:58 -0400] "GET /shop/spp/goods/61702396073 HTTP/1.1" 200 32242 "-" "Mozilla/5.0 (compatible; SERankingBacklinksBot/1.0; +https://seranking.com/backlinks-crawler)"
216.73.217.105 - - [25/Apr/2026:12:47:00 -0400] "GET /shop/resellers/goods/616953641664 HTTP/1.1" 500 0 "-" "Mozilla/5.0 AppleWebKit/537.36 (KHTML, like Gecko; compatible; ClaudeBot/1.0; +claudebot@anthropic.com)"
144.76.32.241 - - [25/Apr/2026:12:47:02 -0400] "GET /shop/osha/goods/6165366148 HTTP/1.1" 200 31378 "-" "Mozilla/5.0 (compatible; SERankingBacklinksBot/1.0; +https://seranking.com/backlinks-crawler)"
216.73.217.105 - - [25/Apr/2026:12:47:05 -0400] "GET /shop/associates/goods/617056666764 HTTP/1.1" 500 0 "-" "Mozilla/5.0 AppleWebKit/537.36 (KHTML, like Gecko; compatible; ClaudeBot/1.0; +claudebot@anthropic.com)"
144.76.32.241 - - [25/Apr/2026:12:47:06 -0400] "GET /shop/spp/goods/61702555969 HTTP/1.1" 200 31074 "-" "Mozilla/5.0 (compatible; SERankingBacklinksBot/1.0; +https://seranking.com/backlinks-crawler)"
216.73.217.105 - - [25/Apr/2026:12:47:10 -0400] "GET /shop/lakewood/goods/616454367901 HTTP/1.1" 500 0 "-" "Mozilla/5.0 AppleWebKit/537.36 (KHTML, like Gecko; compatible; ClaudeBot/1.0; +claudebot@anthropic.com)"
144.76.32.241 - - [25/Apr/2026:12:47:10 -0400] "GET /shop/osha/goods/6165406122 HTTP/1.1" 200 35337 "-" "Mozilla/5.0 (compatible; SERankingBacklinksBot/1.0; +https://seranking.com/backlinks-crawler)"
66.249.66.202 - - [25/Apr/2026:12:47:13 -0400] "GET /?shop/destroying/goods/61691936828 HTTP/1.1" 200 27592 "-" "Mozilla/5.0 (Linux; Android 6.0.1; Nexus 5X Build/MMB29P) AppleWebKit/537.36 (KHTML, like Gecko) Chrome/146.0.7680.177 Mobile Safari/537.36 (compatible; Googlebot/2.1; +http://www.google.com/bot.html)"
144.76.32.241 - - [25/Apr/2026:12:47:14 -0400] "GET /shop/spp/goods/61702575956 HTTP/1.1" 200 33281 "-" "Mozilla/5.0 (compatible; SERankingBacklinksBot/1.0; +https://seranking.com/backlinks-crawler)"
216.73.217.105 - - [25/Apr/2026:12:47:15 -0400] "GET /shop/michigan/goods/616858679214 HTTP/1.1" 500 0 "-" "Mozilla/5.0 AppleWebKit/537.36 (KHTML, like Gecko; compatible; ClaudeBot/1.0; +claudebot@anthropic.com)"
144.76.32.241 - - [25/Apr/2026:12:47:19 -0400] "GET /shop/osha/goods/6165446096 HTTP/1.1" 200 31267 "-" "Mozilla/5.0 (compatible; SERankingBacklinksBot/1.0; +https://seranking.com/backlinks-crawler)"
216.73.217.105 - - [25/Apr/2026:12:47:22 -0400] "GET /shop/estonia/goods/616625337046 HTTP/1.1" 500 0 "-" "Mozilla/5.0 AppleWebKit/537.36 (KHTML, like Gecko; compatible; ClaudeBot/1.0; +claudebot@anthropic.com)"
144.76.32.241 - - [25/Apr/2026:12:47:23 -0400] "GET /shop/spray/goods/616482020 HTTP/1.1" 200 33116 "-" "Mozilla/5.0 (compatible; SERankingBacklinksBot/1.0; +https://seranking.com/backlinks-crawler)"
216.73.217.105 - - [25/Apr/2026:12:47:26 -0400] "GET /shop/demonstrated/goods/61686916551 HTTP/1.1" 500 0 "-" "Mozilla/5.0 AppleWebKit/537.36 (KHTML, like Gecko; compatible; ClaudeBot/1.0; +claudebot@anthropic.com)"
144.76.32.241 - - [25/Apr/2026:12:47:27 -0400] "GET /shop/osha/goods/6165506057 HTTP/1.1" 200 31135 "-" "Mozilla/5.0 (compatible; SERankingBacklinksBot/1.0; +https://seranking.com/backlinks-crawler)"
216.73.217.105 - - [25/Apr/2026:12:47:31 -0400] "GET /shop/amazingly/goods/616725667483 HTTP/1.1" 500 0 "-" "Mozilla/5.0 AppleWebKit/537.36 (KHTML, like Gecko; compatible; ClaudeBot/1.0; +claudebot@anthropic.com)"
144.76.32.241 - - [25/Apr/2026:12:47:31 -0400] "GET /shop/spun/goods/6164279252 HTTP/1.1" 200 31729 "-" "Mozilla/5.0 (compatible; SERankingBacklinksBot/1.0; +https://seranking.com/backlinks-crawler)"
216.73.217.105 - - [25/Apr/2026:12:47:36 -0400] "GET /shop/enrolment/goods/616410932808 HTTP/1.1" 500 0 "-" "Mozilla/5.0 AppleWebKit/537.36 (KHTML, like Gecko; compatible; ClaudeBot/1.0; +claudebot@anthropic.com)"
144.76.32.241 - - [25/Apr/2026:12:47:36 -0400] "GET /shop/osha/goods/6165745901 HTTP/1.1" 200 33282 "-" "Mozilla/5.0 (compatible; SERankingBacklinksBot/1.0; +https://seranking.com/backlinks-crawler)"
66.249.66.200 - - [25/Apr/2026:12:47:39 -0400] "GET /?shop/buckingham/goods/616498140?_gl=1*160lw79*Rakuma_gcl_au*MTA1ODMyNzE4MS4xNzczOTc3NTcy*_gcl_au*MjA0ODkzODUzMi4xNzczOTc3NTc0*_ga*MTc3MjY1ODM3My4xNzczOTc3NTcy*_ga_7KV9PBS698*czE3NzQyNDYxNTQkbzQkZzEkdDE3NzQyNDcwNDEkajU0JGwwJGgw HTTP/1.1" 200 26440 "-" "Mozilla/5.0 (Linux; Android 6.0.1; Nexus 5X Build/MMB29P) AppleWebKit/537.36 (KHTML, like Gecko) Chrome/146.0.7680.177 Mobile Safari/537.36 (compatible; Googlebot/2.1; +http://www.google.com/bot.html)"
144.76.32.241 - - [25/Apr/2026:12:47:40 -0400] "GET /shop/spun/goods/6165290217 HTTP/1.1" 200 31213 "-" "Mozilla/5.0 (compatible; SERankingBacklinksBot/1.0; +https://seranking.com/backlinks-crawler)"
216.73.217.105 - - [25/Apr/2026:12:47:41 -0400] "GET /shop/guitars/goods/616931796688 HTTP/1.1" 500 0 "-" "Mozilla/5.0 AppleWebKit/537.36 (KHTML, like Gecko; compatible; ClaudeBot/1.0; +claudebot@anthropic.com)"
144.76.32.241 - - [25/Apr/2026:12:47:44 -0400] "GET /shop/osha/goods/6166836814 HTTP/1.1" 200 35055 "-" "Mozilla/5.0 (compatible; SERankingBacklinksBot/1.0; +https://seranking.com/backlinks-crawler)"
216.73.217.105 - - [25/Apr/2026:12:47:46 -0400] "GET /shop/surrounds/goods/616812394697 HTTP/1.1" 500 0 "-" "Mozilla/5.0 AppleWebKit/537.36 (KHTML, like Gecko; compatible; ClaudeBot/1.0; +claudebot@anthropic.com)"
144.76.32.241 - - [25/Apr/2026:12:47:48 -0400] "GET /shop/spun/goods/6165350178 HTTP/1.1" 200 31663 "-" "Mozilla/5.0 (compatible; SERankingBacklinksBot/1.0; +https://seranking.com/backlinks-crawler)"
216.73.217.105 - - [25/Apr/2026:12:47:51 -0400] "GET /shop/examiners/goods/61676824625 HTTP/1.1" 500 0 "-" "Mozilla/5.0 AppleWebKit/537.36 (KHTML, like Gecko; compatible; ClaudeBot/1.0; +claudebot@anthropic.com)"
144.76.32.241 - - [25/Apr/2026:12:47:53 -0400] "GET /shop/oslo/goods/6164108648 HTTP/1.1" 200 31238 "-" "Mozilla/5.0 (compatible; SERankingBacklinksBot/1.0; +https://seranking.com/backlinks-crawler)"
216.73.217.105 - - [25/Apr/2026:12:47:56 -0400] "GET /shop/delhi/goods/617029546874 HTTP/1.1" 500 0 "-" "Mozilla/5.0 AppleWebKit/537.36 (KHTML, like Gecko; compatible; ClaudeBot/1.0; +claudebot@anthropic.com)"
144.76.32.241 - - [25/Apr/2026:12:47:57 -0400] "GET /shop/spun/goods/6165669970 HTTP/1.1" 200 31268 "-" "Mozilla/5.0 (compatible; SERankingBacklinksBot/1.0; +https://seranking.com/backlinks-crawler)"
216.73.217.105 - - [25/Apr/2026:12:48:01 -0400] "GET /shop/australians/goods/616511293410 HTTP/1.1" 500 0 "-" "Mozilla/5.0 AppleWebKit/537.36 (KHTML, like Gecko; compatible; ClaudeBot/1.0; +claudebot@anthropic.com)"
144.76.32.241 - - [25/Apr/2026:12:48:01 -0400] "GET /shop/oslo/goods/6164148622 HTTP/1.1" 200 32082 "-" "Mozilla/5.0 (compatible; SERankingBacklinksBot/1.0; +https://seranking.com/backlinks-crawler)"
144.76.32.241 - - [25/Apr/2026:12:48:04 -0400] "GET /shop/spur/goods/6164118792 HTTP/1.1" 200 32395 "-" "Mozilla/5.0 (compatible; SERankingBacklinksBot/1.0; +https://seranking.com/backlinks-crawler)"
216.73.217.105 - - [25/Apr/2026:12:48:06 -0400] "GET /shop/greenwood/goods/61679322532 HTTP/1.1" 500 0 "-" "Mozilla/5.0 AppleWebKit/537.36 (KHTML, like Gecko; compatible; ClaudeBot/1.0; +claudebot@anthropic.com)"
144.76.32.241 - - [25/Apr/2026:12:48:08 -0400] "GET /shop/oslo/goods/6164188596 HTTP/1.1" 200 31471 "-" "Mozilla/5.0 (compatible; SERankingBacklinksBot/1.0; +https://seranking.com/backlinks-crawler)"
216.73.217.105 - - [25/Apr/2026:12:48:11 -0400] "GET /shop/woes/goods/61708118392 HTTP/1.1" 500 0 "-" "Mozilla/5.0 AppleWebKit/537.36 (KHTML, like Gecko; compatible; ClaudeBot/1.0; +claudebot@anthropic.com)"
144.76.32.241 - - [25/Apr/2026:12:48:12 -0400] "GET /shop/spur/goods/6164238714 HTTP/1.1" 200 31129 "-" "Mozilla/5.0 (compatible; SERankingBacklinksBot/1.0; +https://seranking.com/backlinks-crawler)"
66.249.66.201 - - [25/Apr/2026:12:48:14 -0400] "GET /?shop/rom/goods/61702602468 HTTP/1.1" 200 27330 "-" "Mozilla/5.0 (Linux; Android 6.0.1; Nexus 5X Build/MMB29P) AppleWebKit/537.36 (KHTML, like Gecko) Chrome/146.0.7680.177 Mobile Safari/537.36 (compatible; Googlebot/2.1; +http://www.google.com/bot.html)"
144.76.32.241 - - [25/Apr/2026:12:48:16 -0400] "GET /shop/oslo/goods/6164208583 HTTP/1.1" 200 31706 "-" "Mozilla/5.0 (compatible; SERankingBacklinksBot/1.0; +https://seranking.com/backlinks-crawler)"
144.76.32.241 - - [25/Apr/2026:12:48:20 -0400] "GET /shop/spur/goods/6165289653 HTTP/1.1" 200 32940 "-" "Mozilla/5.0 (compatible; SERankingBacklinksBot/1.0; +https://seranking.com/backlinks-crawler)"
144.76.32.241 - - [25/Apr/2026:12:48:24 -0400] "GET /shop/oslo/goods/6164228570 HTTP/1.1" 200 32229 "-" "Mozilla/5.0 (compatible; SERankingBacklinksBot/1.0; +https://seranking.com/backlinks-crawler)"
144.76.32.241 - - [25/Apr/2026:12:48:28 -0400] "GET /shop/spur/goods/6165629432 HTTP/1.1" 200 31627 "-" "Mozilla/5.0 (compatible; SERankingBacklinksBot/1.0; +https://seranking.com/backlinks-crawler)"
144.76.32.241 - - [25/Apr/2026:12:48:32 -0400] "GET /shop/oslo/goods/6165599301 HTTP/1.1" 200 31410 "-" "Mozilla/5.0 (compatible; SERankingBacklinksBot/1.0; +https://seranking.com/backlinks-crawler)"
144.76.32.241 - - [25/Apr/2026:12:48:35 -0400] "GET /shop/spur/goods/6165709380 HTTP/1.1" 200 31360 "-" "Mozilla/5.0 (compatible; SERankingBacklinksBot/1.0; +https://seranking.com/backlinks-crawler)"
144.76.32.241 - - [25/Apr/2026:12:48:39 -0400] "GET /shop/oslo/goods/6165619288 HTTP/1.1" 200 31051 "-" "Mozilla/5.0 (compatible; SERankingBacklinksBot/1.0; +https://seranking.com/backlinks-crawler)"
144.76.32.241 - - [25/Apr/2026:12:48:44 -0400] "GET /shop/spur/goods/6166820280 HTTP/1.1" 200 31293 "-" "Mozilla/5.0 (compatible; SERankingBacklinksBot/1.0; +https://seranking.com/backlinks-crawler)"
144.76.32.241 - - [25/Apr/2026:12:48:48 -0400] "GET /shop/oslo/goods/6165719223 HTTP/1.1" 200 31540 "-" "Mozilla/5.0 (compatible; SERankingBacklinksBot/1.0; +https://seranking.com/backlinks-crawler)"
144.76.32.241 - - [25/Apr/2026:12:48:52 -0400] "GET /shop/spur/goods/6166880241 HTTP/1.1" 200 33464 "-" "Mozilla/5.0 (compatible; SERankingBacklinksBot/1.0; +https://seranking.com/backlinks-crawler)"
144.76.32.241 - - [25/Apr/2026:12:48:56 -0400] "GET /shop/oslo/goods/6166790149 HTTP/1.1" 200 31260 "-" "Mozilla/5.0 (compatible; SERankingBacklinksBot/1.0; +https://seranking.com/backlinks-crawler)"
144.76.32.241 - - [25/Apr/2026:12:49:00 -0400] "GET /shop/spur/goods/6166940202 HTTP/1.1" 200 31611 "-" "Mozilla/5.0 (compatible; SERankingBacklinksBot/1.0; +https://seranking.com/backlinks-crawler)"
144.76.32.241 - - [25/Apr/2026:12:49:05 -0400] "GET /shop/oslo/goods/6166910071 HTTP/1.1" 200 31060 "-" "Mozilla/5.0 (compatible; SERankingBacklinksBot/1.0; +https://seranking.com/backlinks-crawler)"
144.76.32.241 - - [25/Apr/2026:12:49:09 -0400] "GET /shop/spy/goods/61671081849 HTTP/1.1" 200 32103 "-" "Mozilla/5.0 (compatible; SERankingBacklinksBot/1.0; +https://seranking.com/backlinks-crawler)"
144.76.32.241 - - [25/Apr/2026:12:49:13 -0400] "GET /shop/oss/goods/61671083504 HTTP/1.1" 200 31530 "-" "Mozilla/5.0 (compatible; SERankingBacklinksBot/1.0; +https://seranking.com/backlinks-crawler)"
66.249.66.200 - - [25/Apr/2026:12:49:15 -0400] "GET /?shop/debian/goods/61671184033 HTTP/1.1" 200 26607 "-" "Mozilla/5.0 (Linux; Android 6.0.1; Nexus 5X Build/MMB29P) AppleWebKit/537.36 (KHTML, like Gecko) Chrome/146.0.7680.177 Mobile Safari/537.36 (compatible; Googlebot/2.1; +http://www.google.com/bot.html)"
144.76.32.241 - - [25/Apr/2026:12:49:16 -0400] "GET /shop/spy/goods/61671381654 HTTP/1.1" 200 33715 "-" "Mozilla/5.0 (compatible; SERankingBacklinksBot/1.0; +https://seranking.com/backlinks-crawler)"
144.76.32.241 - - [25/Apr/2026:12:49:20 -0400] "GET /shop/oss/goods/61671163452 HTTP/1.1" 200 31337 "-" "Mozilla/5.0 (compatible; SERankingBacklinksBot/1.0; +https://seranking.com/backlinks-crawler)"
144.76.32.241 - - [25/Apr/2026:12:49:24 -0400] "GET /shop/spy/goods/61671401641 HTTP/1.1" 200 31840 "-" "Mozilla/5.0 (compatible; SERankingBacklinksBot/1.0; +https://seranking.com/backlinks-crawler)"
144.76.32.241 - - [25/Apr/2026:12:49:28 -0400] "GET /shop/oss/goods/61671243400 HTTP/1.1" 200 31851 "-" "Mozilla/5.0 (compatible; SERankingBacklinksBot/1.0; +https://seranking.com/backlinks-crawler)"
144.76.32.241 - - [25/Apr/2026:12:49:32 -0400] "GET /shop/spy/goods/61681452580 HTTP/1.1" 200 31471 "-" "Mozilla/5.0 (compatible; SERankingBacklinksBot/1.0; +https://seranking.com/backlinks-crawler)"
144.76.32.241 - - [25/Apr/2026:12:49:36 -0400] "GET /shop/oss/goods/61671383309 HTTP/1.1" 200 31270 "-" "Mozilla/5.0 (compatible; SERankingBacklinksBot/1.0; +https://seranking.com/backlinks-crawler)"
144.76.32.241 - - [25/Apr/2026:12:49:40 -0400] "GET /shop/spy/goods/61681472567 HTTP/1.1" 200 34977 "-" "Mozilla/5.0 (compatible; SERankingBacklinksBot/1.0; +https://seranking.com/backlinks-crawler)"
144.76.32.241 - - [25/Apr/2026:12:49:45 -0400] "GET /shop/oss/goods/61671403296 HTTP/1.1" 200 32200 "-" "Mozilla/5.0 (compatible; SERankingBacklinksBot/1.0; +https://seranking.com/backlinks-crawler)"
144.76.32.241 - - [25/Apr/2026:12:49:48 -0400] "GET /shop/spy/goods/61681492554 HTTP/1.1" 200 33660 "-" "Mozilla/5.0 (compatible; SERankingBacklinksBot/1.0; +https://seranking.com/backlinks-crawler)"
144.76.32.241 - - [25/Apr/2026:12:49:54 -0400] "GET /shop/oss/goods/61681514196 HTTP/1.1" 200 31466 "-" "Mozilla/5.0 (compatible; SERankingBacklinksBot/1.0; +https://seranking.com/backlinks-crawler)"
144.76.32.241 - - [25/Apr/2026:12:49:58 -0400] "GET /shop/spy/goods/61681592489 HTTP/1.1" 200 32995 "-" "Mozilla/5.0 (compatible; SERankingBacklinksBot/1.0; +https://seranking.com/backlinks-crawler)"
144.76.32.241 - - [25/Apr/2026:12:50:02 -0400] "GET /shop/oss/goods/61681534183 HTTP/1.1" 200 33093 "-" "Mozilla/5.0 (compatible; SERankingBacklinksBot/1.0; +https://seranking.com/backlinks-crawler)"
144.76.32.241 - - [25/Apr/2026:12:50:07 -0400] "GET /shop/spy/goods/61681672437 HTTP/1.1" 200 32326 "-" "Mozilla/5.0 (compatible; SERankingBacklinksBot/1.0; +https://seranking.com/backlinks-crawler)"
144.76.32.241 - - [25/Apr/2026:12:50:11 -0400] "GET /shop/oss/goods/61691745018 HTTP/1.1" 200 34389 "-" "Mozilla/5.0 (compatible; SERankingBacklinksBot/1.0; +https://seranking.com/backlinks-crawler)"
144.76.32.241 - - [25/Apr/2026:12:50:15 -0400] "GET /shop/spy/goods/61691723376 HTTP/1.1" 200 32244 "-" "Mozilla/5.0 (compatible; SERankingBacklinksBot/1.0; +https://seranking.com/backlinks-crawler)"
144.76.32.241 - - [25/Apr/2026:12:50:19 -0400] "GET /shop/oss/goods/61691984862 HTTP/1.1" 200 36005 "-" "Mozilla/5.0 (compatible; SERankingBacklinksBot/1.0; +https://seranking.com/backlinks-crawler)"
144.76.32.241 - - [25/Apr/2026:12:50:24 -0400] "GET /shop/spy/goods/61691763350 HTTP/1.1" 200 31002 "-" "Mozilla/5.0 (compatible; SERankingBacklinksBot/1.0; +https://seranking.com/backlinks-crawler)"
144.76.32.241 - - [25/Apr/2026:12:50:28 -0400] "GET /shop/oss/goods/61692124771 HTTP/1.1" 200 33402 "-" "Mozilla/5.0 (compatible; SERankingBacklinksBot/1.0; +https://seranking.com/backlinks-crawler)"
144.76.32.241 - - [25/Apr/2026:12:50:32 -0400] "GET /shop/spy/goods/61691963220 HTTP/1.1" 200 32523 "-" "Mozilla/5.0 (compatible; SERankingBacklinksBot/1.0; +https://seranking.com/backlinks-crawler)"
144.76.32.241 - - [25/Apr/2026:12:50:36 -0400] "GET /shop/oss/goods/61692144758 HTTP/1.1" 200 31598 "-" "Mozilla/5.0 (compatible; SERankingBacklinksBot/1.0; +https://seranking.com/backlinks-crawler)"
144.76.32.241 - - [25/Apr/2026:12:50:40 -0400] "GET /shop/spy/goods/61692003194 HTTP/1.1" 200 31966 "-" "Mozilla/5.0 (compatible; SERankingBacklinksBot/1.0; +https://seranking.com/backlinks-crawler)"
144.76.32.241 - - [25/Apr/2026:12:50:44 -0400] "GET /shop/oss/goods/61692184732 HTTP/1.1" 200 31228 "-" "Mozilla/5.0 (compatible; SERankingBacklinksBot/1.0; +https://seranking.com/backlinks-crawler)"
144.76.32.241 - - [25/Apr/2026:12:50:48 -0400] "GET /shop/spy/goods/61692063155 HTTP/1.1" 200 31308 "-" "Mozilla/5.0 (compatible; SERankingBacklinksBot/1.0; +https://seranking.com/backlinks-crawler)"
144.76.32.241 - - [25/Apr/2026:12:50:53 -0400] "GET /shop/oss/goods/61702255658 HTTP/1.1" 200 32303 "-" "Mozilla/5.0 (compatible; SERankingBacklinksBot/1.0; +https://seranking.com/backlinks-crawler)"
144.76.32.241 - - [25/Apr/2026:12:50:56 -0400] "GET /shop/spy/goods/61692083142 HTTP/1.1" 200 31324 "-" "Mozilla/5.0 (compatible; SERankingBacklinksBot/1.0; +https://seranking.com/backlinks-crawler)"
144.76.32.241 - - [25/Apr/2026:12:51:00 -0400] "GET /shop/oss/goods/61702295632 HTTP/1.1" 200 31784 "-" "Mozilla/5.0 (compatible; SERankingBacklinksBot/1.0; +https://seranking.com/backlinks-crawler)"
144.76.32.241 - - [25/Apr/2026:12:51:05 -0400] "GET /shop/spy/goods/61692163090 HTTP/1.1" 200 31267 "-" "Mozilla/5.0 (compatible; SERankingBacklinksBot/1.0; +https://seranking.com/backlinks-crawler)"
144.76.32.241 - - [25/Apr/2026:12:51:09 -0400] "GET /shop/oss/goods/61702335606 HTTP/1.1" 200 31666 "-" "Mozilla/5.0 (compatible; SERankingBacklinksBot/1.0; +https://seranking.com/backlinks-crawler)"
144.76.32.241 - - [25/Apr/2026:12:51:13 -0400] "GET /shop/spy/goods/61702254003 HTTP/1.1" 200 32564 "-" "Mozilla/5.0 (compatible; SERankingBacklinksBot/1.0; +https://seranking.com/backlinks-crawler)"
144.76.32.241 - - [25/Apr/2026:12:51:17 -0400] "GET /shop/oss/goods/61702375580 HTTP/1.1" 200 32998 "-" "Mozilla/5.0 (compatible; SERankingBacklinksBot/1.0; +https://seranking.com/backlinks-crawler)"
144.76.32.241 - - [25/Apr/2026:12:51:21 -0400] "GET /shop/spy/goods/61702273990 HTTP/1.1" 200 31045 "-" "Mozilla/5.0 (compatible; SERankingBacklinksBot/1.0; +https://seranking.com/backlinks-crawler)"
144.76.32.241 - - [25/Apr/2026:12:51:25 -0400] "GET /shop/oss/goods/61702415554 HTTP/1.1" 200 31399 "-" "Mozilla/5.0 (compatible; SERankingBacklinksBot/1.0; +https://seranking.com/backlinks-crawler)"
144.76.32.241 - - [25/Apr/2026:12:51:29 -0400] "GET /shop/spy/goods/61702313964 HTTP/1.1" 200 32255 "-" "Mozilla/5.0 (compatible; SERankingBacklinksBot/1.0; +https://seranking.com/backlinks-crawler)"
144.76.32.241 - - [25/Apr/2026:12:51:34 -0400] "GET /shop/oss/goods/61702475515 HTTP/1.1" 200 33634 "-" "Mozilla/5.0 (compatible; SERankingBacklinksBot/1.0; +https://seranking.com/backlinks-crawler)"
144.76.32.241 - - [25/Apr/2026:12:51:38 -0400] "GET /shop/spy/goods/61702473860 HTTP/1.1" 200 31508 "-" "Mozilla/5.0 (compatible; SERankingBacklinksBot/1.0; +https://seranking.com/backlinks-crawler)"
144.76.32.241 - - [25/Apr/2026:12:51:42 -0400] "GET /shop/oss/goods/61702495502 HTTP/1.1" 200 31597 "-" "Mozilla/5.0 (compatible; SERankingBacklinksBot/1.0; +https://seranking.com/backlinks-crawler)"
144.76.32.241 - - [25/Apr/2026:12:51:46 -0400] "GET /shop/spy/goods/61702513834 HTTP/1.1" 200 31447 "-" "Mozilla/5.0 (compatible; SERankingBacklinksBot/1.0; +https://seranking.com/backlinks-crawler)"
144.76.32.241 - - [25/Apr/2026:12:51:50 -0400] "GET /shop/oss/goods/61702595437 HTTP/1.1" 200 31145 "-" "Mozilla/5.0 (compatible; SERankingBacklinksBot/1.0; +https://seranking.com/backlinks-crawler)"
144.76.32.241 - - [25/Apr/2026:12:51:54 -0400] "GET /shop/spy/goods/61702633756 HTTP/1.1" 200 32763 "-" "Mozilla/5.0 (compatible; SERankingBacklinksBot/1.0; +https://seranking.com/backlinks-crawler)"
144.76.32.241 - - [25/Apr/2026:12:51:58 -0400] "GET /shop/ostg/goods/6164139432 HTTP/1.1" 200 32210 "-" "Mozilla/5.0 (compatible; SERankingBacklinksBot/1.0; +https://seranking.com/backlinks-crawler)"
144.76.32.241 - - [25/Apr/2026:12:52:02 -0400] "GET /shop/sql/goods/61671057218 HTTP/1.1" 200 32574 "-" "Mozilla/5.0 (compatible; SERankingBacklinksBot/1.0; +https://seranking.com/backlinks-crawler)"
144.76.32.241 - - [25/Apr/2026:12:52:07 -0400] "GET /shop/ostg/goods/6164219380 HTTP/1.1" 200 31052 "-" "Mozilla/5.0 (compatible; SERankingBacklinksBot/1.0; +https://seranking.com/backlinks-crawler)"
144.76.32.241 - - [25/Apr/2026:12:52:11 -0400] "GET /shop/sql/goods/61671117179 HTTP/1.1" 200 31020 "-" "Mozilla/5.0 (compatible; SERankingBacklinksBot/1.0; +https://seranking.com/backlinks-crawler)"
144.76.32.241 - - [25/Apr/2026:12:52:16 -0400] "GET /shop/ostg/goods/6164279341 HTTP/1.1" 200 31504 "-" "Mozilla/5.0 (compatible; SERankingBacklinksBot/1.0; +https://seranking.com/backlinks-crawler)"
66.249.66.202 - - [25/Apr/2026:12:52:16 -0400] "GET /?shop/default/goods/61671178275 HTTP/1.1" 200 26611 "-" "Mozilla/5.0 (Linux; Android 6.0.1; Nexus 5X Build/MMB29P) AppleWebKit/537.36 (KHTML, like Gecko) Chrome/146.0.7680.177 Mobile Safari/537.36 (compatible; Googlebot/2.1; +http://www.google.com/bot.html)"
144.76.32.241 - - [25/Apr/2026:12:52:20 -0400] "GET /shop/sql/goods/61671257088 HTTP/1.1" 200 32796 "-" "Mozilla/5.0 (compatible; SERankingBacklinksBot/1.0; +https://seranking.com/backlinks-crawler)"
144.76.32.241 - - [25/Apr/2026:12:52:24 -0400] "GET /shop/ostg/goods/6165290306 HTTP/1.1" 200 31213 "-" "Mozilla/5.0 (compatible; SERankingBacklinksBot/1.0; +https://seranking.com/backlinks-crawler)"
144.76.32.241 - - [25/Apr/2026:12:52:28 -0400] "GET /shop/sql/goods/61671317049 HTTP/1.1" 200 31872 "-" "Mozilla/5.0 (compatible; SERankingBacklinksBot/1.0; +https://seranking.com/backlinks-crawler)"
144.76.32.241 - - [25/Apr/2026:12:52:31 -0400] "GET /shop/ostg/goods/6165370254 HTTP/1.1" 200 31140 "-" "Mozilla/5.0 (compatible; SERankingBacklinksBot/1.0; +https://seranking.com/backlinks-crawler)"
144.76.32.241 - - [25/Apr/2026:12:52:35 -0400] "GET /shop/sql/goods/61681507897 HTTP/1.1" 200 34645 "-" "Mozilla/5.0 (compatible; SERankingBacklinksBot/1.0; +https://seranking.com/backlinks-crawler)"
144.76.32.241 - - [25/Apr/2026:12:52:39 -0400] "GET /shop/ostg/goods/6165390241 HTTP/1.1" 200 32329 "-" "Mozilla/5.0 (compatible; SERankingBacklinksBot/1.0; +https://seranking.com/backlinks-crawler)"
144.76.32.241 - - [25/Apr/2026:12:52:43 -0400] "GET /shop/sql/goods/61681667793 HTTP/1.1" 200 37679 "-" "Mozilla/5.0 (compatible; SERankingBacklinksBot/1.0; +https://seranking.com/backlinks-crawler)"
144.76.32.241 - - [25/Apr/2026:12:52:48 -0400] "GET /shop/ostg/goods/6165450202 HTTP/1.1" 200 31360 "-" "Mozilla/5.0 (compatible; SERankingBacklinksBot/1.0; +https://seranking.com/backlinks-crawler)"
144.76.32.241 - - [25/Apr/2026:12:52:52 -0400] "GET /shop/sql/goods/61691718732 HTTP/1.1" 200 31445 "-" "Mozilla/5.0 (compatible; SERankingBacklinksBot/1.0; +https://seranking.com/backlinks-crawler)"
144.76.32.241 - - [25/Apr/2026:12:52:56 -0400] "GET /shop/ostg/goods/6165490176 HTTP/1.1" 200 32050 "-" "Mozilla/5.0 (compatible; SERankingBacklinksBot/1.0; +https://seranking.com/backlinks-crawler)"
144.76.32.241 - - [25/Apr/2026:12:53:00 -0400] "GET /shop/sql/goods/61691798680 HTTP/1.1" 200 31996 "-" "Mozilla/5.0 (compatible; SERankingBacklinksBot/1.0; +https://seranking.com/backlinks-crawler)"
144.76.32.241 - - [25/Apr/2026:12:53:04 -0400] "GET /shop/ostg/goods/6165570124 HTTP/1.1" 200 31229 "-" "Mozilla/5.0 (compatible; SERankingBacklinksBot/1.0; +https://seranking.com/backlinks-crawler)"
144.76.32.241 - - [25/Apr/2026:12:53:08 -0400] "GET /shop/sql/goods/61691938589 HTTP/1.1" 200 32157 "-" "Mozilla/5.0 (compatible; SERankingBacklinksBot/1.0; +https://seranking.com/backlinks-crawler)"
144.76.32.241 - - [25/Apr/2026:12:53:12 -0400] "GET /shop/ostg/goods/6165610098 HTTP/1.1" 200 32193 "-" "Mozilla/5.0 (compatible; SERankingBacklinksBot/1.0; +https://seranking.com/backlinks-crawler)"
144.76.32.241 - - [25/Apr/2026:12:53:16 -0400] "GET /shop/sql/goods/61692078498 HTTP/1.1" 200 31673 "-" "Mozilla/5.0 (compatible; SERankingBacklinksBot/1.0; +https://seranking.com/backlinks-crawler)"
144.76.32.241 - - [25/Apr/2026:12:53:20 -0400] "GET /shop/ostg/goods/6165769994 HTTP/1.1" 200 30798 "-" "Mozilla/5.0 (compatible; SERankingBacklinksBot/1.0; +https://seranking.com/backlinks-crawler)"
144.76.32.241 - - [25/Apr/2026:12:53:23 -0400] "GET /shop/sql/goods/61702269346 HTTP/1.1" 200 31355 "-" "Mozilla/5.0 (compatible; SERankingBacklinksBot/1.0; +https://seranking.com/backlinks-crawler)"
144.76.32.241 - - [25/Apr/2026:12:53:29 -0400] "GET /shop/ostg/goods/6166820933 HTTP/1.1" 200 31780 "-" "Mozilla/5.0 (compatible; SERankingBacklinksBot/1.0; +https://seranking.com/backlinks-crawler)"
144.76.32.241 - - [25/Apr/2026:12:53:33 -0400] "GET /shop/sql/goods/61702329307 HTTP/1.1" 200 32493 "-" "Mozilla/5.0 (compatible; SERankingBacklinksBot/1.0; +https://seranking.com/backlinks-crawler)"
144.76.32.241 - - [25/Apr/2026:12:53:37 -0400] "GET /shop/osu/goods/61671232553 HTTP/1.1" 200 31877 "-" "Mozilla/5.0 (compatible; SERankingBacklinksBot/1.0; +https://seranking.com/backlinks-crawler)"
144.76.32.241 - - [25/Apr/2026:12:53:41 -0400] "GET /shop/sql/goods/61702389268 HTTP/1.1" 200 31990 "-" "Mozilla/5.0 (compatible; SERankingBacklinksBot/1.0; +https://seranking.com/backlinks-crawler)"
144.76.32.241 - - [25/Apr/2026:12:53:45 -0400] "GET /shop/osu/goods/61681503349 HTTP/1.1" 200 32506 "-" "Mozilla/5.0 (compatible; SERankingBacklinksBot/1.0; +https://seranking.com/backlinks-crawler)"
144.76.32.241 - - [25/Apr/2026:12:53:49 -0400] "GET /shop/sql/goods/61702429242 HTTP/1.1" 200 30895 "-" "Mozilla/5.0 (compatible; SERankingBacklinksBot/1.0; +https://seranking.com/backlinks-crawler)"
144.76.32.241 - - [25/Apr/2026:12:53:53 -0400] "GET /shop/osu/goods/61681543323 HTTP/1.1" 200 33265 "-" "Mozilla/5.0 (compatible; SERankingBacklinksBot/1.0; +https://seranking.com/backlinks-crawler)"
144.76.32.241 - - [25/Apr/2026:12:53:58 -0400] "GET /shop/sql/goods/61702489203 HTTP/1.1" 200 35560 "-" "Mozilla/5.0 (compatible; SERankingBacklinksBot/1.0; +https://seranking.com/backlinks-crawler)"
144.76.32.241 - - [25/Apr/2026:12:54:02 -0400] "GET /shop/osu/goods/61681583297 HTTP/1.1" 200 33113 "-" "Mozilla/5.0 (compatible; SERankingBacklinksBot/1.0; +https://seranking.com/backlinks-crawler)"
144.76.32.241 - - [25/Apr/2026:12:54:06 -0400] "GET /shop/sql/goods/61702509190 HTTP/1.1" 200 31729 "-" "Mozilla/5.0 (compatible; SERankingBacklinksBot/1.0; +https://seranking.com/backlinks-crawler)"
144.76.32.241 - - [25/Apr/2026:12:54:11 -0400] "GET /shop/osu/goods/61681603284 HTTP/1.1" 200 32900 "-" "Mozilla/5.0 (compatible; SERankingBacklinksBot/1.0; +https://seranking.com/backlinks-crawler)"
144.76.32.241 - - [25/Apr/2026:12:54:15 -0400] "GET /shop/sql/goods/61702549164 HTTP/1.1" 200 32220 "-" "Mozilla/5.0 (compatible; SERankingBacklinksBot/1.0; +https://seranking.com/backlinks-crawler)"
144.76.32.241 - - [25/Apr/2026:12:54:20 -0400] "GET /shop/osu/goods/61681703219 HTTP/1.1" 200 32161 "-" "Mozilla/5.0 (compatible; SERankingBacklinksBot/1.0; +https://seranking.com/backlinks-crawler)"
144.76.32.241 - - [25/Apr/2026:12:54:24 -0400] "GET /shop/sql/goods/61702609125 HTTP/1.1" 200 31045 "-" "Mozilla/5.0 (compatible; SERankingBacklinksBot/1.0; +https://seranking.com/backlinks-crawler)"
144.76.32.241 - - [25/Apr/2026:12:54:28 -0400] "GET /shop/osu/goods/61691994002 HTTP/1.1" 200 31246 "-" "Mozilla/5.0 (compatible; SERankingBacklinksBot/1.0; +https://seranking.com/backlinks-crawler)"
144.76.32.241 - - [25/Apr/2026:12:54:32 -0400] "GET /shop/sqrt/goods/6164182808 HTTP/1.1" 200 32291 "-" "Mozilla/5.0 (compatible; SERankingBacklinksBot/1.0; +https://seranking.com/backlinks-crawler)"
144.76.32.241 - - [25/Apr/2026:12:54:36 -0400] "GET /shop/osu/goods/61692093937 HTTP/1.1" 200 31342 "-" "Mozilla/5.0 (compatible; SERankingBacklinksBot/1.0; +https://seranking.com/backlinks-crawler)"
144.76.32.241 - - [25/Apr/2026:12:54:41 -0400] "GET /shop/sqrt/goods/6165513565 HTTP/1.1" 200 31607 "-" "Mozilla/5.0 (compatible; SERankingBacklinksBot/1.0; +https://seranking.com/backlinks-crawler)"
144.76.32.241 - - [25/Apr/2026:12:54:45 -0400] "GET /shop/osu/goods/61692173885 HTTP/1.1" 200 31597 "-" "Mozilla/5.0 (compatible; SERankingBacklinksBot/1.0; +https://seranking.com/backlinks-crawler)"
144.76.32.241 - - [25/Apr/2026:12:54:49 -0400] "GET /shop/sqrt/goods/6165593513 HTTP/1.1" 200 31215 "-" "Mozilla/5.0 (compatible; SERankingBacklinksBot/1.0; +https://seranking.com/backlinks-crawler)"
144.76.32.241 - - [25/Apr/2026:12:54:53 -0400] "GET /shop/osu/goods/61702344746 HTTP/1.1" 200 31583 "-" "Mozilla/5.0 (compatible; SERankingBacklinksBot/1.0; +https://seranking.com/backlinks-crawler)"
144.76.32.241 - - [25/Apr/2026:12:54:57 -0400] "GET /shop/sqrt/goods/6165673461 HTTP/1.1" 200 32102 "-" "Mozilla/5.0 (compatible; SERankingBacklinksBot/1.0; +https://seranking.com/backlinks-crawler)"
144.76.32.241 - - [25/Apr/2026:12:55:01 -0400] "GET /shop/osu/goods/61702364733 HTTP/1.1" 200 30940 "-" "Mozilla/5.0 (compatible; SERankingBacklinksBot/1.0; +https://seranking.com/backlinks-crawler)"
66.249.66.200 - - [25/Apr/2026:12:55:02 -0400] "GET /?shop/doctrine/goods/6167971063 HTTP/1.1" 200 27168 "-" "Mozilla/5.0 (Linux; Android 6.0.1; Nexus 5X Build/MMB29P) AppleWebKit/537.36 (KHTML, like Gecko) Chrome/146.0.7680.177 Mobile Safari/537.36 (compatible; Googlebot/2.1; +http://www.google.com/bot.html)"
104.210.140.139 - - [25/Apr/2026:12:55:05 -0400] "GET /robots.txt HTTP/1.1" 200 86 "-" "Mozilla/5.0 (Macintosh; Intel Mac OS X 10_15_7) AppleWebKit/537.36 (KHTML, like Gecko) Chrome/131.0.0.0 Safari/537.36; compatible; OAI-SearchBot/1.0; +https://openai.com/searchbot"
144.76.32.241 - - [25/Apr/2026:12:55:06 -0400] "GET /shop/sqrt/goods/6165753409 HTTP/1.1" 200 31873 "-" "Mozilla/5.0 (compatible; SERankingBacklinksBot/1.0; +https://seranking.com/backlinks-crawler)"
144.76.32.241 - - [25/Apr/2026:12:55:10 -0400] "GET /shop/osu/goods/61702424694 HTTP/1.1" 200 31653 "-" "Mozilla/5.0 (compatible; SERankingBacklinksBot/1.0; +https://seranking.com/backlinks-crawler)"
144.76.32.241 - - [25/Apr/2026:12:55:14 -0400] "GET /shop/sqrt/goods/6166904283 HTTP/1.1" 200 31365 "-" "Mozilla/5.0 (compatible; SERankingBacklinksBot/1.0; +https://seranking.com/backlinks-crawler)"
216.73.217.105 - - [25/Apr/2026:12:55:15 -0400] "GET /shop/though/goods/61671258564 HTTP/1.1" 500 0 "-" "Mozilla/5.0 AppleWebKit/537.36 (KHTML, like Gecko; compatible; ClaudeBot/1.0; +claudebot@anthropic.com)"
216.73.217.105 - - [25/Apr/2026:12:55:15 -0400] "GET /shop/requested/goods/61656153916 HTTP/1.1" 500 0 "-" "Mozilla/5.0 AppleWebKit/537.36 (KHTML, like Gecko; compatible; ClaudeBot/1.0; +claudebot@anthropic.com)"
216.73.217.105 - - [25/Apr/2026:12:55:16 -0400] "GET /shop/lowering/goods/61671162739 HTTP/1.1" 500 0 "-" "Mozilla/5.0 AppleWebKit/537.36 (KHTML, like Gecko; compatible; ClaudeBot/1.0; +claudebot@anthropic.com)"
216.73.217.105 - - [25/Apr/2026:12:55:16 -0400] "GET /shop/prop/goods/61691994291 HTTP/1.1" 500 0 "-" "Mozilla/5.0 AppleWebKit/537.36 (KHTML, like Gecko; compatible; ClaudeBot/1.0; +claudebot@anthropic.com)"
216.73.217.105 - - [25/Apr/2026:12:55:17 -0400] "GET /shop/deficit/goods/61697272691 HTTP/1.1" 500 0 "-" "Mozilla/5.0 AppleWebKit/537.36 (KHTML, like Gecko; compatible; ClaudeBot/1.0; +claudebot@anthropic.com)"
216.73.217.105 - - [25/Apr/2026:12:55:17 -0400] "GET /shop/interfaces/goods/61707968213 HTTP/1.1" 500 0 "-" "Mozilla/5.0 AppleWebKit/537.36 (KHTML, like Gecko; compatible; ClaudeBot/1.0; +claudebot@anthropic.com)"
216.73.217.105 - - [25/Apr/2026:12:55:18 -0400] "GET /shop/bridge/goods/61648406404 HTTP/1.1" 500 0 "-" "Mozilla/5.0 AppleWebKit/537.36 (KHTML, like Gecko; compatible; ClaudeBot/1.0; +claudebot@anthropic.com)"
